749
CDUS41 KRNK 220715
CLIROA


CLIMATE REPORT
NATIONAL WEATHER SERVICE BLACKSBURG VA
315 AM EDT FRI MAR 22 2019


...................................

...THE ROANOKE VA CLIMATE SUMMARY FOR MARCH 21 2019...

CLIMATE NORMAL PERIOD 1981 TO 2010
CLIMATE RECORD PERIOD 1912 TO 2019


WEATHER ITEM   OBSERVED TIME   RECORD YEAR NORMAL DEPARTURE LAST
                VALUE   (LST)  VALUE       VALUE  FROM      YEAR
                                                  NORMAL
..................................................................
TEMPERATURE (F)
 YESTERDAY
  MAXIMUM         57    346 PM  88    1921  60     -3       38
  MINIMUM         41    741 AM  14    1965  38      3       29
  AVERAGE         49                        49      0       34

PRECIPITATION (IN)
  YESTERDAY        0.09          1.32 1918   0.11  -0.02     0.25
  MONTH TO DATE    1.73                      2.26  -0.53     2.71
  SINCE MAR 1      1.73                      2.26  -0.53     2.71
  SINCE JAN 1      9.85                      8.07   1.78     8.83

SNOWFALL (IN)
  YESTERDAY        0.0                                       3.5
  MONTH TO DATE    0.1                                       8.6
  SINCE MAR 1      0.1                                       8.6
  SINCE JUL 1     19.6                                      13.7
  SNOW DEPTH       0

DEGREE DAYS
 HEATING
  YESTERDAY       16                        16      0       31
  MONTH TO DATE  448                       406     42      477
  SINCE MAR 1    448                       406     42      477
  SINCE JUL 1   3479                      3611   -132     3477

 COOLING
  YESTERDAY        0                         0      0        0
  MONTH TO DATE    0                         0      0        0
  SINCE MAR 1      0                         0      0        0
  SINCE JAN 1      0                         0      0        4
..................................................................


WIND (MPH)
  HIGHEST WIND SPEED    21   HIGHEST WIND DIRECTION    NW (300)
  HIGHEST GUST SPEED    31   HIGHEST GUST DIRECTION    NW (300)
  AVERAGE WIND SPEED    11.0


SKY COVER
  AVERAGE SKY COVER 0.8


WEATHER CONDITIONS
 THE FOLLOWING WEATHER WAS RECORDED YESTERDAY.
  LIGHT RAIN
  FOG


RELATIVE HUMIDITY (PERCENT)
 HIGHEST    86           600 AM
 LOWEST     39          1200 AM
 AVERAGE    63

..........................................................


THE ROANOKE VA CLIMATE NORMALS FOR TODAY
                         NORMAL    RECORD    YEAR
 MAXIMUM TEMPERATURE (F)   60        84      1938
 MINIMUM TEMPERATURE (F)   38        20      2002


SUNRISE AND SUNSET
MARCH 22 2019.........SUNRISE   721 AM EDT   SUNSET   733 PM EDT
MARCH 23 2019.........SUNRISE   719 AM EDT   SUNSET   734 PM EDT


-  INDICATES NEGATIVE NUMBERS.
R  INDICATES RECORD WAS SET OR TIED.
MM INDICATES DATA IS MISSING.
T  INDICATES TRACE AMOUNT.




$$
