000
CDUS41 KRNK 262155
CLIROA


CLIMATE REPORT
NATIONAL WEATHER SERVICE BLACKSBURG VA
553 PM EDT SAT MAY 26 2018


...................................

...THE ROANOKE VA CLIMATE SUMMARY FOR MAY 26 2018...
VALID TODAY AS OF 0500 PM LOCAL TIME.

CLIMATE NORMAL PERIOD 1981 TO 2010
CLIMATE RECORD PERIOD 1912 TO 2018


WEATHER ITEM   OBSERVED TIME   RECORD YEAR NORMAL DEPARTURE LAST
                VALUE   (LST)  VALUE       VALUE  FROM      YEAR
                                                  NORMAL
..................................................................
TEMPERATURE (F)
 TODAY
  MAXIMUM         78   1150 AM  94    1933  78      0       78
  MINIMUM         69    416 AM  40    1988  56     13       59
                                      1930
  AVERAGE         74                        67      7       69

PRECIPITATION (IN)
  TODAY            0.12          1.34 2007   0.15  -0.03      T
  MONTH TO DATE    8.31                      3.32   4.99     8.11
  SINCE MAR 1     15.72                     10.15   5.57    16.35
  SINCE JAN 1     21.84                     15.96   5.88    20.99

SNOWFALL (IN)
  TODAY            0.0                                       0.0
  MONTH TO DATE    0.0                                        T
  SINCE MAR 1     10.6                                       0.1
  SINCE JUL 1     15.7                                       4.6
  SNOW DEPTH       0

DEGREE DAYS
 HEATING
  TODAY            0                         2     -2        0
  MONTH TO DATE    3                        93    -90       88
  SINCE MAR 1    985                       920     65      745
  SINCE JUL 1   3985                      4125   -140     3209

 COOLING
  TODAY            9                         4      5        4
  MONTH TO DATE  193                        65    128       74
  SINCE MAR 1    201                        94    107      144
  SINCE JAN 1    205                        94    111      144
..................................................................


WIND (MPH)
  HIGHEST WIND SPEED    13   HIGHEST WIND DIRECTION     W (270)
  HIGHEST GUST SPEED    16   HIGHEST GUST DIRECTION     W (260)
  AVERAGE WIND SPEED     3.4


SKY COVER
  AVERAGE SKY COVER 0.6


WEATHER CONDITIONS
 THE FOLLOWING WEATHER WAS RECORDED TODAY.
  RAIN
  LIGHT RAIN
  FOG


RELATIVE HUMIDITY (PERCENT)
 HIGHEST    84           400 PM
 LOWEST     64          1000 AM
 AVERAGE    74

..........................................................


THE ROANOKE VA CLIMATE NORMALS FOR TOMORROW
                         NORMAL    RECORD    YEAR
 MAXIMUM TEMPERATURE (F)   78        95      1941
                                             1937
 MINIMUM TEMPERATURE (F)   57        34      1925


SUNRISE AND SUNSET
MAY 26 2018...........SUNRISE   604 AM EDT   SUNSET   831 PM EDT
MAY 27 2018...........SUNRISE   603 AM EDT   SUNSET   831 PM EDT


-  INDICATES NEGATIVE NUMBERS.
R  INDICATES RECORD WAS SET OR TIED.
MM INDICATES DATA IS MISSING.
T  INDICATES TRACE AMOUNT.

$$

RAB
