000
CDUS41 KRNK 270930
CLIROA

CLIMATE REPORT
NATIONAL WEATHER SERVICE BLACKSBURG VA
529 AM EDT MON MAY 27 2019


...................................

...THE ROANOKE VA CLIMATE SUMMARY FOR MAY 26 2019...

CLIMATE NORMAL PERIOD 1981 TO 2010
CLIMATE RECORD PERIOD 1912 TO 2019


WEATHER ITEM   OBSERVED TIME   RECORD YEAR NORMAL DEPARTURE LAST
                VALUE   (LST)  VALUE       VALUE  FROM      YEAR
                                                  NORMAL
..................................................................
TEMPERATURE (F)
 YESTERDAY
  MAXIMUM         91    416 PM  94    1933  78     13       78
  MINIMUM         68    440 AM  40    1988  56     12       69
                                      1930
  AVERAGE         80                        67     13       74

PRECIPITATION (IN)
  YESTERDAY        0.25          1.34 2007   0.15   0.10     0.12
  MONTH TO DATE    2.26                      3.32  -1.06     8.31
  SINCE MAR 1      8.67                     10.15  -1.48    15.72
  SINCE JAN 1     16.79                     15.96   0.83    21.84

SNOWFALL (IN)
  YESTERDAY        0.0                                       0.0
  MONTH TO DATE    0.0                                       0.0
  SINCE MAR 1      0.1                                      10.6
  SINCE JUL 1     19.6                                      15.7
  SNOW DEPTH       0

DEGREE DAYS
 HEATING
  YESTERDAY        0                         2     -2        0
  MONTH TO DATE   22                        93    -71        3
  SINCE MAR 1    765                       920   -155      985
  SINCE JUL 1   3796                      4125   -329     3985

 COOLING
  YESTERDAY       15                         4     11        9
  MONTH TO DATE  181                        65    116      193
  SINCE MAR 1    215                        94    121      201
  SINCE JAN 1    215                        94    121      205
..................................................................


WIND (MPH)
  HIGHEST WIND SPEED    30   HIGHEST WIND DIRECTION    NW (330)
  HIGHEST GUST SPEED    36   HIGHEST GUST DIRECTION    NW (330)
  AVERAGE WIND SPEED     8.1


SKY COVER
  AVERAGE SKY COVER 0.3


WEATHER CONDITIONS
 THE FOLLOWING WEATHER WAS RECORDED YESTERDAY.
  THUNDERSTORM
  HEAVY RAIN
  RAIN
  LIGHT RAIN


RELATIVE HUMIDITY (PERCENT)
 HIGHEST    90          1200 AM
 LOWEST     34           400 PM
 AVERAGE    62

..........................................................


THE ROANOKE VA CLIMATE NORMALS FOR TODAY
                         NORMAL    RECORD    YEAR
 MAXIMUM TEMPERATURE (F)   78        95      1941
                                             1937
 MINIMUM TEMPERATURE (F)   57        34      1925


SUNRISE AND SUNSET
MAY 27 2019...........SUNRISE   603 AM EDT   SUNSET   831 PM EDT
MAY 28 2019...........SUNRISE   603 AM EDT   SUNSET   832 PM EDT


-  INDICATES NEGATIVE NUMBERS.
R  INDICATES RECORD WAS SET OR TIED.
MM INDICATES DATA IS MISSING.
T  INDICATES TRACE AMOUNT.

$$

RAB
