000
CDUS41 KBUF 230615
CLIROC


CLIMATE REPORT
NATIONAL WEATHER SERVICE BUFFALO NY
211 AM EDT THU MAY 23 2019


...................................

...THE ROCHESTER NY CLIMATE SUMMARY FOR MAY 22 2019...

CLIMATE NORMAL PERIOD 1981 TO 2010
CLIMATE RECORD PERIOD 1871 TO 2019


WEATHER ITEM   OBSERVED TIME   RECORD YEAR NORMAL DEPARTURE LAST
                VALUE   (LST)  VALUE       VALUE  FROM      YEAR
                                                  NORMAL
..................................................................
TEMPERATURE (F)
 YESTERDAY
  MAXIMUM         68    139 PM  92    1911  70     -2       74
  MINIMUM         43    521 AM  34    1990  48     -5       56
                                      1895
  AVERAGE         56                        59     -3       65

PRECIPITATION (IN)
  YESTERDAY        T             1.00 1882   0.10  -0.10     0.56
  MONTH TO DATE    2.14                      2.02   0.12     1.70
  SINCE MAR 1      6.60                      7.25  -0.65     8.22
  SINCE JAN 1     12.07                     11.61   0.46    13.48

SNOWFALL (IN)
  YESTERDAY        0.0           T    2006   0.0    0.0      0.0
  MONTH TO DATE    0.0                       0.4   -0.4      0.0
  SINCE MAR 1     16.1                      20.6   -4.5     34.6
  SINCE JUL 1     97.1                      99.5   -2.4    120.5
  SNOW DEPTH       0

DEGREE DAYS
 HEATING
  YESTERDAY        9                         7      2        0
  MONTH TO DATE  242                       221     21       89
  SINCE MAR 1   1746                      1738      8     1818
  SINCE JUL 1   6366                      6524   -158     6215

 COOLING
  YESTERDAY        0                         1     -1        0
  MONTH TO DATE    3                        13    -10       16
  SINCE MAR 1      3                        17    -14       16
  SINCE JAN 1      3                        17    -14       16
..................................................................


WIND (MPH)
  HIGHEST WIND SPEED    16   HIGHEST WIND DIRECTION     E (110)
  HIGHEST GUST SPEED    20   HIGHEST GUST DIRECTION     E (100)
  AVERAGE WIND SPEED     7.1


SKY COVER
  AVERAGE SKY COVER 0.7


WEATHER CONDITIONS
 THE FOLLOWING WEATHER WAS RECORDED YESTERDAY.
  LIGHT RAIN


RELATIVE HUMIDITY (PERCENT)
 HIGHEST    86           600 AM
 LOWEST     29           200 PM
 AVERAGE    58

..........................................................


THE ROCHESTER NY CLIMATE NORMALS FOR TODAY
                         NORMAL    RECORD    YEAR
 MAXIMUM TEMPERATURE (F)   70        90      1930
                                             1893
 MINIMUM TEMPERATURE (F)   49        31      1967


SUNRISE AND SUNSET
MAY 23 2019...........SUNRISE   540 AM EDT   SUNSET   835 PM EDT
MAY 24 2019...........SUNRISE   539 AM EDT   SUNSET   836 PM EDT


-  INDICATES NEGATIVE NUMBERS.
R  INDICATES RECORD WAS SET OR TIED.
MM INDICATES DATA IS MISSING.
T  INDICATES TRACE AMOUNT.




$$
