000
CDUS45 KABQ 260833
CLIROW


CLIMATE REPORT
NATIONAL WEATHER SERVICE ALBUQUERQUE NM
231 AM MDT SUN MAY 26 2019


...................................

...THE ROSWELL NM CLIMATE SUMMARY FOR MAY 25 2019...

CLIMATE NORMAL PERIOD 1981 TO 2010
CLIMATE RECORD PERIOD 1893 TO 2019


WEATHER ITEM   OBSERVED TIME   RECORD YEAR NORMAL DEPARTURE
                VALUE   (LST)  VALUE       VALUE  FROM
                                                  NORMAL
...............................................................
TEMPERATURE (F)
 YESTERDAY
  MAXIMUM         98    249 PM 102    2006  88     10
  MINIMUM         61    432 AM  45    2010  58      3
                                      1971
  AVERAGE         80                        73      7

PRECIPITATION (IN)
  YESTERDAY        0.00          0.95 1936   0.04  -0.04
  MONTH TO DATE    0.10                      0.99  -0.89
  SINCE MAR 1      1.08                      2.11  -1.03
  SINCE JAN 1      1.11                      2.91  -1.80

SNOWFALL (IN)
  YESTERDAY        0.0
  MONTH TO DATE    0.0
  SINCE MAR 1      0.0
  SINCE JUL 1      5.8

DEGREE DAYS
 HEATING
  YESTERDAY        0                         0      0
  MONTH TO DATE   27                        27      0
  SINCE MAR 1    523                       578    -55
  SINCE JUL 1   3106                      3285   -179

 COOLING
  YESTERDAY       15                         8      7
  MONTH TO DATE  151                       131     20
  SINCE MAR 1    248                       171     77
  SINCE JAN 1    248                       171     77
...............................................................


WIND (MPH)
  HIGHEST WIND SPEED    32   HIGHEST WIND DIRECTION    SW (210)
  HIGHEST GUST SPEED    38   HIGHEST GUST DIRECTION    SW (240)
  AVERAGE WIND SPEED    12.3


SKY COVER
  AVERAGE SKY COVER 0.1


WEATHER CONDITIONS
 THE FOLLOWING WEATHER WAS RECORDED YESTERDAY.
  NO SIGNIFICANT WEATHER WAS OBSERVED.


RELATIVE HUMIDITY (PERCENT)
 HIGHEST    68           800 AM
 LOWEST      8           200 PM
 AVERAGE    38

..........................................................


THE ROSWELL NM CLIMATE NORMALS FOR TODAY
                         NORMAL    RECORD    YEAR
 MAXIMUM TEMPERATURE (F)   89       106      1896
 MINIMUM TEMPERATURE (F)   58        36      1913


SUNRISE AND SUNSET
MAY 26 2019...........SUNRISE   552 AM MDT   SUNSET   759 PM MDT
MAY 27 2019...........SUNRISE   552 AM MDT   SUNSET   759 PM MDT


-  INDICATES NEGATIVE NUMBERS.
R  INDICATES RECORD WAS SET OR TIED.
MM INDICATES DATA IS MISSING.
T  INDICATES TRACE AMOUNT.




$$
