000
CDUS45 KABQ 180829
CLIROW


CLIMATE REPORT
NATIONAL WEATHER SERVICE ALBUQUERQUE NM
227 AM MDT MON MAR 18 2019


...................................

...THE ROSWELL NM CLIMATE SUMMARY FOR MARCH 17 2019...

CLIMATE NORMAL PERIOD 1981 TO 2010
CLIMATE RECORD PERIOD 1893 TO 2019


WEATHER ITEM   OBSERVED TIME   RECORD YEAR NORMAL DEPARTURE
                VALUE   (LST)  VALUE       VALUE  FROM
                                                  NORMAL
...............................................................
TEMPERATURE (F)
 YESTERDAY
  MAXIMUM         62    409 PM  91    1908  69     -7
  MINIMUM         33    619 AM   9    1897  37     -4
  AVERAGE         48                        53     -5

PRECIPITATION (IN)
  YESTERDAY        0.00          1.22 1999   0.01  -0.01
  MONTH TO DATE    0.41                      0.27   0.14
  SINCE MAR 1      0.41                      0.27   0.14
  SINCE JAN 1      0.44                      1.07  -0.63

SNOWFALL (IN)
  YESTERDAY        0.0
  MONTH TO DATE    0.0
  SINCE MAR 1      0.0
  SINCE JUL 1      5.8

DEGREE DAYS
 HEATING
  YESTERDAY       17                        12      5
  MONTH TO DATE  279                       241     38
  SINCE MAR 1    279                       241     38
  SINCE JUL 1   2862                      2948    -86

 COOLING
  YESTERDAY        0                         0      0
  MONTH TO DATE    0                         0      0
  SINCE MAR 1      0                         0      0
  SINCE JAN 1      0                         0      0
...............................................................


WIND (MPH)
  HIGHEST WIND SPEED    16   HIGHEST WIND DIRECTION     S (180)
  HIGHEST GUST SPEED    25   HIGHEST GUST DIRECTION     S (180)
  AVERAGE WIND SPEED     7.0


SKY COVER
  AVERAGE SKY COVER 0.0


WEATHER CONDITIONS
 THE FOLLOWING WEATHER WAS RECORDED YESTERDAY.
  NO SIGNIFICANT WEATHER WAS OBSERVED.


RELATIVE HUMIDITY (PERCENT)
 HIGHEST    82           400 AM
 LOWEST     26           100 PM
 AVERAGE    54

..........................................................


THE ROSWELL NM CLIMATE NORMALS FOR TODAY
                         NORMAL    RECORD    YEAR
 MAXIMUM TEMPERATURE (F)   69        91      1907
 MINIMUM TEMPERATURE (F)   37        17      1923


SUNRISE AND SUNSET
MARCH 18 2019.........SUNRISE   705 AM MDT   SUNSET   708 PM MDT
MARCH 19 2019.........SUNRISE   703 AM MDT   SUNSET   709 PM MDT


-  INDICATES NEGATIVE NUMBERS.
R  INDICATES RECORD WAS SET OR TIED.
MM INDICATES DATA IS MISSING.
T  INDICATES TRACE AMOUNT.




$$
