000
CDUS43 KARX 242135
CLIRST


CLIMATE REPORT
NATIONAL WEATHER SERVICE LA CROSSE WI
435 PM CDT FRI MAY 24 2019


...................................

...THE ROCHESTER MN CLIMATE SUMMARY FOR MAY 24 2019...
VALID TODAY AS OF 0430 PM LOCAL TIME.

CLIMATE NORMAL PERIOD 1981 TO 2010
CLIMATE RECORD PERIOD 1886 TO 2019


WEATHER ITEM   OBSERVED TIME   RECORD YEAR NORMAL DEPARTURE LAST
                VALUE   (LST)  VALUE       VALUE  FROM      YEAR
                                                  NORMAL
..................................................................
TEMPERATURE (F)
 TODAY
  MAXIMUM         69    332 PM  94    2010  71     -2       90
  MINIMUM         50    445 AM  31    1930  50      0       64
  AVERAGE         60                        60      0       77

PRECIPITATION (IN)
  TODAY            0.46          2.33 1945   0.12   0.34     0.00
  MONTH TO DATE    6.02                      2.76   3.26     4.46
  SINCE MAR 1     11.42                      7.88   3.54     8.55
  SINCE JAN 1     15.62                      9.57   6.05    11.05

SNOWFALL (IN)
  TODAY            0.0           0.0  2012   0.0    0.0      0.0
  MONTH TO DATE    0.0                       0.2   -0.2      0.0
  SINCE JUL 1     86.8                      52.1   34.7     60.2
  SNOW DEPTH       0

DEGREE DAYS
 HEATING
  TODAY            5                         6     -1        0
  MONTH TO DATE  324                       211    113      122
  SINCE JUL 1   8485                      7636    849     8059

 COOLING
  TODAY            0                         1     -1       12
  MONTH TO DATE    6                        17    -11       23
  SINCE JAN 1      9                        21    -12       23
..................................................................


WIND (MPH)
  HIGHEST WIND SPEED    29   HIGHEST WIND DIRECTION    SE (130)
  HIGHEST GUST SPEED    37   HIGHEST GUST DIRECTION    SE (120)
  AVERAGE WIND SPEED    15.4


SKY COVER
  POSSIBLE SUNSHINE  MM
  AVERAGE SKY COVER 0.9


WEATHER CONDITIONS
 THE FOLLOWING WEATHER WAS RECORDED TODAY.
  HEAVY RAIN
  RAIN
  LIGHT RAIN
  FOG


RELATIVE HUMIDITY (PERCENT)
 HIGHEST    96           800 AM
 LOWEST     78          1200 PM
 AVERAGE    87

..........................................................


THE ROCHESTER MN CLIMATE NORMALS FOR TOMORROW
                         NORMAL    RECORD    YEAR
 MAXIMUM TEMPERATURE (F)   71        90      2018
 MINIMUM TEMPERATURE (F)   50        29      1934


SUNRISE AND SUNSET
MAY 24 2019...........SUNRISE   536 AM CDT   SUNSET   838 PM CDT
MAY 25 2019...........SUNRISE   535 AM CDT   SUNSET   839 PM CDT


-  INDICATES NEGATIVE NUMBERS.
R  INDICATES RECORD WAS SET OR TIED.
MM INDICATES DATA IS MISSING.
T  INDICATES TRACE AMOUNT.




$$
