000
CDUS46 KSTO 190042
CLISAC

CLIMATE REPORT
NATIONAL WEATHER SERVICE SACRAMENTO, CA
540 PM PDT MON MAR 18 2019


...................................

...THE SACRAMENTO EXEC. AIRPORT CA CLIMATE SUMMARY FOR MARCH 18 2019...
VALID TODAY AS OF 0500 PM LOCAL TIME.

CLIMATE NORMAL PERIOD 1981 TO 2010
CLIMATE RECORD PERIOD 1930 TO 2019


WEATHER ITEM   OBSERVED TIME   RECORD YEAR NORMAL DEPARTURE LAST
                VALUE   (LST)  VALUE       VALUE  FROM      YEAR
                                                  NORMAL
..................................................................
TEMPERATURE (F)
 TODAY
  MAXIMUM         75    332 PM  82    2004  65     10       58
  MINIMUM         43    628 AM  32    1980  44     -1       34
  AVERAGE         59

PRECIPITATION (IN)
  TODAY            0.00          0.95 1981   0.08  -0.08     0.00
  MONTH TO DATE    1.59                      1.83  -0.24     3.46
  SINCE OCT 1     18.14                     15.22   2.92    11.68
  SINCE JAN 1     13.26                      8.94   4.32     9.26

SNOWFALL (IN)
  TODAY            0.0          MM      MM   0.0             0.0
  MONTH TO DATE    0.0                       0.0             0.0
  SINCE MAR 1      0.0                       0.0             0.0
  SINCE JUL 1      0.0                       0.0             0.0

DEGREE DAYS
 HEATING
  TODAY            6

 COOLING
  TODAY            0
..................................................................


WIND (MPH)
  RESULTANT WIND SPEED   2   RESULTANT WIND DIRECTION  NW (320)
  HIGHEST WIND SPEED    10   HIGHEST WIND DIRECTION     W (280)
  HIGHEST GUST SPEED    12   HIGHEST GUST DIRECTION     W (280)


SKY COVER
  POSSIBLE SUNSHINE  MM
  AVERAGE SKY COVER 0.0


WEATHER CONDITIONS
 THE FOLLOWING WEATHER WAS RECORDED TODAY.
  NO SIGNIFICANT WEATHER WAS OBSERVED.


RELATIVE HUMIDITY (PERCENT)
 HIGHEST    93
 LOWEST     38
 AVERAGE    66

..........................................................


THE SACRAMENTO EXEC. AIRPORT CA CLIMATE NORMALS FOR TOMORROW
                         NORMAL    RECORD    YEAR
 MAXIMUM TEMPERATURE (F)   65        81      2015
 MINIMUM TEMPERATURE (F)   44        32      1987


SUNRISE AND SUNSET
MARCH 18 2019.........SUNRISE   713 AM PDT   SUNSET   716 PM PDT
MARCH 19 2019.........SUNRISE   711 AM PDT   SUNSET   717 PM PDT


-  INDICATES NEGATIVE NUMBERS.
R  INDICATES RECORD WAS SET OR TIED.
MM INDICATES DATA IS MISSING.
T  INDICATES TRACE AMOUNT.

&&
....................................................................

SACRAMENTO CITY CLIMATE DATA FOR MONDAY MARCH 18 2019

HIGH...   80  RECORD HIGH    84 IN 2004    NORMAL    HIGH   67
LOW....   46  RECORD LOW     34 IN 1945    NORMAL    LOW    47

RAIN SINCE MIDNIGHT....  0.00   RECORD THIS DATE....... 1.74 IN 1907
TOTAL THIS MONTH.......  1.35   NORMAL SINCE OCT 1ST.........  16.64
TOTAL SINCE OCT 1ST...  20.25   PERCENT OF NORMAL.............  122%


$$
NNNN
