000
CDUS46 KSTO 260846
CLISAC

CLIMATE REPORT
NATIONAL WEATHER SERVICE SACRAMENTO, CA
145 AM PDT SUN MAY 26 2019


...................................

...THE SACRAMENTO EXEC. AIRPORT CA CLIMATE SUMMARY FOR MAY 25 2019...

CLIMATE NORMAL PERIOD 1981 TO 2010
CLIMATE RECORD PERIOD 1930 TO 2019


WEATHER ITEM   OBSERVED TIME   RECORD YEAR NORMAL DEPARTURE LAST
                VALUE   (LST)  VALUE       VALUE  FROM      YEAR
                                                  NORMAL
..................................................................
TEMPERATURE (F)
 YESTERDAY
  MAXIMUM         72    515 PM 100    1951  82    -10       66
  MINIMUM         54    636 AM  43    1980  53      1       53
  AVERAGE         63

PRECIPITATION (IN)
  YESTERDAY        0.00          0.20 2010   0.02  -0.02     0.18
  MONTH TO DATE    3.07                      0.58   2.49     0.60
  SINCE OCT 1     24.15                     17.87   6.28    15.96
  SINCE JAN 1     19.27                     11.59   7.68    13.54

SNOWFALL (IN)
  YESTERDAY        0.0          MM      MM   0.0             0.0
  MONTH TO DATE    0.0                       0.0             0.0
  SINCE MAR 1      0.0                       0.0             0.0
  SINCE JUL 1      0.0                       0.0             0.0

DEGREE DAYS
 HEATING
  YESTERDAY        2

 COOLING
  YESTERDAY        0
..................................................................


WIND (MPH)
  RESULTANT WIND SPEED   9   RESULTANT WIND DIRECTION  SW (210)
  HIGHEST WIND SPEED    16   HIGHEST WIND DIRECTION    SW (210)
  HIGHEST GUST SPEED    22   HIGHEST GUST DIRECTION     S (200)


SKY COVER
  POSSIBLE SUNSHINE  MM
  AVERAGE SKY COVER 0.6


WEATHER CONDITIONS
 THE FOLLOWING WEATHER WAS RECORDED YESTERDAY.
  FOG
  HAZE


RELATIVE HUMIDITY (PERCENT)
 HIGHEST    93
 LOWEST     53
 AVERAGE    73

..........................................................


THE SACRAMENTO EXEC. AIRPORT CA CLIMATE NORMALS FOR TODAY
                         NORMAL    RECORD    YEAR
 MAXIMUM TEMPERATURE (F)   82       101      1976
 MINIMUM TEMPERATURE (F)   53        41      1953


SUNRISE AND SUNSET
MAY 26 2019...........SUNRISE   547 AM PDT   SUNSET   820 PM PDT
MAY 27 2019...........SUNRISE   546 AM PDT   SUNSET   821 PM PDT


-  INDICATES NEGATIVE NUMBERS.
R  INDICATES RECORD WAS SET OR TIED.
MM INDICATES DATA IS MISSING.
T  INDICATES TRACE AMOUNT.

&&
....................................................................

SACRAMENTO CITY CLIMATE DATA FOR SATURDAY MAY 25 2019

HIGH...   75  RECORD HIGH   100 IN 1951    NORMAL    HIGH   83
LOW....   54  RECORD LOW     43 IN 1899    NORMAL    LOW    55

RAIN SINCE MIDNIGHT....  0.00   RECORD THIS DATE....... 0.77 IN 1906
TOTAL THIS MONTH.......  3.35   NORMAL SINCE OCT 1ST.........  19.59
TOTAL SINCE OCT 1ST.... 26.04   PERCENT OF NORMAL.............  133%

$$
