000
CDUS46 KSGX 261218
CLISAN


CLIMATE REPORT
NATIONAL WEATHER SERVICE SAN DIEGO, CA
518 AM PDT SUN MAY 26 2019


...................................

...THE SAN DIEGO INTL AIRPORT CA CLIMATE SUMMARY FOR MAY 25 2019...

CLIMATE NORMAL PERIOD 1981 TO 2010
CLIMATE RECORD PERIOD 1874 TO 2019


WEATHER ITEM   OBSERVED TIME   RECORD YEAR NORMAL DEPARTURE LAST
                VALUE   (LST)  VALUE       VALUE  FROM      YEAR
                                                  NORMAL
..................................................................
TEMPERATURE (F)
 YESTERDAY
  MAXIMUM         68    354 PM  98    1896  69     -1       70
  MINIMUM         58    452 AM  49    1879  60     -2       61
  AVERAGE         63                        64     -1       66

PRECIPITATION (IN)
  YESTERDAY        0.00          0.19 1931   0.00   0.00     0.00
  MONTH TO DATE    0.72                      0.10   0.62     0.12
  SINCE OCT 1     12.73                     10.05   2.68     3.32
  SINCE JAN 1      8.33                      6.94   1.39     3.23

DEGREE DAYS
 HEATING
  YESTERDAY        2                         1      1        0
  MONTH TO DATE   26                        51    -25       44
  SINCE MAR 1    195                       342   -147      225
  SINCE JUL 1    807                      1200   -393      676

 COOLING
  YESTERDAY        0                         1     -1        1
  MONTH TO DATE    9                        25    -16       10
  SINCE MAR 1     31                        44    -13       34
  SINCE JAN 1     31                        49    -18       51
..................................................................


WIND (MPH)
  RESULTANT WIND SPEED   3   RESULTANT WIND DIRECTION   W (270)
  HIGHEST WIND SPEED    14   HIGHEST WIND DIRECTION     W (260)
  HIGHEST GUST SPEED    18   HIGHEST GUST DIRECTION     W (280)
  AVERAGE WIND SPEED     5.2


SKY COVER
  POSSIBLE SUNSHINE  MM
  AVERAGE SKY COVER 0.6


WEATHER CONDITIONS
 THE FOLLOWING WEATHER WAS RECORDED YESTERDAY.
  NO SIGNIFICANT WEATHER WAS OBSERVED.


RELATIVE HUMIDITY (PERCENT)
 HIGHEST    80           500 AM
 LOWEST     48           300 PM
 AVERAGE    64

..........................................................


THE SAN DIEGO INTL AIRPORT CA CLIMATE NORMALS FOR TODAY
                         NORMAL    RECORD    YEAR
 MAXIMUM TEMPERATURE (F)   69        87      1896
 MINIMUM TEMPERATURE (F)   60        50      1916
                                             1911


SUNRISE AND SUNSET
MAY 26 2019...........SUNRISE   544 AM PDT   SUNSET   748 PM PDT
MAY 27 2019...........SUNRISE   543 AM PDT   SUNSET   749 PM PDT


-  INDICATES NEGATIVE NUMBERS.
R  INDICATES RECORD WAS SET OR TIED.
MM INDICATES DATA IS MISSING.
T  INDICATES TRACE AMOUNT.




$$
