000
CDUS46 KSGX 240021
CLISAN


CLIMATE REPORT
NATIONAL WEATHER SERVICE SAN DIEGO, CA
520 PM PDT SAT MAR 23 2019


...................................

...THE SAN DIEGO INTL AIRPORT CA CLIMATE SUMMARY FOR MARCH 23 2019...
VALID TODAY AS OF 0500 PM LOCAL TIME.

CLIMATE NORMAL PERIOD 1981 TO 2010
CLIMATE RECORD PERIOD 1874 TO 2019


WEATHER ITEM   OBSERVED TIME   RECORD YEAR NORMAL DEPARTURE LAST
                VALUE   (LST)  VALUE       VALUE  FROM      YEAR
                                                  NORMAL
..................................................................
TEMPERATURE (F)
 TODAY
  MAXIMUM         66    219 PM  88    1926  66      0       66
  MINIMUM         53    609 AM  40    1898  54     -1       59
                                      1897
  AVERAGE         60                        60      0       63

PRECIPITATION (IN)
  TODAY            0.00          0.81 1904   0.05  -0.05      T
  MONTH TO DATE    1.23                      1.45  -0.22     0.95
  SINCE OCT 1     11.85                      8.81   3.04     3.18
  SINCE JAN 1      7.45                      5.70   1.75     3.09

DEGREE DAYS
 HEATING
  TODAY            5                         5      0        2
  MONTH TO DATE  114                       138    -24       92
  SINCE MAR 1    114                       138    -24       92
  SINCE JUL 1    726                       996   -270      543

 COOLING
  TODAY            0                         0      0        0
  MONTH TO DATE    0                         0      0        1
  SINCE MAR 1      0                         0      0        1
  SINCE JAN 1      0                         5     -5       18
..................................................................


WIND (MPH)
  RESULTANT WIND SPEED   4   RESULTANT WIND DIRECTION   W (290)
  HIGHEST WIND SPEED    16   HIGHEST WIND DIRECTION     W (290)
  HIGHEST GUST SPEED    21   HIGHEST GUST DIRECTION     W (290)
  AVERAGE WIND SPEED     5.3


SKY COVER
  POSSIBLE SUNSHINE  MM
  AVERAGE SKY COVER 0.6


WEATHER CONDITIONS
 THE FOLLOWING WEATHER WAS RECORDED TODAY.
  NO SIGNIFICANT WEATHER WAS OBSERVED.


RELATIVE HUMIDITY (PERCENT)
 HIGHEST    83           400 AM
 LOWEST     52          1100 AM
 AVERAGE    68

..........................................................


THE SAN DIEGO INTL AIRPORT CA CLIMATE NORMALS FOR TOMORROW
                         NORMAL    RECORD    YEAR
 MAXIMUM TEMPERATURE (F)   66        85      1896
 MINIMUM TEMPERATURE (F)   54        43      1929
                                             1898
                                             1884


SUNRISE AND SUNSET
MARCH 23 2019.........SUNRISE   649 AM PDT   SUNSET   702 PM PDT
MARCH 24 2019.........SUNRISE   647 AM PDT   SUNSET   703 PM PDT


-  INDICATES NEGATIVE NUMBERS.
R  INDICATES RECORD WAS SET OR TIED.
MM INDICATES DATA IS MISSING.
T  INDICATES TRACE AMOUNT.




$$
