000
CDUS44 KEWX 210720
CLISAT


CLIMATE REPORT
NATIONAL WEATHER SERVICE AUSTIN/SAN ANTONIO, TX
219 AM CDT THU MAR 21 2019


...................................

...THE SAN ANTONIO CLIMATE SUMMARY FOR MARCH 20 2019...

CLIMATE NORMAL PERIOD 1981 TO 2010
CLIMATE RECORD PERIOD 1886 TO 2019


WEATHER ITEM   OBSERVED TIME   RECORD YEAR NORMAL DEPARTURE LAST
                VALUE   (LST)  VALUE       VALUE  FROM      YEAR
                                                  NORMAL
..................................................................
TEMPERATURE (F)
 YESTERDAY
  MAXIMUM         75    431 PM  93    1976  75      0       77
  MINIMUM         55    412 AM  26    1965  52      3       52
  AVERAGE         65                        63      2       65

PRECIPITATION (IN)
  YESTERDAY        0.26          1.45 2012   0.07   0.19     0.00
  MONTH TO DATE    0.45                      1.50  -1.05     0.33
  SINCE MAR 1      0.45                      1.50  -1.05     0.33
  SINCE JAN 1      2.55                      5.05  -2.50     2.52

SNOWFALL (IN)
  YESTERDAY        0.0
  MONTH TO DATE    0.0
  SINCE MAR 1      0.0
  SINCE JUL 1      T
  SNOW DEPTH       0

DEGREE DAYS
 HEATING
  YESTERDAY        0                         4     -4        0
  MONTH TO DATE  178                       116     62       46
  SINCE MAR 1    178                       116     62       46
  SINCE JUL 1   1477                      1417     60     1262

 COOLING
  YESTERDAY        0                         2     -2        0
  MONTH TO DATE   35                        35      0       66
  SINCE MAR 1     35                        35      0       66
  SINCE JAN 1     62                        61      1      112
..................................................................


WIND (MPH)
  HIGHEST WIND SPEED    14   HIGHEST WIND DIRECTION    NW (310)
  HIGHEST GUST SPEED    17   HIGHEST GUST DIRECTION    NW (320)
  AVERAGE WIND SPEED     5.2


SKY COVER
  AVERAGE SKY COVER 0.8


WEATHER CONDITIONS
 THE FOLLOWING WEATHER WAS RECORDED YESTERDAY.
  HEAVY RAIN
  LIGHT RAIN
  FOG
  HAZE


RELATIVE HUMIDITY (PERCENT)
 HIGHEST    90          1100 PM
 LOWEST     46           300 PM
 AVERAGE    68

..........................................................


THE SAN ANTONIO CLIMATE NORMALS FOR TODAY
                         NORMAL    RECORD    YEAR
 MAXIMUM TEMPERATURE (F)   75        94      1904
 MINIMUM TEMPERATURE (F)   52        28      1965


SUNRISE AND SUNSET
MARCH 21 2019.........SUNRISE   737 AM CDT   SUNSET   746 PM CDT
MARCH 22 2019.........SUNRISE   736 AM CDT   SUNSET   746 PM CDT


-  INDICATES NEGATIVE NUMBERS.
R  INDICATES RECORD WAS SET OR TIED.
MM INDICATES DATA IS MISSING.
T  INDICATES TRACE AMOUNT.




$$
