000
CDUS42 KCHS 270606
CLISAV


CLIMATE REPORT
NATIONAL WEATHER SERVICE CHARLESTON SC
206 AM EDT MON MAY 27 2019


...................................

...THE SAVANNAH GA CLIMATE SUMMARY FOR MAY 26 2019...

CLIMATE NORMAL PERIOD 1981 TO 2010
CLIMATE RECORD PERIOD 1871 TO 2019


WEATHER ITEM   OBSERVED TIME   RECORD YEAR NORMAL DEPARTURE LAST
                VALUE   (LST)  VALUE       VALUE  FROM      YEAR
                                                  NORMAL
..................................................................
TEMPERATURE (F)
 YESTERDAY
  MAXIMUM        102R   409 PM 100    1953  87     15       85
  MINIMUM         74    559 AM  49    1979  65      9       72
  AVERAGE         88                        76     12       79

PRECIPITATION (IN)
  YESTERDAY        0.00          1.21 1968   0.12  -0.12     0.10
  MONTH TO DATE    2.81                      2.35   0.46     3.71
  SINCE MAR 1      7.00                      9.15  -2.15     9.26
  SINCE JAN 1     10.44                     15.63  -5.19    12.09

DEGREE DAYS
 HEATING
  YESTERDAY        0                         0      0        0
  MONTH TO DATE    0                         6     -6        0
  SINCE MAR 1    225                       292    -67      332
  SINCE JUL 1   1366                      1809   -443     1607

 COOLING
  YESTERDAY       23                        11     12       14
  MONTH TO DATE  339                       209    130      285
  SINCE MAR 1    523                       335    188      390
  SINCE JAN 1    565                       345    220      472
..................................................................


WIND (MPH)
  HIGHEST WIND SPEED    15   HIGHEST WIND DIRECTION     S (160)
  HIGHEST GUST SPEED    18   HIGHEST GUST DIRECTION    SE (130)
  AVERAGE WIND SPEED     6.4


SKY COVER
  POSSIBLE SUNSHINE  MM
  AVERAGE SKY COVER 0.2


WEATHER CONDITIONS
 THE FOLLOWING WEATHER WAS RECORDED YESTERDAY.
  NO SIGNIFICANT WEATHER WAS OBSERVED.


RELATIVE HUMIDITY (PERCENT)
 HIGHEST    79          1200 AM
 LOWEST     31           300 PM
 AVERAGE    55

..........................................................


THE SAVANNAH GA CLIMATE NORMALS FOR TODAY
                         NORMAL    RECORD    YEAR
 MAXIMUM TEMPERATURE (F)   87        98      1989
                                             1962
 MINIMUM TEMPERATURE (F)   66        53      1961


SUNRISE AND SUNSET
MAY 27 2019...........SUNRISE   621 AM EDT   SUNSET   823 PM EDT
MAY 28 2019...........SUNRISE   621 AM EDT   SUNSET   824 PM EDT


-  INDICATES NEGATIVE NUMBERS.
R  INDICATES RECORD WAS SET OR TIED.
MM INDICATES DATA IS MISSING.
T  INDICATES TRACE AMOUNT.




$$
