000
CDUS42 KCHS 222117
CLISAV


CLIMATE REPORT
NATIONAL WEATHER SERVICE CHARLESTON SC
517 PM EDT FRI MAR 22 2019


...................................

...THE SAVANNAH GA CLIMATE SUMMARY FOR MARCH 22 2019...
VALID TODAY AS OF 0500 PM LOCAL TIME.

CLIMATE NORMAL PERIOD 1981 TO 2010
CLIMATE RECORD PERIOD 1871 TO 2019


WEATHER ITEM   OBSERVED TIME   RECORD YEAR NORMAL DEPARTURE LAST
                VALUE   (LST)  VALUE       VALUE  FROM      YEAR
                                                  NORMAL
..................................................................
TEMPERATURE (F)
 TODAY
  MAXIMUM         71    359 PM  93    1907  72     -1       65
  MINIMUM         46    707 AM  29    1965  49     -3       37
                                      1958
  AVERAGE         59                        61     -2       51

PRECIPITATION (IN)
  TODAY            0.00          1.33 2005   0.11  -0.11     0.00
  MONTH TO DATE    1.64                      2.63  -0.99     0.90
  SINCE MAR 1      1.64                      2.63  -0.99     0.90
  SINCE JAN 1      5.08                      9.11  -4.03     3.73

SNOWFALL (IN)
  TODAY            0.0                       0.0    0.0
  SINCE MAR 1      0.0                       0.0    0.0
  SINCE JUL 1      0.0                       0.3   -0.3

DEGREE DAYS
 HEATING
  TODAY            6                         6      0       14
  MONTH TO DATE  136                       167    -31      196
  SINCE MAR 1    136                       167    -31      196
  SINCE JUL 1   1277                      1684   -407     1471

 COOLING
  TODAY            0                         1     -1        0
  MONTH TO DATE   35                        22     13       27
  SINCE MAR 1     35                        22     13       27
  SINCE JAN 1     77                        32     45      109
..................................................................


WIND (MPH)
  HIGHEST WIND SPEED    22   HIGHEST WIND DIRECTION     W (260)
  HIGHEST GUST SPEED    26   HIGHEST GUST DIRECTION    NW (300)
  AVERAGE WIND SPEED    11.6


SKY COVER
  POSSIBLE SUNSHINE  MM
  AVERAGE SKY COVER 0.0


WEATHER CONDITIONS
 THE FOLLOWING WEATHER WAS RECORDED TODAY.
  NO SIGNIFICANT WEATHER WAS OBSERVED.


RELATIVE HUMIDITY (PERCENT)
 HIGHEST    66           600 AM
 LOWEST     22           400 PM
 AVERAGE    44

..........................................................


THE SAVANNAH GA CLIMATE NORMALS FOR TOMORROW
                         NORMAL    RECORD    YEAR
 MAXIMUM TEMPERATURE (F)   73        94      1907
 MINIMUM TEMPERATURE (F)   49        30      1986


SUNRISE AND SUNSET
MARCH 22 2019.........SUNRISE   726 AM EDT   SUNSET   738 PM EDT
MARCH 23 2019.........SUNRISE   725 AM EDT   SUNSET   738 PM EDT


-  INDICATES NEGATIVE NUMBERS.
R  INDICATES RECORD WAS SET OR TIED.
MM INDICATES DATA IS MISSING.
T  INDICATES TRACE AMOUNT.




$$
