000
CDUS46 KLOX 230901
CLISBA


CLIMATE REPORT
NATIONAL WEATHER SERVICE LOS ANGELES/OXNARD CA
201 AM PDT THU MAY 23 2019


...................................

...THE SANTA BARBARA AIRPORT CA CLIMATE SUMMARY FOR MAY 22 2019...

CLIMATE NORMAL PERIOD 1981 TO 2010
CLIMATE RECORD PERIOD 1940 TO 2019


WEATHER ITEM   OBSERVED TIME   RECORD YEAR NORMAL DEPARTURE LAST
                VALUE   (LST)  VALUE       VALUE  FROM      YEAR
                                                  NORMAL
..................................................................
TEMPERATURE (F)
 YESTERDAY
  MAXIMUM         74    404 PM  84    2002  69      5       68
  MINIMUM         54    442 AM  42    1961  52      2       50
  AVERAGE         64                        60      4       59

PRECIPITATION (IN)
  YESTERDAY        T             0.41 1958   0.01  -0.01     0.00
  MONTH TO DATE    1.88                      0.28   1.60      T
  SINCE OCT 1     21.92                     17.22   4.70     8.30
  SINCE JAN 1     18.37                     11.92   6.45     8.23

SNOWFALL (IN)
  YESTERDAY        0.0
  MONTH TO DATE    0.0
  SINCE MAR 1      0.0
  SINCE JUL 1      0.0

DEGREE DAYS
 HEATING
  YESTERDAY        1                         5     -4        6
  MONTH TO DATE  114                       119     -5      125
  SINCE MAR 1    561                       643    -82      610
  SINCE JUL 1   1900                      2244   -344     1861

 COOLING
  YESTERDAY        0                         0      0        0
  MONTH TO DATE    0                         0      0        0
  SINCE MAR 1     11                         7      4       10
  SINCE JAN 1     11                         7      4       10
..................................................................


WIND (MPH)
  HIGHEST WIND SPEED    26   HIGHEST WIND DIRECTION    NW (320)
  HIGHEST GUST SPEED    36   HIGHEST GUST DIRECTION    NW (310)
  AVERAGE WIND SPEED    13.0


SKY COVER
  POSSIBLE SUNSHINE  MM
  AVERAGE SKY COVER 0.2


WEATHER CONDITIONS
 THE FOLLOWING WEATHER WAS RECORDED YESTERDAY.
  HAZE


RELATIVE HUMIDITY (PERCENT)
 HIGHEST    67           700 PM
 LOWEST     33           400 PM
 AVERAGE    50

..........................................................


THE SANTA BARBARA AIRPORT CA CLIMATE NORMALS FOR TODAY
                         NORMAL    RECORD    YEAR
 MAXIMUM TEMPERATURE (F)   69        86      2012
 MINIMUM TEMPERATURE (F)   52        39      1960


SUNRISE AND SUNSET
MAY 23 2019...........SUNRISE   552 AM PDT   SUNSET   801 PM PDT
MAY 24 2019...........SUNRISE   551 AM PDT   SUNSET   801 PM PDT


-  INDICATES NEGATIVE NUMBERS.
R  INDICATES RECORD WAS SET OR TIED.
MM INDICATES DATA IS MISSING.
T  INDICATES TRACE AMOUNT.




$$
