000
CDUS43 KIWX 230521
CLISBN


CLIMATE REPORT
NATIONAL WEATHER SERVICE NORTHERN INDIANA
121 AM EDT SAT MAR 23 2019


...................................

...THE SOUTH BEND CLIMATE SUMMARY FOR MARCH 22 2019...

CLIMATE NORMAL PERIOD 1981 TO 2010
CLIMATE RECORD PERIOD 1893 TO 2019


WEATHER ITEM   OBSERVED TIME   RECORD YEAR NORMAL DEPARTURE LAST
                VALUE   (LST)  VALUE       VALUE  FROM      YEAR
                                                  NORMAL
..................................................................
TEMPERATURE (F)
 YESTERDAY
  MAXIMUM         42   1051 AM  83    2012  49     -7       42
  MINIMUM         27   1159 PM   9    1906  30     -3       20
  AVERAGE         35                        40     -5       31

PRECIPITATION (IN)
  YESTERDAY        0.00          0.89 1977   0.08  -0.08     0.00
  MONTH TO DATE    1.65                      1.68  -0.03     1.26
  SINCE MAR 1      1.65                      1.68  -0.03     1.26
  SINCE JAN 1      5.64                      5.92  -0.28    11.27

SNOWFALL (IN)
  YESTERDAY        0.0           4.9  1977   0.2   -0.2      0.0
  MONTH TO DATE    0.5                       6.0   -5.5      7.6
  SINCE MAR 1      0.5                       6.0   -5.5      7.6
  SINCE JUL 1     44.6                      64.1  -19.5     91.6
  SNOW DEPTH       0

DEGREE DAYS
 HEATING
  YESTERDAY       30                        25      5       34
  MONTH TO DATE  748                       644    104      714
  SINCE MAR 1    748                       644    104      714
  SINCE JUL 1   5595                      5333    262     5407

 COOLING
  YESTERDAY        0                         0      0        0
  MONTH TO DATE    0                         0      0        0
  SINCE MAR 1      0                         0      0        0
  SINCE JAN 1      0                         0      0        0
..................................................................


WIND (MPH)
  HIGHEST WIND SPEED    33   HIGHEST WIND DIRECTION     N (340)
  HIGHEST GUST SPEED    44   HIGHEST GUST DIRECTION     N (340)
  AVERAGE WIND SPEED    15.8


SKY COVER
  AVERAGE SKY COVER 0.1


WEATHER CONDITIONS
 THE FOLLOWING WEATHER WAS RECORDED YESTERDAY.
  NO SIGNIFICANT WEATHER WAS OBSERVED.


RELATIVE HUMIDITY (PERCENT)
 HIGHEST    92           200 AM
 LOWEST     52           400 PM
 AVERAGE    72

..........................................................


THE SOUTH BEND CLIMATE NORMALS FOR TODAY
                         NORMAL    RECORD    YEAR
 MAXIMUM TEMPERATURE (F)   50        78      1907
 MINIMUM TEMPERATURE (F)   31         9      1940
                                             1916


SUNRISE AND SUNSET
MARCH 23 2019.........SUNRISE   744 AM EDT   SUNSET   801 PM EDT
MARCH 24 2019.........SUNRISE   742 AM EDT   SUNSET   802 PM EDT


-  INDICATES NEGATIVE NUMBERS.
R  INDICATES RECORD WAS SET OR TIED.
MM INDICATES DATA IS MISSING.
T  INDICATES TRACE AMOUNT.




$$
