000
CDUS41 KAKQ 230531
CLISBY


CLIMATE REPORT
NATIONAL WEATHER SERVICE WAKEFIELD, VA
131 AM EDT THU MAY 23 2019


...................................

...THE SALISBURY MD CLIMATE SUMMARY FOR MAY 22 2019...

CLIMATE NORMAL PERIOD 1981 TO 2010
CLIMATE RECORD PERIOD 1900 TO 2019


WEATHER ITEM   OBSERVED TIME   RECORD YEAR NORMAL DEPARTURE LAST
                VALUE   (LST)  VALUE       VALUE  FROM      YEAR
                                                  NORMAL
..................................................................
TEMPERATURE (F)
 YESTERDAY
  MAXIMUM         74    119 PM  96    1941  75     -1       81
  MINIMUM         48    510 AM  30    2002  53     -5       59
  AVERAGE         61                        64     -3       70

PRECIPITATION (IN)
  YESTERDAY        0.00          1.55 1908   0.13  -0.13     0.11
  MONTH TO DATE    3.05                      2.47   0.58     8.63
  SINCE MAR 1     10.30                     10.44  -0.14    13.98
  SINCE JAN 1     17.15                     17.40  -0.25    20.23

SNOWFALL (IN)
  YESTERDAY        0.0           0.0  2002   0.0    0.0
                                      2001
  MONTH TO DATE    0.0                       0.0    0.0
  SINCE NOV 1      5.3                       9.3   -4.0
  SINCE JUL 1      5.3                       9.3   -4.0
  SNOW DEPTH       0

DEGREE DAYS
 HEATING
  YESTERDAY        4                         3      1        0
  MONTH TO DATE   54                       118    -64       24
  SINCE MAR 1    896                      1093   -197     1145
  SINCE JUL 1   3952                      4398   -446     4192

 COOLING
  YESTERDAY        0                         3     -3        5
  MONTH TO DATE   78                        35     43       90
  SINCE MAR 1    109                        52     57      100
  SINCE JAN 1    109                        52     57      104
..................................................................


WIND (MPH)
  HIGHEST WIND SPEED    12   HIGHEST WIND DIRECTION     S (170)
  HIGHEST GUST SPEED    17   HIGHEST GUST DIRECTION     E (100)
  AVERAGE WIND SPEED     3.5


SKY COVER
  POSSIBLE SUNSHINE  MM
  AVERAGE SKY COVER 0.0


WEATHER CONDITIONS
 THE FOLLOWING WEATHER WAS RECORDED YESTERDAY.
  NO SIGNIFICANT WEATHER WAS OBSERVED.


RELATIVE HUMIDITY (PERCENT)
 HIGHEST    93           500 AM
 LOWEST     31           100 PM
 AVERAGE    62

..........................................................


THE SALISBURY MD CLIMATE NORMALS FOR TODAY
                         NORMAL    RECORD    YEAR
 MAXIMUM TEMPERATURE (F)   75        96      1925
                                             1911
 MINIMUM TEMPERATURE (F)   54        33      2002


SUNRISE AND SUNSET
MAY 23 2019...........SUNRISE   545 AM EDT   SUNSET   813 PM EDT
MAY 24 2019...........SUNRISE   544 AM EDT   SUNSET   814 PM EDT


-  INDICATES NEGATIVE NUMBERS.
R  INDICATES RECORD WAS SET OR TIED.
MM INDICATES DATA IS MISSING.
T  INDICATES TRACE AMOUNT.




$$
