635
CDUS46 KSTO 230855
CLISCK


CLIMATE REPORT
NATIONAL WEATHER SERVICE SACRAMENTO, CA
154 AM PDT THU MAY 23 2019


...................................

...THE STOCKTON AIRPORT CA CLIMATE SUMMARY FOR MAY 22 2019...

CLIMATE NORMAL PERIOD 1981 TO 2010
CLIMATE RECORD PERIOD 1948 TO 2019


WEATHER ITEM   OBSERVED TIME   RECORD YEAR NORMAL DEPARTURE LAST
                VALUE   (LST)  VALUE       VALUE  FROM      YEAR
                                                  NORMAL
..................................................................
TEMPERATURE (F)
 YESTERDAY
  MAXIMUM         78    437 PM 102    2000  83     -5       82
  MINIMUM         52    534 AM  39    1960  53     -1       55
  AVERAGE         65

PRECIPITATION (IN)
  YESTERDAY        0.07          0.73 1958   0.01   0.06     0.00
  MONTH TO DATE    2.53                      0.41   2.12      T
  SINCE OCT 1     18.32                     13.56   4.76     9.09
  SINCE JAN 1     12.44                      8.83   3.61     8.13

SNOWFALL (IN)
  YESTERDAY        0.0          MM      MM
  MONTH TO DATE    0.0
  SINCE MAR 1      0.0
  SINCE JUL 1      0.0
  SNOW DEPTH       0

DEGREE DAYS
 HEATING
  YESTERDAY        0                         1     -1        0
  MONTH TO DATE   47                        50     -3        3
  SINCE MAR 1    422                       564   -142      432
  SINCE JUL 1   2050                      2626   -576     2017

 COOLING
  YESTERDAY        0                         4     -4        4
  MONTH TO DATE   25                        61    -36       73
  SINCE MAR 1     70                        78     -8       91
  SINCE JAN 1     70                        78     -8       91
..................................................................


WIND (MPH)
  RESULTANT WIND SPEED  11   RESULTANT WIND DIRECTION  NW (300)
  HIGHEST WIND SPEED    23   HIGHEST WIND DIRECTION     N (340)
  HIGHEST GUST SPEED    28   HIGHEST GUST DIRECTION     N (340)


SKY COVER
  POSSIBLE SUNSHINE  MM
  AVERAGE SKY COVER 0.4


WEATHER CONDITIONS
 THE FOLLOWING WEATHER WAS RECORDED YESTERDAY.
  LIGHT RAIN


RELATIVE HUMIDITY (PERCENT)
 HIGHEST    93           600 AM
 LOWEST     33           300 PM
 AVERAGE    63

..........................................................


THE STOCKTON AIRPORT CA CLIMATE NORMALS FOR TODAY
                         NORMAL    RECORD    YEAR
 MAXIMUM TEMPERATURE (F)   83       102      1982
 MINIMUM TEMPERATURE (F)   53        44      1960


SUNRISE AND SUNSET
MAY 23 2019...........SUNRISE   549 AM PDT   SUNSET   815 PM PDT
MAY 24 2019...........SUNRISE   548 AM PDT   SUNSET   816 PM PDT


-  INDICATES NEGATIVE NUMBERS.
R  INDICATES RECORD WAS SET OR TIED.
MM INDICATES DATA IS MISSING.
T  INDICATES TRACE AMOUNT.




$$
