000
CDUS46 KLOX 200113
CLISDB


CLIMATE REPORT
NATIONAL WEATHER SERVICE LOS ANGELES/OXNARD CA
612 PM PDT TUE MAR 19 2019


...................................

...THE SANDBERG CA CLIMATE SUMMARY FOR MARCH 19 2019...
VALID TODAY AS OF 0600 PM LOCAL TIME.

CLIMATE NORMAL PERIOD 1981 TO 2010
CLIMATE RECORD PERIOD 1934 TO 2019


WEATHER ITEM   OBSERVED TIME   RECORD YEAR NORMAL DEPARTURE LAST
                VALUE   (LST)  VALUE       VALUE  FROM      YEAR
                                                  NORMAL
..................................................................
TEMPERATURE (F)
 TODAY
  MAXIMUM         64   1134 AM  75    1997  55      9       54
  MINIMUM         51    612 AM  20    1987  39     12       38
  AVERAGE         58                        47     11       46

PRECIPITATION (IN)
  TODAY            0.00          1.26 1991   0.05  -0.05     0.00
  MONTH TO DATE    2.10                      1.21   0.89     1.54
  SINCE OCT 1     14.65                     10.49   4.16     4.96
  SINCE JAN 1     12.11                      6.86   5.25     4.91

DEGREE DAYS
 HEATING
  TODAY            7                        18    -11       19
  MONTH TO DATE  370                       359     11      396
  SINCE MAR 1    370                       359     11      396
  SINCE JUL 1   2737                      3118   -381     1995

 COOLING
  TODAY            0                         0      0        0
  MONTH TO DATE    0                         0      0        0
  SINCE MAR 1      0                         0      0        0
  SINCE JAN 1      0                         0      0        2
..................................................................


WIND (MPH)
  HIGHEST WIND SPEED    25   HIGHEST WIND DIRECTION     S (180)
  HIGHEST GUST SPEED    30   HIGHEST GUST DIRECTION     S (180)
  AVERAGE WIND SPEED    12.7


SKY COVER
  POSSIBLE SUNSHINE  MM
  AVERAGE SKY COVER 0.0


WEATHER CONDITIONS
 THE FOLLOWING WEATHER WAS RECORDED TODAY.
  NO SIGNIFICANT WEATHER WAS OBSERVED.


RELATIVE HUMIDITY (PERCENT)
 HIGHEST    64           500 PM
 LOWEST     36          1100 AM
 AVERAGE    50

..........................................................


THE SANDBERG CA CLIMATE NORMALS FOR TOMORROW
                         NORMAL    RECORD    YEAR
 MAXIMUM TEMPERATURE (F)   55        80      2015
 MINIMUM TEMPERATURE (F)   39        23      1952


SUNRISE AND SUNSET
MARCH 19 2019.........SUNRISE   700 AM PDT   SUNSET   706 PM PDT
MARCH 20 2019.........SUNRISE   659 AM PDT   SUNSET   707 PM PDT


-  INDICATES NEGATIVE NUMBERS.
R  INDICATES RECORD WAS SET OR TIED.
MM INDICATES DATA IS MISSING.
T  INDICATES TRACE AMOUNT.




$$
