000
CDUS46 KLOX 230901
CLISDB


CLIMATE REPORT
NATIONAL WEATHER SERVICE LOS ANGELES/OXNARD CA
201 AM PDT THU MAY 23 2019


...................................

...THE SANDBERG CA CLIMATE SUMMARY FOR MAY 22 2019...

CLIMATE NORMAL PERIOD 1981 TO 2010
CLIMATE RECORD PERIOD 1934 TO 2019


WEATHER ITEM   OBSERVED TIME   RECORD YEAR NORMAL DEPARTURE LAST
                VALUE   (LST)  VALUE       VALUE  FROM      YEAR
                                                  NORMAL
..................................................................
TEMPERATURE (F)
 YESTERDAY
  MAXIMUM         49    155 PM  91    2017  69    -20       66
  MINIMUM         37    655 AM  31    1965  50    -13       43
  AVERAGE         43                        60    -17       55

PRECIPITATION (IN)
  YESTERDAY        0.05          0.07 2006   0.01   0.04     0.00
                                      2006
                                      2015
  MONTH TO DATE    1.65                      0.34   1.31     0.25
  SINCE OCT 1     17.05                     11.98   5.07     6.92
  SINCE JAN 1     14.51                      8.35   6.16     6.87

DEGREE DAYS
 HEATING
  YESTERDAY       22                         7     15       10
  MONTH TO DATE  228                       199     29      181
  SINCE MAR 1   1102                      1215   -113     1111
  SINCE JUL 1   3469                      3974   -505     2710

 COOLING
  YESTERDAY        0                         1     -1        0
  MONTH TO DATE    2                        20    -18       12
  SINCE MAR 1     25                        28     -3       14
  SINCE JAN 1     25                        28     -3       16
..................................................................


WIND (MPH)
  HIGHEST WIND SPEED    40   HIGHEST WIND DIRECTION    NW (320)
  HIGHEST GUST SPEED    51   HIGHEST GUST DIRECTION     N (340)
  AVERAGE WIND SPEED    16.5


SKY COVER
  POSSIBLE SUNSHINE  MM
  AVERAGE SKY COVER 0.7


WEATHER CONDITIONS
 THE FOLLOWING WEATHER WAS RECORDED YESTERDAY.
  LIGHT RAIN
  LIGHT SNOW
  FOG
  FOG W/VISIBILITY <= 1/4 MILE


RELATIVE HUMIDITY (PERCENT)
 HIGHEST    92          1200 AM
 LOWEST     65           900 PM
 AVERAGE    79

..........................................................


THE SANDBERG CA CLIMATE NORMALS FOR TODAY
                         NORMAL    RECORD    YEAR
 MAXIMUM TEMPERATURE (F)   70        92      2017
 MINIMUM TEMPERATURE (F)   50        28      2010


SUNRISE AND SUNSET
MAY 23 2019...........SUNRISE   547 AM PDT   SUNSET   757 PM PDT
MAY 24 2019...........SUNRISE   546 AM PDT   SUNSET   758 PM PDT


-  INDICATES NEGATIVE NUMBERS.
R  INDICATES RECORD WAS SET OR TIED.
MM INDICATES DATA IS MISSING.
T  INDICATES TRACE AMOUNT.




$$
