000
CDUS43 KLMK 180633
CLISDF


CLIMATE REPORT
NATIONAL WEATHER SERVICE LOUISVILLE KY
227 AM EDT MON MAR 18 2019


...................................

...THE LOUISVILLE KY CLIMATE SUMMARY FOR MARCH 17 2019...

CLIMATE NORMAL PERIOD 1981 TO 2010
CLIMATE RECORD PERIOD 1871 TO 2019


WEATHER ITEM   OBSERVED TIME   RECORD YEAR NORMAL DEPARTURE LAST
                VALUE   (LST)  VALUE       VALUE  FROM      YEAR
                                                  NORMAL
..................................................................
TEMPERATURE (F)
 YESTERDAY
  MAXIMUM         59    348 PM  79    1894  58      1       64
  MINIMUM         31    552 AM   9    1900  38     -7       42
  AVERAGE         45                        48     -3       53

PRECIPITATION (IN)
  YESTERDAY        0.00          1.73 1898   0.14  -0.14     0.01
  MONTH TO DATE    2.03                      2.20  -0.17     1.01
  SINCE MAR 1      2.03                      2.20  -0.17     1.01
  SINCE JAN 1     13.63                      8.62   5.01    13.31

SNOWFALL (IN)
  YESTERDAY        0.0           3.7  1970   0.1   -0.1      0.0
  MONTH TO DATE    2.6                       1.0    1.6      3.3
  SINCE MAR 1      2.6                       1.0    1.6      3.3
  SINCE JUL 1     11.2                      12.0   -0.8      9.3
  SNOW DEPTH       0

DEGREE DAYS
 HEATING
  YESTERDAY       20                        17      3       12
  MONTH TO DATE  396                       334     62      369
  SINCE MAR 1    396                       334     62      369
  SINCE JUL 1   3493                      3575    -82     3457

 COOLING
  YESTERDAY        0                         0      0        0
  MONTH TO DATE    3                         0      3        0
  SINCE MAR 1      3                         0      3        0
  SINCE JAN 1      3                         0      3       12
..................................................................


WIND (MPH)
  HIGHEST WIND SPEED    28   HIGHEST WIND DIRECTION     W (260)
  HIGHEST GUST SPEED    37   HIGHEST GUST DIRECTION     W (280)
  AVERAGE WIND SPEED     8.6


SKY COVER
  POSSIBLE SUNSHINE  MM
  AVERAGE SKY COVER 0.4


WEATHER CONDITIONS
 THE FOLLOWING WEATHER WAS RECORDED YESTERDAY.
  NO SIGNIFICANT WEATHER WAS OBSERVED.


RELATIVE HUMIDITY (PERCENT)
 HIGHEST    72           500 AM
 LOWEST     24           400 PM
 AVERAGE    48

..........................................................


THE LOUISVILLE KY CLIMATE NORMALS FOR TODAY
                         NORMAL    RECORD    YEAR
 MAXIMUM TEMPERATURE (F)   59        82      2012
                                             1982
 MINIMUM TEMPERATURE (F)   38        12      1941
                                             1902


SUNRISE AND SUNSET
MARCH 18 2019.........SUNRISE   750 AM EDT   SUNSET   753 PM EDT
MARCH 19 2019.........SUNRISE   748 AM EDT   SUNSET   754 PM EDT


-  INDICATES NEGATIVE NUMBERS.
R  INDICATES RECORD WAS SET OR TIED.
MM INDICATES DATA IS MISSING.
T  INDICATES TRACE AMOUNT.




$$
