000
CDUS43 KLMK 262038
CLISDF


CLIMATE REPORT
NATIONAL WEATHER SERVICE LOUISVILLE KY
438 PM EDT SUN MAY 26 2019


...................................

...THE LOUISVILLE KY CLIMATE SUMMARY FOR MAY 26 2019...
VALID TODAY AS OF 0400 PM LOCAL TIME.

CLIMATE NORMAL PERIOD 1981 TO 2010
CLIMATE RECORD PERIOD 1871 TO 2019


WEATHER ITEM   OBSERVED TIME   RECORD YEAR NORMAL DEPARTURE LAST
                VALUE   (LST)  VALUE       VALUE  FROM      YEAR
                                                  NORMAL
..................................................................
TEMPERATURE (F)
 TODAY
  MAXIMUM         88   1259 PM  96    1911  80      8       87
  MINIMUM         71    151 PM  40    1979  60     11       71
                                      1925
  AVERAGE         80                        70     10       79

PRECIPITATION (IN)
  TODAY            0.29          4.00 1996   0.16   0.13     0.00
  MONTH TO DATE    3.18                      4.46  -1.28     3.92
  SINCE MAR 1     13.54                     12.64   0.90    12.37
  SINCE JAN 1     25.14                     19.06   6.08    24.67

SNOWFALL (IN)
  TODAY            0.0          MM      MM   0.0    0.0      0.0
  MONTH TO DATE    0.0                       0.0    0.0      0.0
  SINCE MAR 1      2.6                       1.5    1.1     13.1
  SINCE JUL 1     11.2                      12.5   -1.3     19.1
  SNOW DEPTH       0

DEGREE DAYS
 HEATING
  TODAY            0                         1     -1        0
  MONTH TO DATE   33                        63    -30        0
  SINCE MAR 1    794                       847    -53      971
  SINCE JUL 1   3891                      4088   -197     4059

 COOLING
  TODAY           15                         6      9       14
  MONTH TO DATE  168                        97     71      273
  SINCE MAR 1    214                       140     74      292
  SINCE JAN 1    214                       140     74      304
..................................................................


WIND (MPH)
  HIGHEST WIND SPEED    26   HIGHEST WIND DIRECTION    NW (320)
  HIGHEST GUST SPEED    36   HIGHEST GUST DIRECTION    NW (320)
  AVERAGE WIND SPEED     6.9


SKY COVER
  POSSIBLE SUNSHINE  MM
  AVERAGE SKY COVER 0.6


WEATHER CONDITIONS
 THE FOLLOWING WEATHER WAS RECORDED TODAY.
  THUNDERSTORM
  HEAVY RAIN
  RAIN
  LIGHT RAIN
  FOG


RELATIVE HUMIDITY (PERCENT)
 HIGHEST    73           400 AM
 LOWEST     50          1200 PM
 AVERAGE    62

..........................................................


THE LOUISVILLE KY CLIMATE NORMALS FOR TOMORROW
                         NORMAL    RECORD    YEAR
 MAXIMUM TEMPERATURE (F)   80        96      1911
 MINIMUM TEMPERATURE (F)   60        36      1961


SUNRISE AND SUNSET
MAY 26 2019...........SUNRISE   624 AM EDT   SUNSET   856 PM EDT
MAY 27 2019...........SUNRISE   624 AM EDT   SUNSET   857 PM EDT


-  INDICATES NEGATIVE NUMBERS.
R  INDICATES RECORD WAS SET OR TIED.
MM INDICATES DATA IS MISSING.
T  INDICATES TRACE AMOUNT.




$$
