000
CDUS46 KSGX 270021
CLISDM


CLIMATE REPORT
NATIONAL WEATHER SERVICE SAN DIEGO, CA
521 PM PDT SUN MAY 26 2019


...................................

...THE SAN DIEGO/BROWN CLIMATE SUMMARY FOR MAY 26 2019...
VALID TODAY AS OF 0500 PM LOCAL TIME.

CLIMATE NORMAL PERIOD 1981 TO 2010
CLIMATE RECORD PERIOD 1943 TO 2019


WEATHER ITEM   OBSERVED RECORD YEAR NORMAL DEPARTURE
                VALUE   VALUE       VALUE  FROM
                                           NORMAL
........................................................
TEMPERATURE (F)
 TODAY
  MAXIMUM         62     77    2014  72
  MINIMUM         54     50    2011  55
  AVERAGE         58

PRECIPITATION (IN)
  TODAY            0.05R  T    2008   0.00   0.05
                               2008
                               2018
  MONTH TO DATE    0.91               0.20   0.71
  SINCE OCT 1     12.03              11.79   0.24
  SINCE JAN 1      8.76               8.23   0.53

SNOWFALL (IN)
  TODAY            0.0   MM      MM  MM
  MONTH TO DATE    0.0               MM
  SINCE MAR 1      0.0               MM
  SINCE JUL 1      0.0               MM

DEGREE DAYS
 HEATING
  TODAY            7

 COOLING
  TODAY            0
........................................................







THE SAN DIEGO/BROWN CLIMATE NORMALS FOR TOMORROW
                         NORMAL    RECORD    YEAR
 MAXIMUM TEMPERATURE (F)   72        79      1960
 MINIMUM TEMPERATURE (F)   55        51      2011
                                             1945


SUNRISE AND SUNSET
MAY 26 2019...........SUNRISE   543 AM PDT   SUNSET   747 PM PDT
MAY 27 2019...........SUNRISE   543 AM PDT   SUNSET   747 PM PDT


-  INDICATES NEGATIVE NUMBERS.
R  INDICATES RECORD WAS SET OR TIED.
MM INDICATES DATA IS MISSING.
T  INDICATES TRACE AMOUNT.




$$
