487
CDUS46 KSGX 191217
CLISDM


CLIMATE REPORT
NATIONAL WEATHER SERVICE SAN DIEGO, CA
517 AM PDT TUE MAR 19 2019


...................................

...THE SAN DIEGO/BROWN CLIMATE SUMMARY FOR MARCH 18 2019...

CLIMATE NORMAL PERIOD 1981 TO 2010
CLIMATE RECORD PERIOD 1943 TO 2019


WEATHER ITEM   OBSERVED TIME   RECORD YEAR NORMAL DEPARTURE LAST
                VALUE   (LST)  VALUE       VALUE  FROM      YEAR
                                                  NORMAL
..................................................................
TEMPERATURE (F)
 YESTERDAY
  MAXIMUM         74   1253 PM  82    1960  67      7       61
  MINIMUM         47    616 AM  39    2008  46      1       44
                                      1955
  AVERAGE         61                        57      4       53

PRECIPITATION (IN)
  YESTERDAY        0.00          0.09 2002   0.07  -0.07     0.02
  MONTH TO DATE    0.85                      1.81  -0.96     0.99
  SINCE OCT 1     10.76                     10.01   0.75     3.90
  SINCE JAN 1      7.49                      6.45   1.04     3.50

DEGREE DAYS
 HEATING
  YESTERDAY        4                         8     -4       12
  MONTH TO DATE  157                       161     -4      136
  SINCE MAR 1    157                       161     -4      136
  SINCE JUL 1   1158                      1330   -172      791

 COOLING
  YESTERDAY        0                         0      0        0
  MONTH TO DATE    0                         0      0        0
  SINCE MAR 1      0                         0      0        0
  SINCE JAN 1      0                         6     -6       27
..................................................................


WIND (MPH)
  RESULTANT WIND SPEED   1   RESULTANT WIND DIRECTION  SW (220)
  HIGHEST WIND SPEED    13   HIGHEST WIND DIRECTION     W (280)
  HIGHEST GUST SPEED    19   HIGHEST GUST DIRECTION     W (280)
  AVERAGE WIND SPEED     4.2


SKY COVER
  POSSIBLE SUNSHINE  MM
  AVERAGE SKY COVER 0.0


WEATHER CONDITIONS
 THE FOLLOWING WEATHER WAS RECORDED YESTERDAY.
  FOG
  HAZE


RELATIVE HUMIDITY (PERCENT)
 HIGHEST    96          1000 PM
 LOWEST     35           100 PM
 AVERAGE    66

..........................................................


THE SAN DIEGO/BROWN CLIMATE NORMALS FOR TODAY
                         NORMAL    RECORD    YEAR
 MAXIMUM TEMPERATURE (F)   67        83      2001
 MINIMUM TEMPERATURE (F)   46        39      2018
                                             1955


SUNRISE AND SUNSET
MARCH 19 2019.........SUNRISE   653 AM PDT   SUNSET   659 PM PDT
MARCH 20 2019.........SUNRISE   652 AM PDT   SUNSET   659 PM PDT


-  INDICATES NEGATIVE NUMBERS.
R  INDICATES RECORD WAS SET OR TIED.
MM INDICATES DATA IS MISSING.
T  INDICATES TRACE AMOUNT.




$$
