000
CDUS46 KSEW 270122
CLISEA


CLIMATE REPORT
NATIONAL WEATHER SERVICE SEATTLE WA
621 PM PDT SUN MAY 26 2019


...................................

...THE SEATTLE-TACOMA WA AIRPORT CLIMATE SUMMARY FOR MAY 26 2019...
VALID TODAY AS OF 0500 PM LOCAL TIME.

CLIMATE NORMAL PERIOD 1981 TO 2010
CLIMATE RECORD PERIOD 1945 TO 2019


WEATHER ITEM   OBSERVED TIME   RECORD YEAR NORMAL DEPARTURE LAST
                VALUE   (LST)  VALUE       VALUE  FROM      YEAR
                                                  NORMAL
..................................................................
TEMPERATURE (F)
 TODAY
  MAXIMUM         72    459 PM  89    2005  67      5       68
  MINIMUM         52   1200 AM  40    1952  49      3       52
  AVERAGE         62                        58      4       60

PRECIPITATION (IN)
  TODAY            0.00          0.61 1954   0.07  -0.07     0.00
  MONTH TO DATE    0.62                      1.62  -1.00     0.12
  SINCE OCT 1     29.25                     32.52  -3.27    37.39
  SINCE JAN 1     13.97                     17.12  -3.15    18.53

SNOWFALL (IN)
  TODAY            0.0          MM      MM                   0.0
  MONTH TO DATE    0.0                                       0.0
  SINCE OCT 1     21.0                                       4.0
  SINCE JUL 1     21.0                                       4.0
  SNOW DEPTH       0

DEGREE DAYS
 HEATING
  TODAY            3                         7     -4        5
  MONTH TO DATE  139                       249   -110      104
  SINCE MAR 1   1021                      1263   -242     1082
  SINCE JUL 1   3999                      4517   -518     4115

 COOLING
  TODAY            0                         0      0        0
  MONTH TO DATE   14                         0     14       15
  SINCE MAR 1     20                         0     20       17
  SINCE JAN 1     20                         0     20       17
..................................................................


WIND (MPH)
  RESULTANT WIND SPEED   7   RESULTANT WIND DIRECTION  NE (30)
  HIGHEST WIND SPEED    14   HIGHEST WIND DIRECTION     N (20)
  HIGHEST GUST SPEED    18   HIGHEST GUST DIRECTION     N (360)
  AVERAGE WIND SPEED     8.9


SKY COVER
  AVERAGE SKY COVER 0.8


WEATHER CONDITIONS
 THE FOLLOWING WEATHER WAS RECORDED TODAY.
  NO SIGNIFICANT WEATHER WAS OBSERVED.


RELATIVE HUMIDITY (PERCENT)
 HIGHEST    83          1200 AM
 LOWEST     53           300 PM
 AVERAGE    68

..........................................................


THE SEATTLE-TACOMA WA AIRPORT CLIMATE NORMALS FOR TOMORROW
                         NORMAL    RECORD    YEAR
 MAXIMUM TEMPERATURE (F)   67        89      2005
 MINIMUM TEMPERATURE (F)   49        37      1966


SUNRISE AND SUNSET
MAY 26 2019...........SUNRISE   521 AM PDT   SUNSET   852 PM PDT
MAY 27 2019...........SUNRISE   520 AM PDT   SUNSET   853 PM PDT


-  INDICATES NEGATIVE NUMBERS.
R  INDICATES RECORD WAS SET OR TIED.
MM INDICATES DATA IS MISSING.
T  INDICATES TRACE AMOUNT.




$$
