000
CDUS46 KSEW 260829
CLISEW


CLIMATE REPORT
NATIONAL WEATHER SERVICE SEATTLE WA
129 AM PDT TUE MAR 26 2019


...................................

...THE SEATTLE WA WFO CLIMATE SUMMARY FOR MARCH 25 2019...

CLIMATE NORMAL PERIOD 1981 TO 2010
CLIMATE RECORD PERIOD 1986 TO 2019


WEATHER ITEM   OBSERVED TIME   RECORD YEAR     LAST
                VALUE   (LST)  VALUE           YEAR
....................................................
TEMPERATURE (F)
 YESTERDAY
  MAXIMUM         62        MM  64    1997    54
  MINIMUM         42        MM  30    1996    34
  AVERAGE         52                          44

PRECIPITATION (IN)
  YESTERDAY        0.15          0.49 2009     0.00
  MONTH TO DATE    1.57                        2.38
  SINCE OCT 1     21.81                       31.11
  SINCE JAN 1      8.42                       14.24

SNOWFALL (IN)
  YESTERDAY        0.0                         0.0
  MONTH TO DATE    0.1                          T
  SINCE OCT 1     11.5                         4.0
  SINCE JUL 1     11.5                         4.0
  SNOW DEPTH      MM

DEGREE DAYS
 HEATING
  YESTERDAY       13                          21
  MONTH TO DATE  460                         482
  SINCE MAR 1    460                         482
  SINCE JUL 1   3505                        3477

 COOLING
  YESTERDAY        0                           0
  MONTH TO DATE    0                           0
  SINCE MAR 1      0                           0
  SINCE JAN 1      0                           0
....................................................


WIND (MPH)
  HIGHEST WIND SPEED    MM   HIGHEST WIND DIRECTION    MM
  HIGHEST GUST SPEED    MM   HIGHEST GUST DIRECTION    MM
  AVERAGE WIND SPEED    MM



WEATHER CONDITIONS
 THE FOLLOWING WEATHER WAS RECORDED YESTERDAY.
  LIGHT RAIN






-  INDICATES NEGATIVE NUMBERS.
R  INDICATES RECORD WAS SET OR TIED.
MM INDICATES DATA IS MISSING.
T  INDICATES TRACE AMOUNT.




$$
