000
CDUS42 KMLB 202018
CLISFB


CLIMATE REPORT
NATIONAL WEATHER SERVICE MELBOURNE FL
418 PM EDT MON MAY 20 2019


...................................

...THE SANFORD CLIMATE SUMMARY FOR MAY 20 2019...
VALID TODAY AS OF 0400 PM LOCAL TIME.

CLIMATE NORMAL PERIOD 1981 TO 2010
CLIMATE RECORD PERIOD 1948 TO 2019


WEATHER ITEM   OBSERVED TIME   RECORD YEAR NORMAL DEPARTURE LAST
                VALUE   (LST)  VALUE       VALUE  FROM      YEAR
                                                  NORMAL
..................................................................
TEMPERATURE (F)
 TODAY
  MAXIMUM         91    114 PM  95    2017  89      2       77
                                      2015
                                      1995
  MINIMUM         70    435 AM  54    1994  68      2       69
                                      1977
  AVERAGE         81                        78      3       73

PRECIPITATION (IN)
  TODAY            0.00          3.17 2009   0.12  -0.12     0.29
  MONTH TO DATE    2.54                      1.63   0.91     7.14
  SINCE MAR 1      5.59                      8.19  -2.60    12.91
  SINCE JAN 1     11.26                     13.36  -2.10    15.52

SNOWFALL (IN)
  TODAY            0.0                                       0.0
  MONTH TO DATE    0.0                                       0.0
  SINCE MAR 1      0.0                                       0.0
  SINCE JUL 1      0.0                                       0.0

DEGREE DAYS
 HEATING
  TODAY            0                         0      0        0
  MONTH TO DATE    0                         0      0        0
  SINCE MAR 1     43                        73    -30      108
  SINCE JUL 1    448                       598   -150      531

 COOLING
  TODAY           16                        13      3        8
  MONTH TO DATE  271                       225     46      196
  SINCE MAR 1    657                       541    116      502
  SINCE JAN 1    849                       637    212      722
..................................................................


WIND (MPH)
  HIGHEST WIND SPEED    20   HIGHEST WIND DIRECTION    NE (50)
  HIGHEST GUST SPEED    23   HIGHEST GUST DIRECTION     E (70)
  AVERAGE WIND SPEED     3.3


SKY COVER
  AVERAGE SKY COVER 0.1


WEATHER CONDITIONS
 THE FOLLOWING WEATHER WAS RECORDED TODAY.
  NO SIGNIFICANT WEATHER WAS OBSERVED.


RELATIVE HUMIDITY (PERCENT)
 HIGHEST    93           100 AM
 LOWEST     41           100 PM
 AVERAGE    67

..........................................................


THE SANFORD CLIMATE NORMALS FOR TOMORROW
                         NORMAL    RECORD    YEAR
 MAXIMUM TEMPERATURE (F)   89       100      1962
 MINIMUM TEMPERATURE (F)   68        57      1977


SUNRISE AND SUNSET
MAY 20 2019...........SUNRISE   631 AM EDT   SUNSET   812 PM EDT
MAY 21 2019...........SUNRISE   631 AM EDT   SUNSET   813 PM EDT


-  INDICATES NEGATIVE NUMBERS.
R  INDICATES RECORD WAS SET OR TIED.
MM INDICATES DATA IS MISSING.
T  INDICATES TRACE AMOUNT.




$$
