000
CDUS42 KMLB 200628
CLISFB


CLIMATE REPORT
NATIONAL WEATHER SERVICE MELBOURNE FL
227 AM EDT WED MAR 20 2019


...................................

...THE SANFORD CLIMATE SUMMARY FOR MARCH 19 2019...

CLIMATE NORMAL PERIOD 1981 TO 2010
CLIMATE RECORD PERIOD 1948 TO 2019


WEATHER ITEM   OBSERVED TIME   RECORD YEAR NORMAL DEPARTURE LAST
                VALUE   (LST)  VALUE       VALUE  FROM      YEAR
                                                  NORMAL
..................................................................
TEMPERATURE (F)
 YESTERDAY
  MAXIMUM         69    248 PM  92    1984  78     -9       75
  MINIMUM         57    843 AM  37    1985  56      1       64
  AVERAGE         63                        67     -4       70

PRECIPITATION (IN)
  YESTERDAY        0.47          3.81 2001   0.13   0.34     0.84
  MONTH TO DATE    0.69                      2.70  -2.01     1.03
  SINCE MAR 1      0.69                      2.70  -2.01     1.03
  SINCE JAN 1      6.36                      7.87  -1.51     3.64

SNOWFALL (IN)
  YESTERDAY        0.0
  MONTH TO DATE    0.0
  SINCE JUL 1      0.0
  SNOW DEPTH       0

DEGREE DAYS
 HEATING
  YESTERDAY        2                         1      1        0
  MONTH TO DATE   37                        44     -7       87
  SINCE MAR 1     37                        44     -7       87
  SINCE JUL 1    442                       569   -127      510

 COOLING
  YESTERDAY        0                         3     -3        5
  MONTH TO DATE   93                        57     36       37
  SINCE MAR 1     93                        57     36       37
  SINCE JAN 1    285                       153    132      257
..................................................................


WIND (MPH)
  RESULTANT WIND SPEED   8   RESULTANT WIND DIRECTION   N (10)
  HIGHEST WIND SPEED    17   HIGHEST WIND DIRECTION     N (360)
  HIGHEST GUST SPEED    23   HIGHEST GUST DIRECTION     N (20)
  AVERAGE WIND SPEED     8.1


SKY COVER
  POSSIBLE SUNSHINE  MM
  AVERAGE SKY COVER 0.9


WEATHER CONDITIONS
 THE FOLLOWING WEATHER WAS RECORDED YESTERDAY.
  HEAVY RAIN
  RAIN
  LIGHT RAIN
  FOG


RELATIVE HUMIDITY (PERCENT)
 HIGHEST    97           800 PM
 LOWEST     55           200 AM
 AVERAGE    76

..........................................................


THE SANFORD CLIMATE NORMALS FOR TODAY
                         NORMAL    RECORD    YEAR
 MAXIMUM TEMPERATURE (F)   78        94      2003
 MINIMUM TEMPERATURE (F)   56        37      1985


SUNRISE AND SUNSET
MARCH 20 2019.........SUNRISE   729 AM EDT   SUNSET   736 PM EDT
MARCH 21 2019.........SUNRISE   728 AM EDT   SUNSET   737 PM EDT


-  INDICATES NEGATIVE NUMBERS.
R  INDICATES RECORD WAS SET OR TIED.
MM INDICATES DATA IS MISSING.
T  INDICATES TRACE AMOUNT.




$$
