000
CDUS46 KMTR 200026
CLISFD


CLIMATE REPORT
NATIONAL WEATHER SERVICE SAN FRANCISCO BAY AREA
526 PM PDT TUE MAR 19 2019


...................................

...THE SAN FRANCISCO DWTN CA CLIMATE SUMMARY FOR MARCH 19 2019...
VALID TODAY AS OF 0500 PM LOCAL TIME.

CLIMATE NORMAL PERIOD 1981 TO 2010
CLIMATE RECORD PERIOD 1850 TO 2019


WEATHER ITEM   OBSERVED TIME   RECORD YEAR NORMAL DEPARTURE LAST
                VALUE   (LST)  VALUE       VALUE  FROM      YEAR
                                                  NORMAL
..................................................................
TEMPERATURE (F)
 TODAY
  MAXIMUM         68   1243 PM  80    1914  62      6       64
  MINIMUM         51    143 AM  40    1894  49      2       47
  AVERAGE         60                        55      5       56

PRECIPITATION (IN)
  TODAY            0.00          1.31 1949   0.10  -0.10     0.00
  MONTH TO DATE    2.55                      2.23   0.32     2.96
  SINCE OCT 1     21.57                     20.03   1.54    11.88
  SINCE JAN 1     15.62                     11.19   4.43     8.59

DEGREE DAYS
 HEATING
  TODAY            5                        MM     MM        9
  MONTH TO DATE  192                        MM     MM      220
  SINCE MAR 1    192                        MM     MM      220
  SINCE JUL 1   1910                        MM     MM     1675

 COOLING
  TODAY            0                        MM     MM        0
  MONTH TO DATE    0                         0      0        0
  SINCE MAR 1      0                         0      0        0
  SINCE JAN 1      0                         0      0        2
..................................................................







THE SAN FRANCISCO DWTN CA CLIMATE NORMALS FOR TOMORROW
                         NORMAL    RECORD    YEAR
 MAXIMUM TEMPERATURE (F)   62        78      1915
 MINIMUM TEMPERATURE (F)   49        40      1904


SUNRISE AND SUNSET
MARCH 19 2019.........SUNRISE   715 AM PDT   SUNSET   721 PM PDT
MARCH 20 2019.........SUNRISE   713 AM PDT   SUNSET   722 PM PDT


-  INDICATES NEGATIVE NUMBERS.
R  INDICATES RECORD WAS SET OR TIED.
MM INDICATES DATA IS MISSING.
T  INDICATES TRACE AMOUNT.




$$
