000
CDUS46 KMTR 260852
CLISFD


CLIMATE REPORT
NATIONAL WEATHER SERVICE SAN FRANCISCO BAY AREA
151 AM PDT SUN MAY 26 2019


...................................

...THE SAN FRANCISCO DWTN CA CLIMATE SUMMARY FOR MAY 25 2019...

CLIMATE NORMAL PERIOD 1981 TO 2010
CLIMATE RECORD PERIOD 1850 TO 2019


WEATHER ITEM   OBSERVED TIME   RECORD YEAR NORMAL DEPARTURE LAST
                VALUE   (LST)  VALUE       VALUE  FROM      YEAR
                                                  NORMAL
..................................................................
TEMPERATURE (F)
 YESTERDAY
  MAXIMUM         63    343 PM  87    1896  65     -2       63
  MINIMUM         52    643 AM  47    1899  52      0       54
  AVERAGE         58                        58      0       59

PRECIPITATION (IN)
  YESTERDAY        0.00          1.05 1866   0.02  -0.02     0.00
  MONTH TO DATE    1.92                      0.61   1.31     0.04
  SINCE OCT 1     25.70                     23.13   2.57    17.41
  SINCE JAN 1     19.75                     14.29   5.46    14.12

DEGREE DAYS
 HEATING
  YESTERDAY        7                        MM     MM        6
  MONTH TO DATE  207                        MM     MM      201
  SINCE MAR 1    710                        MM     MM      770
  SINCE JUL 1   2428                        MM     MM     2225

 COOLING
  YESTERDAY        0                        MM     MM        0
  MONTH TO DATE    0                         0      0        0
  SINCE MAR 1      4                         0      4        6
  SINCE JAN 1      4                         0      4        8
..................................................................







THE SAN FRANCISCO DWTN CA CLIMATE NORMALS FOR TODAY
                         NORMAL    RECORD    YEAR
 MAXIMUM TEMPERATURE (F)   65        91      1896
 MINIMUM TEMPERATURE (F)   52        47      1893


SUNRISE AND SUNSET
MAY 26 2019...........SUNRISE   552 AM PDT   SUNSET   822 PM PDT
MAY 27 2019...........SUNRISE   552 AM PDT   SUNSET   822 PM PDT


-  INDICATES NEGATIVE NUMBERS.
R  INDICATES RECORD WAS SET OR TIED.
MM INDICATES DATA IS MISSING.
T  INDICATES TRACE AMOUNT.




$$
