473
CDUS46 KOTX 250826
CLISFF


CLIMATE REPORT
NATIONAL WEATHER SERVICE SPOKANE, WA
125 AM PDT SAT MAY 25 2019


...................................

...THE SPOKANE WA FELTS AIRPORT CLIMATE SUMMARY FOR MAY 24 2019...

CLIMATE NORMAL PERIOD 1981 TO 2010
CLIMATE RECORD PERIOD 9999 TO 9999


WEATHER ITEM   OBSERVED TIME   RECORD YEAR NORMAL DEPARTURE LAST
                VALUE   (LST)  VALUE       VALUE  FROM      YEAR
                                                  NORMAL
..................................................................
TEMPERATURE (F)
 YESTERDAY
  MAXIMUM         66   1146 AM  MM      MM  70     -4       82
  MINIMUM         49    212 AM  MM      MM  45      4       58
  AVERAGE         58                        57      1       70

PRECIPITATION (IN)
  YESTERDAY        0.55         MM      MM   0.06   0.49     0.00
  MONTH TO DATE    2.75                      1.28   1.47     0.76
  SINCE OCT 1     14.27                     13.62   0.65    15.33
  SINCE JAN 1      8.04                      7.42   0.62     8.43

SNOWFALL (IN)
  YESTERDAY       MM

DEGREE DAYS
 HEATING
  YESTERDAY        7                         8     -1        0
  MONTH TO DATE  151                       268   -117       87
  SINCE MAR 1   1488                      1552    -64     1343
  SINCE JUL 1   5988                      6123   -135     5660

 COOLING
  YESTERDAY        0                         0      0        5
  MONTH TO DATE    3                         0      3       25
  SINCE MAR 1      3                         0      3       25
  SINCE JAN 1      3                         0      3       25
..................................................................


WIND (MPH)
  HIGHEST WIND SPEED    20   HIGHEST WIND DIRECTION     S (190)
  HIGHEST GUST SPEED    23   HIGHEST GUST DIRECTION     S (190)
  AVERAGE WIND SPEED     4.5


SKY COVER
  POSSIBLE SUNSHINE  MM
  AVERAGE SKY COVER 0.8


WEATHER CONDITIONS
 THE FOLLOWING WEATHER WAS RECORDED YESTERDAY.
  THUNDERSTORM
  HEAVY RAIN
  RAIN
  LIGHT RAIN
  FOG


RELATIVE HUMIDITY (PERCENT)
 HIGHEST    93           300 PM
 LOWEST     52          1100 AM
 AVERAGE    73

..........................................................


THE SPOKANE WA FELTS AIRPORT CLIMATE NORMALS FOR TODAY
                         NORMAL    RECORD    YEAR
 MAXIMUM TEMPERATURE (F)   70        MM        MM
 MINIMUM TEMPERATURE (F)   45        MM        MM


SUNRISE AND SUNSET
MAY 25 2019...........SUNRISE   501 AM PDT   SUNSET   832 PM PDT
MAY 26 2019...........SUNRISE   500 AM PDT   SUNSET   833 PM PDT


-  INDICATES NEGATIVE NUMBERS.
R  INDICATES RECORD WAS SET OR TIED.
MM INDICATES DATA IS MISSING.
T  INDICATES TRACE AMOUNT.




$$
