000
CDUS43 KSGF 260632
CLISGF


CLIMATE REPORT
NATIONAL WEATHER SERVICE SPRINGFIELD MO
131 AM CDT SUN MAY 26 2019


...................................

...THE SPRINGFIELD MO CLIMATE SUMMARY FOR MAY 25 2019...

CLIMATE NORMAL PERIOD 1981 TO 2010
CLIMATE RECORD PERIOD 1888 TO 2019


WEATHER ITEM   OBSERVED TIME   RECORD YEAR NORMAL DEPARTURE LAST
                VALUE   (LST)  VALUE       VALUE  FROM      YEAR
                                                  NORMAL
..................................................................
TEMPERATURE (F)
 YESTERDAY
  MAXIMUM         86    425 PM  90    2012  78      8       87
                                      2006
                                      1962
  MINIMUM         64    524 AM  35    1925  57      7       67
  AVERAGE         75                        67      8       77

PRECIPITATION (IN)
  YESTERDAY        0.11          1.56 1968   0.14  -0.03      T
  MONTH TO DATE   12.01                      4.20   7.81     2.79
  SINCE MAR 1     20.39                     12.14   8.25     8.67
  SINCE JAN 1     26.13                     17.13   9.00    18.20

SNOWFALL (IN)
  YESTERDAY        0.0
  MONTH TO DATE    0.0
  SINCE MAR 1      0.8
  SINCE JUL 1      5.9
  SNOW DEPTH       0

DEGREE DAYS
 HEATING
  YESTERDAY        0                         2     -2        0
  MONTH TO DATE   71                        87    -16        5
  SINCE MAR 1    927                       968    -41      968
  SINCE JUL 1   4479                      4561    -82     4257

 COOLING
  YESTERDAY       10                         4      6       12
  MONTH TO DATE   84                        61     23      192
  SINCE MAR 1    109                        86     23      204
  SINCE JAN 1    109                        86     23      205
..................................................................


WIND (MPH)
  HIGHEST WIND SPEED    21   HIGHEST WIND DIRECTION    SW (230)
  HIGHEST GUST SPEED    28   HIGHEST GUST DIRECTION    SW (210)
  AVERAGE WIND SPEED     9.6


SKY COVER
  AVERAGE SKY COVER 0.4


WEATHER CONDITIONS
 THE FOLLOWING WEATHER WAS RECORDED YESTERDAY.
  RAIN
  LIGHT RAIN
  FOG


RELATIVE HUMIDITY (PERCENT)
 HIGHEST    93           600 AM
 LOWEST     51           200 PM
 AVERAGE    72

..........................................................


THE SPRINGFIELD MO CLIMATE NORMALS FOR TODAY
                         NORMAL    RECORD    YEAR
 MAXIMUM TEMPERATURE (F)   78        93      2012
 MINIMUM TEMPERATURE (F)   58        38      1901


SUNRISE AND SUNSET
MAY 26 2019...........SUNRISE   558 AM CDT   SUNSET   824 PM CDT
MAY 27 2019...........SUNRISE   557 AM CDT   SUNSET   825 PM CDT


-  INDICATES NEGATIVE NUMBERS.
R  INDICATES RECORD WAS SET OR TIED.
MM INDICATES DATA IS MISSING.
T  INDICATES TRACE AMOUNT.




$$
