000
CDUS43 KSGF 250627
CLISGF


CLIMATE REPORT
NATIONAL WEATHER SERVICE SPRINGFIELD MO
126 AM CDT WED APR 25 2018


...................................

...THE SPRINGFIELD MO CLIMATE SUMMARY FOR APRIL 24 2018...

CLIMATE NORMAL PERIOD 1981 TO 2010
CLIMATE RECORD PERIOD 1888 TO 2018


WEATHER ITEM   OBSERVED TIME   RECORD YEAR NORMAL DEPARTURE LAST
                VALUE   (LST)  VALUE       VALUE  FROM      YEAR
                                                  NORMAL
..................................................................
TEMPERATURE (F)
 YESTERDAY
  MAXIMUM         75    359 PM  86    1989  70      5       75
  MINIMUM         43    352 AM  28    1910  47     -4       38
  AVERAGE         59                        58      1       57

PRECIPITATION (IN)
  YESTERDAY        0.00          2.96 1947   0.17  -0.17     0.00
  MONTH TO DATE    1.55                      3.32  -1.77     5.18
  SINCE MAR 1      5.16                      6.94  -1.78     9.97
  SINCE JAN 1     14.69                     11.93   2.76    14.43

SNOWFALL (IN)
  YESTERDAY        0.0
  MONTH TO DATE    0.7
  SINCE MAR 1      0.7
  SINCE JUL 1      6.1
  SNOW DEPTH       0

DEGREE DAYS
 HEATING
  YESTERDAY        6                         8     -2        8
  MONTH TO DATE  386                       261    125      139
  SINCE MAR 1    922                       842     80      555
  SINCE JUL 1   4211                      4435   -224     3244

 COOLING
  YESTERDAY        0                         1     -1        0
  MONTH TO DATE   10                        17     -7       32
  SINCE MAR 1     10                        20    -10       38
  SINCE JAN 1     11                        20     -9       47
..................................................................


WIND (MPH)
  HIGHEST WIND SPEED    18   HIGHEST WIND DIRECTION    NW (330)
  HIGHEST GUST SPEED    25   HIGHEST GUST DIRECTION     N (360)
  AVERAGE WIND SPEED     6.3


SKY COVER
  AVERAGE SKY COVER 0.0


WEATHER CONDITIONS
 THE FOLLOWING WEATHER WAS RECORDED YESTERDAY.
  NO SIGNIFICANT WEATHER WAS OBSERVED.


RELATIVE HUMIDITY (PERCENT)
 HIGHEST    89           400 AM
 LOWEST     31           500 PM
 AVERAGE    60

..........................................................


THE SPRINGFIELD MO CLIMATE NORMALS FOR TODAY
                         NORMAL    RECORD    YEAR
 MAXIMUM TEMPERATURE (F)   70        85      1984
 MINIMUM TEMPERATURE (F)   48        29      1910


SUNRISE AND SUNSET
APRIL 25 2018.........SUNRISE   626 AM CDT   SUNSET   758 PM CDT
APRIL 26 2018.........SUNRISE   625 AM CDT   SUNSET   759 PM CDT


-  INDICATES NEGATIVE NUMBERS.
R  INDICATES RECORD WAS SET OR TIED.
MM INDICATES DATA IS MISSING.
T  INDICATES TRACE AMOUNT.




$$
