000
CDUS45 KBYZ 222223
CLISHR


CLIMATE REPORT
NATIONAL WEATHER SERVICE BILLINGS MT
423 PM MDT FRI MAR 22 2019


...................................

...THE SHERIDAN WY CLIMATE SUMMARY FOR MARCH 22 2019...
VALID TODAY AS OF 0400 PM LOCAL TIME.

CLIMATE NORMAL PERIOD 1981 TO 2010
CLIMATE RECORD PERIOD 1907 TO 2019


WEATHER ITEM   OBSERVED TIME   RECORD YEAR NORMAL DEPARTURE LAST
                VALUE   (LST)  VALUE       VALUE  FROM      YEAR
                                                  NORMAL
..................................................................
TEMPERATURE (F)
 TODAY
  MAXIMUM         59    200 PM  78    1928  51      8       57
                                      1910
  MINIMUM         29    612 AM  -3    1965  24      5       25
  AVERAGE         44                        37      7       41

PRECIPITATION (IN)
  TODAY            0.00          0.91 1931   0.03  -0.03     0.00
  MONTH TO DATE    0.37                      0.63  -0.26     0.21
  SINCE OCT 1      4.28                      4.41  -0.13     5.36
  SINCE JAN 1      1.44                      1.73  -0.29     2.37

DEGREE DAYS
 HEATING
  TODAY           21                        28     -7       24
  MONTH TO DATE  890                       686    204      747
  SINCE MAR 1    890                       686    204      747
  SINCE JUL 1   6570                      6221    349     6487

 COOLING
  TODAY            0                         0      0        0
  MONTH TO DATE    0                         0      0        0
  SINCE MAR 1      0                         0      0        0
  SINCE JAN 1      0                         0      0        0
..................................................................


WIND (MPH)
  HIGHEST WIND SPEED    17   HIGHEST WIND DIRECTION    SE (130)
  HIGHEST GUST SPEED    23   HIGHEST GUST DIRECTION    SE (120)
  AVERAGE WIND SPEED     5.9


SKY COVER
  POSSIBLE SUNSHINE  MM
  AVERAGE SKY COVER 0.0


WEATHER CONDITIONS
 THE FOLLOWING WEATHER WAS RECORDED TODAY.
  NO SIGNIFICANT WEATHER WAS OBSERVED.


RELATIVE HUMIDITY (PERCENT)
 HIGHEST    85           600 AM
 LOWEST     40           200 PM
 AVERAGE    63

..........................................................


THE SHERIDAN WY CLIMATE NORMALS FOR TOMORROW
                         NORMAL    RECORD    YEAR
 MAXIMUM TEMPERATURE (F)   51        76      2012
                                             1993
 MINIMUM TEMPERATURE (F)   24       -16      1965


SUNRISE AND SUNSET
MARCH 22 2019.........SUNRISE   708 AM MDT   SUNSET   723 PM MDT
MARCH 23 2019.........SUNRISE   706 AM MDT   SUNSET   724 PM MDT


-  INDICATES NEGATIVE NUMBERS.
R  INDICATES RECORD WAS SET OR TIED.
MM INDICATES DATA IS MISSING.
T  INDICATES TRACE AMOUNT.




$$
