000
CDUS45 KBYZ 230721
CLISHR


CLIMATE REPORT
NATIONAL WEATHER SERVICE BILLINGS MT
121 AM MDT MON APR 23 2018


...................................

...THE SHERIDAN WY CLIMATE SUMMARY FOR APRIL 22 2018...

CLIMATE NORMAL PERIOD 1981 TO 2010
CLIMATE RECORD PERIOD 1907 TO 2018


WEATHER ITEM   OBSERVED TIME   RECORD YEAR NORMAL DEPARTURE LAST
                VALUE   (LST)  VALUE       VALUE  FROM      YEAR
                                                  NORMAL
..................................................................
TEMPERATURE (F)
 YESTERDAY
  MAXIMUM         70    408 PM  83    1994  59     11       60
                                      1989
                                      1986
  MINIMUM         35    534 AM   4    2013  31      4       37
  AVERAGE         53                        45      8       49

PRECIPITATION (IN)
  YESTERDAY        0.00          1.61 1958   0.06  -0.06     0.00
  MONTH TO DATE    1.12                      1.04   0.08     0.96
  SINCE OCT 1      7.77                      5.80   1.97     9.82
  SINCE JAN 1      4.78                      3.12   1.66     6.09

DEGREE DAYS
 HEATING
  YESTERDAY       12                        20     -8       16
  MONTH TO DATE  577                       495     82      403
  SINCE MAR 1   1581                      1419    162     1138
  SINCE JUL 1   7321                      6954    367     6660

 COOLING
  YESTERDAY        0                         0      0        0
  MONTH TO DATE    0                         0      0        0
  SINCE MAR 1      0                         0      0        0
  SINCE JAN 1      0                         0      0        0
..................................................................


WIND (MPH)
  HIGHEST WIND SPEED    30   HIGHEST WIND DIRECTION    NW (320)
  HIGHEST GUST SPEED    37   HIGHEST GUST DIRECTION    NW (320)
  AVERAGE WIND SPEED     8.1


SKY COVER
  POSSIBLE SUNSHINE  MM
  AVERAGE SKY COVER 0.1


WEATHER CONDITIONS
 THE FOLLOWING WEATHER WAS RECORDED YESTERDAY.
  NO SIGNIFICANT WEATHER WAS OBSERVED.


RELATIVE HUMIDITY (PERCENT)
 HIGHEST    82           600 AM
 LOWEST     28           100 PM
 AVERAGE    55

..........................................................


THE SHERIDAN WY CLIMATE NORMALS FOR TODAY
                         NORMAL    RECORD    YEAR
 MAXIMUM TEMPERATURE (F)   60        85      2012
 MINIMUM TEMPERATURE (F)   32        -2      2013


SUNRISE AND SUNSET
APRIL 23 2018.........SUNRISE   610 AM MDT   SUNSET   803 PM MDT
APRIL 24 2018.........SUNRISE   608 AM MDT   SUNSET   804 PM MDT


-  INDICATES NEGATIVE NUMBERS.
R  INDICATES RECORD WAS SET OR TIED.
MM INDICATES DATA IS MISSING.
T  INDICATES TRACE AMOUNT.




$$
