000
CDUS45 KBYZ 270722
CLISHR


CLIMATE REPORT
NATIONAL WEATHER SERVICE BILLINGS MT
121 AM MDT MON MAY 27 2019


...................................

...THE SHERIDAN WY CLIMATE SUMMARY FOR MAY 26 2019...

CLIMATE NORMAL PERIOD 1981 TO 2010
CLIMATE RECORD PERIOD 1907 TO 2019


WEATHER ITEM   OBSERVED TIME   RECORD YEAR NORMAL DEPARTURE LAST
                VALUE   (LST)  VALUE       VALUE  FROM      YEAR
                                                  NORMAL
..................................................................
TEMPERATURE (F)
 YESTERDAY
  MAXIMUM         73    520 PM  94    1934  70      3       84
  MINIMUM         38    435 AM  30    1932  41     -3       48
  AVERAGE         56                        55      1       66

PRECIPITATION (IN)
  YESTERDAY        T             0.61 2013   0.08  -0.08     0.06
  MONTH TO DATE    3.90                      1.97   1.93     1.57
  SINCE OCT 1     10.11                      8.33   1.78    10.05
  SINCE JAN 1      7.27                      5.65   1.62     7.06

DEGREE DAYS
 HEATING
  YESTERDAY        9                        10     -1        0
  MONTH TO DATE  460                       347    113      218
  SINCE MAR 1   2183                      1913    270     1926
  SINCE JUL 1   7863                      7448    415     7666

 COOLING
  YESTERDAY        0                         0      0        1
  MONTH TO DATE    0                         0      0        3
  SINCE MAR 1      0                         0      0        3
  SINCE JAN 1      0                         0      0        3
..................................................................


WIND (MPH)
  HIGHEST WIND SPEED    30   HIGHEST WIND DIRECTION     W (250)
  HIGHEST GUST SPEED    43   HIGHEST GUST DIRECTION    SW (240)
  AVERAGE WIND SPEED     5.7


SKY COVER
  POSSIBLE SUNSHINE  MM
  AVERAGE SKY COVER 0.3


WEATHER CONDITIONS
 THE FOLLOWING WEATHER WAS RECORDED YESTERDAY.
  LIGHT RAIN


RELATIVE HUMIDITY (PERCENT)
 HIGHEST    85           400 AM
 LOWEST     38           500 PM
 AVERAGE    62

..........................................................


THE SHERIDAN WY CLIMATE NORMALS FOR TODAY
                         NORMAL    RECORD    YEAR
 MAXIMUM TEMPERATURE (F)   70        93      1934
 MINIMUM TEMPERATURE (F)   41        29      1965


SUNRISE AND SUNSET
MAY 27 2019...........SUNRISE   529 AM MDT   SUNSET   842 PM MDT
MAY 28 2019...........SUNRISE   528 AM MDT   SUNSET   843 PM MDT


-  INDICATES NEGATIVE NUMBERS.
R  INDICATES RECORD WAS SET OR TIED.
MM INDICATES DATA IS MISSING.
T  INDICATES TRACE AMOUNT.




$$
