104
CDUS44 KSHV 200738
CLISHV


CLIMATE REPORT
NATIONAL WEATHER SERVICE SHREVEPORT, LA
237 AM CDT WED MAR 20 2019


...................................

...THE SHREVEPORT CLIMATE SUMMARY FOR MARCH 19 2019...

CLIMATE NORMAL PERIOD 1981 TO 2010
CLIMATE RECORD PERIOD 1874 TO 2019


WEATHER ITEM   OBSERVED TIME   RECORD YEAR NORMAL DEPARTURE LAST
                VALUE   (LST)  VALUE       VALUE  FROM      YEAR
                                                  NORMAL
..................................................................
TEMPERATURE (F)
 YESTERDAY
  MAXIMUM         70    425 PM  89    1882  70      0       80
  MINIMUM         46    549 AM  21    1923  47     -1       53
  AVERAGE         58                        59     -1       67

PRECIPITATION (IN)
  YESTERDAY        0.00          4.37 1876   0.12  -0.12     0.00
  MONTH TO DATE    1.62                      2.53  -0.91     2.32
  SINCE DEC 1     20.53                     16.25   4.28    17.06
  SINCE JAN 1      9.26                     11.48  -2.22    12.94

SNOWFALL (IN)
  YESTERDAY        0.0
  MONTH TO DATE    0.0
  SINCE MAR 1      0.0
  SINCE JUL 1      T
  SNOW DEPTH       0

DEGREE DAYS
 HEATING
  YESTERDAY        7                         7      0        0
  MONTH TO DATE  219                       177     42      109
  SINCE MAR 1    219                       177     42      109
  SINCE JUL 1   2028                      2059    -31     1869

 COOLING
  YESTERDAY        0                         1     -1        2
  MONTH TO DATE    5                        17    -12       29
  SINCE MAR 1      5                        17    -12       29
  SINCE JAN 1     25                        27     -2       67
..................................................................


WIND (MPH)
  HIGHEST WIND SPEED    14   HIGHEST WIND DIRECTION    SE (140)
  HIGHEST GUST SPEED    18   HIGHEST GUST DIRECTION    SE (150)
  AVERAGE WIND SPEED     4.5


SKY COVER
  POSSIBLE SUNSHINE  MM
  AVERAGE SKY COVER 0.4


WEATHER CONDITIONS
 THE FOLLOWING WEATHER WAS RECORDED YESTERDAY.
  NO SIGNIFICANT WEATHER WAS OBSERVED.


RELATIVE HUMIDITY (PERCENT)
 HIGHEST    77           200 AM
 LOWEST     28           200 PM
 AVERAGE    53

..........................................................


THE SHREVEPORT CLIMATE NORMALS FOR TODAY
                         NORMAL    RECORD    YEAR
 MAXIMUM TEMPERATURE (F)   71        88      2017
 MINIMUM TEMPERATURE (F)   47        22      1965


SUNRISE AND SUNSET
MARCH 20 2019.........SUNRISE   719 AM CDT   SUNSET   727 PM CDT
MARCH 21 2019.........SUNRISE   718 AM CDT   SUNSET   727 PM CDT


-  INDICATES NEGATIVE NUMBERS.
R  INDICATES RECORD WAS SET OR TIED.
MM INDICATES DATA IS MISSING.
T  INDICATES TRACE AMOUNT.




$$
