000
CDUS44 KSHV 202134
CLISHV


CLIMATE REPORT
NATIONAL WEATHER SERVICE SHREVEPORT, LA
433 PM CDT MON MAY 20 2019


...................................

...THE SHREVEPORT CLIMATE SUMMARY FOR MAY 20 2019...
VALID TODAY AS OF 0400 PM LOCAL TIME.

CLIMATE NORMAL PERIOD 1981 TO 2010
CLIMATE RECORD PERIOD 1874 TO 2019


WEATHER ITEM   OBSERVED TIME   RECORD YEAR NORMAL DEPARTURE LAST
                VALUE   (LST)  VALUE       VALUE  FROM      YEAR
                                                  NORMAL
..................................................................
TEMPERATURE (F)
 TODAY
  MAXIMUM         90    259 PM  94    2005  85      5       92
  MINIMUM         70    142 AM  49    2002  64      6       68
  AVERAGE         80                        74      6       80

PRECIPITATION (IN)
  TODAY            T             2.19 1955   0.15  -0.15     0.00
  MONTH TO DATE    6.55                      3.19   3.36     0.68
  SINCE DEC 1     33.73                     25.24   8.49    27.86
  SINCE JAN 1     22.46                     20.47   1.99    23.74

DEGREE DAYS
 HEATING
  TODAY            0                         0      0        0
  MONTH TO DATE    0                         5     -5        0
  SINCE MAR 1    359                       342     17      280
  SINCE JUL 1   2168                      2224    -56     2040

 COOLING
  TODAY           15                         9      6       15
  MONTH TO DATE  171                       144     27      241
  SINCE MAR 1    265                       269     -4      353
  SINCE JAN 1    285                       279      6      391
..................................................................


WIND (MPH)
  HIGHEST WIND SPEED    23   HIGHEST WIND DIRECTION     S (160)
  HIGHEST GUST SPEED    32   HIGHEST GUST DIRECTION    SE (150)
  AVERAGE WIND SPEED    11.1


SKY COVER
  POSSIBLE SUNSHINE  MM
  AVERAGE SKY COVER 0.8


WEATHER CONDITIONS
 THE FOLLOWING WEATHER WAS RECORDED TODAY.
  LIGHT RAIN
  FOG


RELATIVE HUMIDITY (PERCENT)
 HIGHEST   100           300 AM
 LOWEST     59           300 PM
 AVERAGE    80

..........................................................


THE SHREVEPORT CLIMATE NORMALS FOR TOMORROW
                         NORMAL    RECORD    YEAR
 MAXIMUM TEMPERATURE (F)   85        94      1990
                                             1875
 MINIMUM TEMPERATURE (F)   64        49      1981


SUNRISE AND SUNSET
MAY 20 2019...........SUNRISE   614 AM CDT   SUNSET   810 PM CDT
MAY 21 2019...........SUNRISE   613 AM CDT   SUNSET   811 PM CDT


-  INDICATES NEGATIVE NUMBERS.
R  INDICATES RECORD WAS SET OR TIED.
MM INDICATES DATA IS MISSING.
T  INDICATES TRACE AMOUNT.




$$
