670
CDUS46 KMFR 270836
CLISIY


CLIMATE REPORT
NATIONAL WEATHER SERVICE MEDFORD, OR
136 AM PDT SUN MAY 27 2018


...................................

...THE MONTAGUE CA CLIMATE SUMMARY FOR MAY 26 2018...

CLIMATE NORMAL PERIOD 1981 TO 2010
CLIMATE RECORD PERIOD 1948 TO 2018


WEATHER ITEM   OBSERVED TIME   RECORD YEAR NORMAL DEPARTURE LAST
                VALUE   (LST)  VALUE       VALUE  FROM      YEAR
                                                  NORMAL
..................................................................
TEMPERATURE (F)
 YESTERDAY
  MAXIMUM         65    300 PM  93    1983  75    -10       79
  MINIMUM         46    335 AM  31    1989  42      4       36
  AVERAGE         56                        58     -2       58

PRECIPITATION (IN)
  YESTERDAY        0.00          0.52 1971   0.02  -0.02     0.00
  MONTH TO DATE    1.24                      1.31  -0.07     0.49
  SINCE OCT 1      7.98                     16.22  -8.24    15.39
  SINCE JAN 1      5.71                      9.39  -3.68     7.18

SNOWFALL (IN)
  YESTERDAY       MM                        MM     MM       MM
  MONTH TO DATE    0.0                      MM     MM       MM
  SINCE JUL 1      0.0                      MM     MM       MM
  SNOW DEPTH      MM

DEGREE DAYS
 HEATING
  YESTERDAY        9                         7      2        7
  MONTH TO DATE  126                       256   -130      250
  SINCE MAR 1   1298                      1477   -179     1424
  SINCE JUL 1   5114                      5354   -240     5321

 COOLING
  YESTERDAY        0                         1     -1        0
  MONTH TO DATE    2                        11     -9        8
  SINCE MAR 1      2                        11     -9        8
  SINCE JAN 1      2                        11     -9        8
..................................................................


WIND (MPH)
  HIGHEST WIND SPEED    23   HIGHEST WIND DIRECTION     N (360)
  HIGHEST GUST SPEED    30   HIGHEST GUST DIRECTION     N (10)
  AVERAGE WIND SPEED    12.0


SKY COVER
  POSSIBLE SUNSHINE  MM
  AVERAGE SKY COVER 0.3


WEATHER CONDITIONS
 THE FOLLOWING WEATHER WAS RECORDED YESTERDAY.
  NO SIGNIFICANT WEATHER WAS OBSERVED.


RELATIVE HUMIDITY (PERCENT)
 HIGHEST    93           200 AM
 LOWEST     43          1200 PM

..........................................................


THE MONTAGUE CA CLIMATE NORMALS FOR TODAY
                         NORMAL    RECORD    YEAR
 MAXIMUM TEMPERATURE (F)   75        96      1983
 MINIMUM TEMPERATURE (F)   43        30      1977


SUNRISE AND SUNSET
MAY 27 2018...........SUNRISE   540 AM PDT   SUNSET   834 PM PDT
MAY 28 2018...........SUNRISE   540 AM PDT   SUNSET   835 PM PDT


-  INDICATES NEGATIVE NUMBERS.
R  INDICATES RECORD WAS SET OR TIED.
MM INDICATES DATA IS MISSING.
T  INDICATES TRACE AMOUNT.




$$
