000
CDUS46 KMFR 200037
CLISIY


CLIMATE REPORT
NATIONAL WEATHER SERVICE MEDFORD, OR
537 PM PDT SUN MAY 19 2019


...................................

...THE MONTAGUE CA CLIMATE SUMMARY FOR MAY 19 2019...
VALID TODAY AS OF 0500 PM LOCAL TIME.

CLIMATE NORMAL PERIOD 1981 TO 2010
CLIMATE RECORD PERIOD 1948 TO 2019


WEATHER ITEM   OBSERVED TIME   RECORD YEAR NORMAL DEPARTURE LAST
                VALUE   (LST)  VALUE       VALUE  FROM      YEAR
                                                  NORMAL
..................................................................
TEMPERATURE (F)
 TODAY
  MAXIMUM         64    345 PM  93    2008  73     -9       78
  MINIMUM         38   1208 AM  28    1989  41     -3       47
  AVERAGE         51                        57     -6       63

PRECIPITATION (IN)
  TODAY            0.01          0.67 1981   0.04  -0.03     0.04
  MONTH TO DATE    0.17                      1.10  -0.93     0.45
  SINCE OCT 1     11.39                     16.01  -4.62     7.19
  SINCE JAN 1      7.52                      9.18  -1.66     4.92

SNOWFALL (IN)
  TODAY           MM                        MM     MM       MM
  MONTH TO DATE   MM                        MM     MM        0.0
  SINCE JUL 1     MM                        MM     MM        0.0
  SNOW DEPTH      MM

DEGREE DAYS
 HEATING
  TODAY           14                         9      5        2
  MONTH TO DATE  141                       201    -60      102
  SINCE MAR 1   1177                      1422   -245     1274
  SINCE JUL 1   4673                      5299   -626     5090

 COOLING
  TODAY            0                         1     -1        0
  MONTH TO DATE    1                         4     -3        0
  SINCE MAR 1      1                         4     -3        0
  SINCE JAN 1      1                         4     -3        0
..................................................................


WIND (MPH)
  HIGHEST WIND SPEED    16   HIGHEST WIND DIRECTION    NW (330)
  HIGHEST GUST SPEED    20   HIGHEST GUST DIRECTION    NW (330)
  AVERAGE WIND SPEED     4.2


SKY COVER
  POSSIBLE SUNSHINE  MM
  AVERAGE SKY COVER 0.9


WEATHER CONDITIONS
 THE FOLLOWING WEATHER WAS RECORDED TODAY.
  NO SIGNIFICANT WEATHER WAS OBSERVED.


RELATIVE HUMIDITY (PERCENT)
 HIGHEST    89           300 AM
 LOWEST     34           300 PM

..........................................................


THE MONTAGUE CA CLIMATE NORMALS FOR TOMORROW
                         NORMAL    RECORD    YEAR
 MAXIMUM TEMPERATURE (F)   73        93      1963
 MINIMUM TEMPERATURE (F)   41        35      2003


SUNRISE AND SUNSET
MAY 19 2019...........SUNRISE   546 AM PDT   SUNSET   827 PM PDT
MAY 20 2019...........SUNRISE   546 AM PDT   SUNSET   828 PM PDT


-  INDICATES NEGATIVE NUMBERS.
R  INDICATES RECORD WAS SET OR TIED.
MM INDICATES DATA IS MISSING.
T  INDICATES TRACE AMOUNT.




$$
