000
CDUS46 KMFR 210859
CLISIY


CLIMATE REPORT
NATIONAL WEATHER SERVICE MEDFORD, OR
158 AM PDT THU MAR 21 2019


...................................

...THE MONTAGUE CA CLIMATE SUMMARY FOR MARCH 20 2019...

CLIMATE NORMAL PERIOD 1981 TO 2010
CLIMATE RECORD PERIOD 1948 TO 2019


WEATHER ITEM   OBSERVED TIME   RECORD YEAR NORMAL DEPARTURE LAST
                VALUE   (LST)  VALUE       VALUE  FROM      YEAR
                                                  NORMAL
..................................................................
TEMPERATURE (F)
 YESTERDAY
  MAXIMUM         59    326 PM  77    1960  57      2       51
  MINIMUM         33   1149 PM  19    1994  30      3       38
  AVERAGE         46                        43      3       45

PRECIPITATION (IN)
  YESTERDAY        0.00          0.70 1995   0.07  -0.07     0.02
  MONTH TO DATE    0.36                      1.52  -1.16     1.00
  SINCE OCT 1      9.31                     12.56  -3.25     4.83
  SINCE JAN 1      5.44                      5.73  -0.29     2.56

SNOWFALL (IN)
  YESTERDAY       MM                        MM     MM       MM
  MONTH TO DATE   MM                        MM     MM       MM
  SINCE JUL 1     MM                        MM     MM       MM
  SNOW DEPTH      MM

DEGREE DAYS
 HEATING
  YESTERDAY       19                        22     -3       20
  MONTH TO DATE  436                       445     -9      488
  SINCE MAR 1    436                       445     -9      488
  SINCE JUL 1   3932                      4322   -390     4304

 COOLING
  YESTERDAY        0                         0      0        0
  MONTH TO DATE    0                         0      0        0
  SINCE MAR 1      0                         0      0        0
  SINCE JAN 1      0                         0      0        0
..................................................................


WIND (MPH)
  HIGHEST WIND SPEED    41   HIGHEST WIND DIRECTION     S (170)
  HIGHEST GUST SPEED    50   HIGHEST GUST DIRECTION     S (170)
  AVERAGE WIND SPEED    13.4


SKY COVER
  POSSIBLE SUNSHINE  MM
  AVERAGE SKY COVER 0.5


WEATHER CONDITIONS
 THE FOLLOWING WEATHER WAS RECORDED YESTERDAY.
  NO SIGNIFICANT WEATHER WAS OBSERVED.


RELATIVE HUMIDITY (PERCENT)
 HIGHEST    82          1100 PM
 LOWEST     40          1200 PM

..........................................................


THE MONTAGUE CA CLIMATE NORMALS FOR TODAY
                         NORMAL    RECORD    YEAR
 MAXIMUM TEMPERATURE (F)   57        76      2004
 MINIMUM TEMPERATURE (F)   30        20      1955


SUNRISE AND SUNSET
MARCH 21 2019.........SUNRISE   712 AM PDT   SUNSET   723 PM PDT
MARCH 22 2019.........SUNRISE   710 AM PDT   SUNSET   724 PM PDT


-  INDICATES NEGATIVE NUMBERS.
R  INDICATES RECORD WAS SET OR TIED.
MM INDICATES DATA IS MISSING.
T  INDICATES TRACE AMOUNT.




$$
