000
CDUS46 KMTR 260852
CLISJC


CLIMATE REPORT
NATIONAL WEATHER SERVICE SAN FRANCISCO BAY AREA
151 AM PDT SUN MAY 26 2019


...................................

...THE SAN JOSE AIRPORT CLIMATE SUMMARY FOR MAY 25 2019...

CLIMATE NORMAL PERIOD 1981 TO 2010
CLIMATE RECORD PERIOD 1893 TO 2019


WEATHER ITEM   OBSERVED TIME   RECORD YEAR NORMAL DEPARTURE LAST
                VALUE   (LST)  VALUE       VALUE  FROM      YEAR
                                                  NORMAL
..................................................................
TEMPERATURE (F)
 YESTERDAY
  MAXIMUM         71    331 PM  95    1982  76     -5       66
  MINIMUM         55    632 AM  39    1893  54      1       56
  AVERAGE         63                        65     -2       61

PRECIPITATION (IN)
  YESTERDAY        0.00          1.06 1934   0.01  -0.01      T
  MONTH TO DATE    1.38                      0.44   0.94      T
  SINCE OCT 1     16.37                     14.63   1.74     9.11
  SINCE JAN 1     12.89                      9.85   3.04     7.54

SNOWFALL (IN)
  YESTERDAY        0.0                       0.0    0.0      0.0
  MONTH TO DATE    0.0                       0.0    0.0      0.0
  SINCE MAR 1      0.0                       0.0    0.0      0.0
  SINCE JUL 1      0.0                       0.0    0.0      0.0

DEGREE DAYS
 HEATING
  YESTERDAY        2                         2      0        4
  MONTH TO DATE   97                        86     11       63
  SINCE MAR 1    528                       558    -30      491
  SINCE JUL 1   1977                      2223   -246     1717

 COOLING
  YESTERDAY        0                         2     -2        0
  MONTH TO DATE    1                        34    -33        4
  SINCE MAR 1     20                        51    -31       15
  SINCE JAN 1     20                        51    -31       15
..................................................................


WIND (MPH)
  RESULTANT WIND SPEED   4   RESULTANT WIND DIRECTION  NW (320)
  HIGHEST WIND SPEED    18   HIGHEST WIND DIRECTION     N (340)
  HIGHEST GUST SPEED    22   HIGHEST GUST DIRECTION    NW (320)
  AVERAGE WIND SPEED     7.6


SKY COVER
  POSSIBLE SUNSHINE  MM
  AVERAGE SKY COVER 0.6


WEATHER CONDITIONS
 THE FOLLOWING WEATHER WAS RECORDED YESTERDAY.
  NO SIGNIFICANT WEATHER WAS OBSERVED.


RELATIVE HUMIDITY (PERCENT)
 HIGHEST    93          1200 AM
 LOWEST     52          1100 AM
 AVERAGE    73

..........................................................


THE SAN JOSE AIRPORT CLIMATE NORMALS FOR TODAY
                         NORMAL    RECORD    YEAR
 MAXIMUM TEMPERATURE (F)   76        95      1896
 MINIMUM TEMPERATURE (F)   54        40      1897


SUNRISE AND SUNSET
MAY 26 2019...........SUNRISE   551 AM PDT   SUNSET   818 PM PDT
MAY 27 2019...........SUNRISE   551 AM PDT   SUNSET   819 PM PDT


-  INDICATES NEGATIVE NUMBERS.
R  INDICATES RECORD WAS SET OR TIED.
MM INDICATES DATA IS MISSING.
T  INDICATES TRACE AMOUNT.




$$
