000
CDUS46 KMTR 240827
CLISJC


CLIMATE REPORT
NATIONAL WEATHER SERVICE SAN FRANCISCO BAY AREA
126 AM PDT SUN MAR 24 2019


...................................

...THE SAN JOSE AIRPORT CLIMATE SUMMARY FOR MARCH 23 2019...

CLIMATE NORMAL PERIOD 1981 TO 2010
CLIMATE RECORD PERIOD 1893 TO 2019


WEATHER ITEM   OBSERVED TIME   RECORD YEAR NORMAL DEPARTURE LAST
                VALUE   (LST)  VALUE       VALUE  FROM      YEAR
                                                  NORMAL
..................................................................
TEMPERATURE (F)
 YESTERDAY
  MAXIMUM         62    252 PM  80    2000  66     -4       61
  MINIMUM         46   1157 PM  29    1894  47     -1       39
  AVERAGE         54                        57     -3       50

PRECIPITATION (IN)
  YESTERDAY        0.28          1.02 1907   0.07   0.21     0.00
  MONTH TO DATE    2.24                      2.05   0.19     2.61
  SINCE OCT 1     14.22                     13.32   0.90     7.78
  SINCE JAN 1     10.74                      8.23   2.51     6.21

SNOWFALL (IN)
  YESTERDAY       MM                         0.0   MM        0.0
  MONTH TO DATE    0.0                       0.0    0.0      0.0
  SINCE MAR 1      0.0                       0.0    0.0      0.0
  SINCE JUL 1      0.0                       0.0    0.0      0.0

DEGREE DAYS
 HEATING
  YESTERDAY       11                         8      3       15
  MONTH TO DATE  249                       212     37      237
  SINCE MAR 1    249                       212     37      237
  SINCE JUL 1   1698                      1877   -179     1463

 COOLING
  YESTERDAY        0                         0      0        0
  MONTH TO DATE    0                         0      0        0
  SINCE MAR 1      0                         0      0        0
  SINCE JAN 1      0                         0      0        0
..................................................................


WIND (MPH)
  RESULTANT WIND SPEED   5   RESULTANT WIND DIRECTION  NW (330)
  HIGHEST WIND SPEED    22   HIGHEST WIND DIRECTION    NW (330)
  HIGHEST GUST SPEED    25   HIGHEST GUST DIRECTION     N (340)
  AVERAGE WIND SPEED     8.2


SKY COVER
  POSSIBLE SUNSHINE  MM
  AVERAGE SKY COVER 0.6


WEATHER CONDITIONS
 THE FOLLOWING WEATHER WAS RECORDED YESTERDAY.
  RAIN
  LIGHT RAIN


RELATIVE HUMIDITY (PERCENT)
 HIGHEST    77          1200 AM
 LOWEST     13          1000 PM
 AVERAGE    45

..........................................................


THE SAN JOSE AIRPORT CLIMATE NORMALS FOR TODAY
                         NORMAL    RECORD    YEAR
 MAXIMUM TEMPERATURE (F)   66        81      1896
 MINIMUM TEMPERATURE (F)   47        30      1894


SUNRISE AND SUNSET
MARCH 24 2019.........SUNRISE   705 AM PDT   SUNSET   723 PM PDT
MARCH 25 2019.........SUNRISE   704 AM PDT   SUNSET   724 PM PDT


-  INDICATES NEGATIVE NUMBERS.
R  INDICATES RECORD WAS SET OR TIED.
MM INDICATES DATA IS MISSING.
T  INDICATES TRACE AMOUNT.




$$
