000
CDUS44 KSJT 192226
CLISJT


CLIMATE REPORT
NATIONAL WEATHER SERVICE SAN ANGELO TX
526 PM CDT SUN MAY 19 2019


...................................

...THE SAN ANGELO CLIMATE SUMMARY FOR MAY 19 2019...
VALID TODAY AS OF 0500 PM LOCAL TIME.

CLIMATE NORMAL PERIOD 1981 TO 2010
CLIMATE RECORD PERIOD 1907 TO 2019


WEATHER ITEM   OBSERVED TIME   RECORD YEAR NORMAL DEPARTURE LAST
                VALUE   (LST)  VALUE       VALUE  FROM      YEAR
                                                  NORMAL
..................................................................
TEMPERATURE (F)
 TODAY
  MAXIMUM         86    359 PM 105    2003  88     -2       87
  MINIMUM         50    603 AM  46    1986  63    -13       66
  AVERAGE         68                        75     -7       77

PRECIPITATION (IN)
  TODAY            0.00          1.94 1961   0.09  -0.09      T
  MONTH TO DATE    4.98                      1.50   3.48     5.56
  SINCE MAR 1      8.64                      4.42   4.22     6.89
  SINCE JAN 1      9.24                      6.70   2.54     8.26

DEGREE DAYS
 HEATING
  TODAY            0                         0      0        0
  MONTH TO DATE   24                         8     16        1
  SINCE MAR 1    410                       353     57      254
  SINCE JUL 1   2376                      2314     62     2092

 COOLING
  TODAY            3                        11     -8       12
  MONTH TO DATE   93                       161    -68      239
  SINCE MAR 1    230                       312    -82      411
  SINCE JAN 1    238                       317    -79      430
..................................................................


WIND (MPH)
  HIGHEST WIND SPEED    14   HIGHEST WIND DIRECTION     E (90)
  HIGHEST GUST SPEED    19   HIGHEST GUST DIRECTION     E (80)
  AVERAGE WIND SPEED     7.6


SKY COVER
  POSSIBLE SUNSHINE  MM
  AVERAGE SKY COVER 0.0


WEATHER CONDITIONS
 THE FOLLOWING WEATHER WAS RECORDED TODAY.
  NO SIGNIFICANT WEATHER WAS OBSERVED.


RELATIVE HUMIDITY (PERCENT)
 HIGHEST    80           600 AM
 LOWEST     32           400 PM
 AVERAGE    56

..........................................................


THE SAN ANGELO CLIMATE NORMALS FOR TOMORROW
                         NORMAL    RECORD    YEAR
 MAXIMUM TEMPERATURE (F)   88       104      1927
 MINIMUM TEMPERATURE (F)   63        49      1952
                                             1919


SUNRISE AND SUNSET
MAY 19 2019...........SUNRISE   644 AM CDT   SUNSET   834 PM CDT
MAY 20 2019...........SUNRISE   643 AM CDT   SUNSET   834 PM CDT


-  INDICATES NEGATIVE NUMBERS.
R  INDICATES RECORD WAS SET OR TIED.
MM INDICATES DATA IS MISSING.
T  INDICATES TRACE AMOUNT.




$$
