000
CDUS44 KSJT 210721
CLISJT


CLIMATE REPORT
NATIONAL WEATHER SERVICE SAN ANGELO TX
220 AM CDT THU MAR 21 2019


...................................

...THE SAN ANGELO CLIMATE SUMMARY FOR MARCH 20 2019...

CLIMATE NORMAL PERIOD 1981 TO 2010
CLIMATE RECORD PERIOD 1907 TO 2019


WEATHER ITEM   OBSERVED TIME   RECORD YEAR NORMAL DEPARTURE LAST
                VALUE   (LST)  VALUE       VALUE  FROM      YEAR
                                                  NORMAL
..................................................................
TEMPERATURE (F)
 YESTERDAY
  MAXIMUM         67    534 PM  91    2017  72     -5       71
  MINIMUM         41   1148 PM  17    1965  45     -4       38
  AVERAGE         54                        59     -5       55

PRECIPITATION (IN)
  YESTERDAY        0.00          1.06 1970   0.04  -0.04     0.00
  MONTH TO DATE    0.66                      0.98  -0.32     0.01
  SINCE MAR 1      0.66                      0.98  -0.32     0.01
  SINCE JAN 1      1.26                      3.26  -2.00     1.38

SNOWFALL (IN)
  YESTERDAY        0.0           T    1970   0.0    0.0      0.0
  MONTH TO DATE    0.0                       0.1   -0.1      0.0
  SINCE NOV 1      T                         2.2   -2.2       T
  SINCE JUL 1      T                         2.2   -2.2       T
  SNOW DEPTH       0

DEGREE DAYS
 HEATING
  YESTERDAY       11                         7      4       10
  MONTH TO DATE  281                       190     91      133
  SINCE MAR 1    281                       190     91      133
  SINCE JUL 1   2247                      2151     96     1971

 COOLING
  YESTERDAY        0                         1     -1        0
  MONTH TO DATE    4                        17    -13       32
  SINCE MAR 1      4                        17    -13       32
  SINCE JAN 1     12                        22    -10       51
..................................................................


WIND (MPH)
  HIGHEST WIND SPEED    14   HIGHEST WIND DIRECTION     N (20)
  HIGHEST GUST SPEED    18   HIGHEST GUST DIRECTION    NE (30)
  AVERAGE WIND SPEED     5.3


SKY COVER
  POSSIBLE SUNSHINE  MM
  AVERAGE SKY COVER 0.6


WEATHER CONDITIONS
 THE FOLLOWING WEATHER WAS RECORDED YESTERDAY.
  NO SIGNIFICANT WEATHER WAS OBSERVED.


RELATIVE HUMIDITY (PERCENT)
 HIGHEST    86           400 AM
 LOWEST     45           400 PM
 AVERAGE    66

..........................................................


THE SAN ANGELO CLIMATE NORMALS FOR TODAY
                         NORMAL    RECORD    YEAR
 MAXIMUM TEMPERATURE (F)   73        95      2017
 MINIMUM TEMPERATURE (F)   46        24      1915


SUNRISE AND SUNSET
MARCH 21 2019.........SUNRISE   745 AM CDT   SUNSET   754 PM CDT
MARCH 22 2019.........SUNRISE   744 AM CDT   SUNSET   755 PM CDT


-  INDICATES NEGATIVE NUMBERS.
R  INDICATES RECORD WAS SET OR TIED.
MM INDICATES DATA IS MISSING.
T  INDICATES TRACE AMOUNT.




$$
