000
CDCA42 TJSJ 250441
CLISJU


CLIMATE REPORT
NATIONAL WEATHER SERVICE SAN JUAN, PR
1240 AM AST TUE JUN 25 2019


...................................

...THE SAN JUAN AREA/PR CLIMATE SUMMARY FOR JUNE 24 2019...

CLIMATE NORMAL PERIOD 1981 TO 2010
CLIMATE RECORD PERIOD 1898 TO 2019


WEATHER ITEM   OBSERVED TIME   RECORD YEAR NORMAL DEPARTURE LAST
                VALUE   (LST)  VALUE       VALUE  FROM      YEAR
                                                  NORMAL
..................................................................
TEMPERATURE (F)
 YESTERDAY
  MAXIMUM         89    141 PM  96    1983  89      0       88
  MINIMUM         78    702 AM  70    1951  78      0       77
  AVERAGE         84                        84      0       83

PRECIPITATION (IN)
  YESTERDAY        0.00          2.37 2013   0.14  -0.14      T
  MONTH TO DATE    2.61                      3.60  -0.99     3.12
  SINCE JUN 1      2.61                      3.60  -0.99     3.12
  SINCE JAN 1     12.93                     22.28  -9.35    24.07

SNOWFALL (IN)
  YESTERDAY        0.0                       0.0    0.0      0.0
  MONTH TO DATE    0.0                       0.0    0.0      0.0
  SINCE JUN 1      0.0                       0.0    0.0      0.0
  SINCE JUL 1      0.0                       0.0    0.0      0.0

DEGREE DAYS
 HEATING
  YESTERDAY        0                         0      0        0
  MONTH TO DATE    0                         0      0        0
  SINCE JUN 1      0                         0      0        0
  SINCE JUL 1      0                         0      0        0

 COOLING
  YESTERDAY       19                        18      1       18
  MONTH TO DATE  448                       432     16      434
  SINCE JUN 1    448                       432     16      434
  SINCE JAN 1   2687                      2597     90     2589
..................................................................


WIND (MPH)
  HIGHEST WIND SPEED    23   HIGHEST WIND DIRECTION     E (70)
  HIGHEST GUST SPEED    28   HIGHEST GUST DIRECTION    NE (60)
  AVERAGE WIND SPEED    11.2


SKY COVER
  AVERAGE SKY COVER 0.4


WEATHER CONDITIONS
 THE FOLLOWING WEATHER WAS RECORDED YESTERDAY.
  NO SIGNIFICANT WEATHER WAS OBSERVED.


RELATIVE HUMIDITY (PERCENT)
 HIGHEST    91
 LOWEST     68
 AVERAGE    80

..........................................................


THE SAN JUAN AREA/PR CLIMATE NORMALS FOR TODAY
                         NORMAL    RECORD    YEAR
 MAXIMUM TEMPERATURE (F)   89        97      1983
 MINIMUM TEMPERATURE (F)   78        70      1904


SUNRISE AND SUNSET
JUNE 25 2019..........SUNRISE   550 AM AST   SUNSET   704 PM AST
JUNE 26 2019..........SUNRISE   550 AM AST   SUNSET   704 PM AST


-  INDICATES NEGATIVE NUMBERS.
R  INDICATES RECORD WAS SET OR TIED.
MM INDICATES DATA IS MISSING.
T  INDICATES TRACE AMOUNT.




$$
