000
CDCA42 TJSJ 262134
CLISJU


CLIMATE REPORT
NATIONAL WEATHER SERVICE SAN JUAN, PR
534 PM AST TUE MAR 26 2019


...................................

...THE SAN JUAN AREA/PR CLIMATE SUMMARY FOR MARCH 26 2019...
VALID TODAY AS OF 0500 PM LOCAL TIME.

CLIMATE NORMAL PERIOD 1981 TO 2010
CLIMATE RECORD PERIOD 1898 TO 2019


WEATHER ITEM   OBSERVED TIME   RECORD YEAR NORMAL DEPARTURE LAST
                VALUE   (LST)  VALUE       VALUE  FROM      YEAR
                                                  NORMAL
..................................................................
TEMPERATURE (F)
 TODAY
  MAXIMUM         91    259 PM  92    2013  85      6       84
  MINIMUM         72    455 AM  66    1924  73     -1       73
  AVERAGE         82                        79      3       79

PRECIPITATION (IN)
  TODAY            0.00          1.65 1963   0.07  -0.07     0.01
  MONTH TO DATE    0.96                      1.59  -0.63     2.65
  SINCE MAR 1      0.96                      1.59  -0.63     2.65
  SINCE JAN 1      5.23                      7.74  -2.51    13.01

SNOWFALL (IN)
  TODAY            0.0                       0.0    0.0      0.0
  MONTH TO DATE    0.0                       0.0    0.0      0.0
  SINCE MAR 1      0.0                       0.0    0.0      0.0
  SINCE JUL 1      0.0                       0.0    0.0      0.0

DEGREE DAYS
 HEATING
  TODAY            0                         0      0        0
  MONTH TO DATE    0                         0      0        0
  SINCE MAR 1      0                         0      0        0
  SINCE JUL 1      0                         0      0        0

 COOLING
  TODAY           17                        14      3       14
  MONTH TO DATE  372                       358     14      371
  SINCE MAR 1    372                       358     14      371
  SINCE JAN 1   1146                      1109     37     1149
..................................................................


WIND (MPH)
  HIGHEST WIND SPEED    16   HIGHEST WIND DIRECTION    SE (140)
  HIGHEST GUST SPEED    22   HIGHEST GUST DIRECTION     E (110)
  AVERAGE WIND SPEED     5.0


SKY COVER
  AVERAGE SKY COVER 0.3


WEATHER CONDITIONS
 THE FOLLOWING WEATHER WAS RECORDED TODAY.
  NO SIGNIFICANT WEATHER WAS OBSERVED.


RELATIVE HUMIDITY (PERCENT)
 HIGHEST    87
 LOWEST     44
 AVERAGE    66

..........................................................


THE SAN JUAN AREA/PR CLIMATE NORMALS FOR TOMORROW
                         NORMAL    RECORD    YEAR
 MAXIMUM TEMPERATURE (F)   85        90      2013
 MINIMUM TEMPERATURE (F)   73        67      1962


SUNRISE AND SUNSET
MARCH 26 2019.........SUNRISE   623 AM AST   SUNSET   636 PM AST
MARCH 27 2019.........SUNRISE   623 AM AST   SUNSET   637 PM AST


-  INDICATES NEGATIVE NUMBERS.
R  INDICATES RECORD WAS SET OR TIED.
MM INDICATES DATA IS MISSING.
T  INDICATES TRACE AMOUNT.




$$
