000
CDUS45 KSLC 260030
CLISLC


CLIMATE REPORT
NATIONAL WEATHER SERVICE SALT LAKE CITY UT
629 PM MDT MON MAR 25 2019


...................................

...THE SALT LAKE CITY UT CLIMATE SUMMARY FOR MARCH 25 2019...
VALID TODAY AS OF 0500 PM LOCAL TIME.

CLIMATE NORMAL PERIOD 1981 TO 2010
CLIMATE RECORD PERIOD 1874 TO 2019


WEATHER ITEM   OBSERVED TIME   RECORD YEAR NORMAL DEPARTURE LAST
                VALUE   (LST)  VALUE       VALUE  FROM      YEAR
                                                  NORMAL
..................................................................
TEMPERATURE (F)
 TODAY
  MAXIMUM         61    359 PM  75    2014  56      5       44
                                      1956
  MINIMUM         34    555 AM  14    1965  36     -2       35
  AVERAGE         48                        46      2       40

PRECIPITATION (IN)
  TODAY            0.00          0.68 1975   0.07  -0.07     0.25
  MONTH TO DATE    2.36                      1.41   0.95     2.55
  SINCE OCT 1     10.22                      8.29   1.93     6.56
  SINCE JAN 1      5.38                      3.91   1.47     4.43

SNOWFALL (IN)
  TODAY            0.0           4.5  1975   0.2   -0.2      1.2
  MONTH TO DATE    6.1                       5.4    0.7     10.1
  SINCE OCT 1     41.5                      50.8   -9.3     41.7
  SINCE JUL 1     41.5                      50.8   -9.3     41.7
  SNOW DEPTH       0

DEGREE DAYS
 HEATING
  TODAY           17                        19     -2       25
  MONTH TO DATE  578                       551     27      477
  SINCE MAR 1    578                       551     27      477
  SINCE JUL 1   4642                      4807   -165     4013

 COOLING
  TODAY            0                         0      0        0
  MONTH TO DATE    0                         0      0        0
  SINCE MAR 1      0                         0      0        0
  SINCE JAN 1      0                         0      0        0
..................................................................


WIND (MPH)
  RESULTANT WIND SPEED   8   RESULTANT WIND DIRECTION  SE (150)
  HIGHEST WIND SPEED    14   HIGHEST WIND DIRECTION     S (160)
  HIGHEST GUST SPEED    19   HIGHEST GUST DIRECTION    SE (150)
  AVERAGE WIND SPEED     7.9


SKY COVER
  POSSIBLE SUNSHINE  MM
  AVERAGE SKY COVER 0.4


WEATHER CONDITIONS
 THE FOLLOWING WEATHER WAS RECORDED TODAY.
  NO SIGNIFICANT WEATHER WAS OBSERVED.


RELATIVE HUMIDITY (PERCENT)
 HIGHEST    92           300 AM
 LOWEST     20           400 PM
 AVERAGE    56

..........................................................


THE SALT LAKE CITY UT CLIMATE NORMALS FOR TOMORROW
                         NORMAL    RECORD    YEAR
 MAXIMUM TEMPERATURE (F)   57        78      1960
 MINIMUM TEMPERATURE (F)   36        16      1913


SUNRISE AND SUNSET
MARCH 25 2019.........SUNRISE   723 AM MDT   SUNSET   745 PM MDT
MARCH 26 2019.........SUNRISE   722 AM MDT   SUNSET   746 PM MDT


-  INDICATES NEGATIVE NUMBERS.
R  INDICATES RECORD WAS SET OR TIED.
MM INDICATES DATA IS MISSING.
T  INDICATES TRACE AMOUNT.




$$
