000
CDUS45 KSLC 220040
CLISLC


CLIMATE REPORT
NATIONAL WEATHER SERVICE SALT LAKE CITY UT
639 PM MDT TUE MAY 21 2019


...................................

...THE SALT LAKE CITY UT CLIMATE SUMMARY FOR MAY 21 2019...
VALID TODAY AS OF 0500 PM LOCAL TIME.

CLIMATE NORMAL PERIOD 1981 TO 2010
CLIMATE RECORD PERIOD 1874 TO 2019


WEATHER ITEM   OBSERVED TIME   RECORD YEAR NORMAL DEPARTURE LAST
                VALUE   (LST)  VALUE       VALUE  FROM      YEAR
                                                  NORMAL
..................................................................
TEMPERATURE (F)
 TODAY
  MAXIMUM         55    957 AM  94    2012  74    -19       81
  MINIMUM         44    254 PM  33    1876  49     -5       54
  AVERAGE         50                        61    -11       68

PRECIPITATION (IN)
  TODAY            0.56          1.01 1903   0.06   0.50      T
  MONTH TO DATE    2.00                      1.39   0.61     0.83
  SINCE OCT 1     17.27                     12.05   5.22     9.33
  SINCE JAN 1     12.43                      7.67   4.76     7.20

SNOWFALL (IN)
  TODAY            0.0           T    1975   0.0    0.0      0.0
                                      1952
  MONTH TO DATE    0.0                       0.3   -0.3      0.0
  SINCE OCT 1     46.3                      56.2   -9.9     43.5
  SINCE JUL 1     46.3                      56.2   -9.9     43.5
  SNOW DEPTH       0

DEGREE DAYS
 HEATING
  TODAY           15                         5     10        0
  MONTH TO DATE  161                       163     -2       84
  SINCE MAR 1   1206                      1263    -57      963
  SINCE JUL 1   5270                      5519   -249     4499

 COOLING
  TODAY            0                         2     -2        3
  MONTH TO DATE   21                        24     -3       41
  SINCE MAR 1     21                        28     -7       52
  SINCE JAN 1     21                        28     -7       52
..................................................................


WIND (MPH)
  RESULTANT WIND SPEED   3   RESULTANT WIND DIRECTION  SW (220)
  HIGHEST WIND SPEED    25   HIGHEST WIND DIRECTION    NW (310)
  HIGHEST GUST SPEED    29   HIGHEST GUST DIRECTION    NW (310)
  AVERAGE WIND SPEED     9.7


SKY COVER
  POSSIBLE SUNSHINE  MM
  AVERAGE SKY COVER 0.9


WEATHER CONDITIONS
 THE FOLLOWING WEATHER WAS RECORDED TODAY.
  THUNDERSTORM
  RAIN
  LIGHT RAIN
  FOG


RELATIVE HUMIDITY (PERCENT)
 HIGHEST    92          1200 PM
 LOWEST     51          1000 AM
 AVERAGE    72

..........................................................


THE SALT LAKE CITY UT CLIMATE NORMALS FOR TOMORROW
                         NORMAL    RECORD    YEAR
 MAXIMUM TEMPERATURE (F)   74        89      1989
                                             1967
                                             1934
 MINIMUM TEMPERATURE (F)   50        33      1960


SUNRISE AND SUNSET
MAY 21 2019...........SUNRISE   606 AM MDT   SUNSET   844 PM MDT
MAY 22 2019...........SUNRISE   605 AM MDT   SUNSET   845 PM MDT


-  INDICATES NEGATIVE NUMBERS.
R  INDICATES RECORD WAS SET OR TIED.
MM INDICATES DATA IS MISSING.
T  INDICATES TRACE AMOUNT.




$$
