410
CDUS46 KPQR 241142
CLISLE


CLIMATE REPORT
NATIONAL WEATHER SERVICE PORTLAND OREGON
441 AM PDT SUN MAR 24 2019


...................................

...THE SALEM OR CLIMATE SUMMARY FOR MARCH 23 2019...

CLIMATE NORMAL PERIOD 1981 TO 2010
CLIMATE RECORD PERIOD 1892 TO 2019


WEATHER ITEM   OBSERVED TIME   RECORD YEAR NORMAL DEPARTURE LAST
                VALUE   (LST)  VALUE       VALUE  FROM      YEAR
                                                  NORMAL
..................................................................
TEMPERATURE (F)
 YESTERDAY
  MAXIMUM         57    204 PM  71    1940  58     -1       42
  MINIMUM         40    619 AM  27    1973  38      2       35
                                      1951
                                      1948
  AVERAGE         49                        48      1       39

PRECIPITATION (IN)
  YESTERDAY        0.11          1.35 1938   0.12  -0.01     0.69
  MONTH TO DATE    1.09                      3.05  -1.96     3.04
  SINCE OCT 1     22.98                     29.96  -6.98    27.68
  SINCE JAN 1     11.11                     13.57  -2.46    12.58

DEGREE DAYS
 HEATING
  YESTERDAY       16                        17     -1       26
  MONTH TO DATE  456                       428     28      455
  SINCE MAR 1    456                       428     28      455
  SINCE JUL 1   3455                      3668   -213     3380

 COOLING
  YESTERDAY        0                         0      0        0
  MONTH TO DATE    0                         0      0        0
  SINCE MAR 1      0                         0      0        0
  SINCE JAN 1      0                         0      0        0
..................................................................


WIND (MPH)
  HIGHEST WIND SPEED    12   HIGHEST WIND DIRECTION     W (280)
  HIGHEST GUST SPEED    15   HIGHEST GUST DIRECTION     W (250)
  AVERAGE WIND SPEED     3.3


SKY COVER
  POSSIBLE SUNSHINE  MM
  AVERAGE SKY COVER 0.6


WEATHER CONDITIONS
 THE FOLLOWING WEATHER WAS RECORDED YESTERDAY.
  LIGHT RAIN
  FOG
  FOG W/VISIBILITY <= 1/4 MILE


RELATIVE HUMIDITY (PERCENT)
 HIGHEST   100           200 AM
 LOWEST     55           100 PM
 AVERAGE    78

..........................................................


THE SALEM OR CLIMATE NORMALS FOR TODAY
                         NORMAL    RECORD    YEAR
 MAXIMUM TEMPERATURE (F)   58        70      2014
                                             1979
 MINIMUM TEMPERATURE (F)   38        28      1969
                                             1899


SUNRISE AND SUNSET
MARCH 24 2019.........SUNRISE   708 AM PDT   SUNSET   729 PM PDT
MARCH 25 2019.........SUNRISE   706 AM PDT   SUNSET   731 PM PDT


-  INDICATES NEGATIVE NUMBERS.
R  INDICATES RECORD WAS SET OR TIED.
MM INDICATES DATA IS MISSING.
T  INDICATES TRACE AMOUNT.




$$
