000
CDUS46 KPQR 260225
CLISLE


CLIMATE REPORT
NATIONAL WEATHER SERVICE PORTLAND OREGON
724 PM PDT SAT MAY 25 2019


...................................

...THE SALEM OR CLIMATE SUMMARY FOR MAY 25 2019...
VALID TODAY AS OF 0700 PM LOCAL TIME.

CLIMATE NORMAL PERIOD 1981 TO 2010
CLIMATE RECORD PERIOD 1892 TO 2019


WEATHER ITEM   OBSERVED TIME   RECORD YEAR NORMAL DEPARTURE LAST
                VALUE   (LST)  VALUE       VALUE  FROM      YEAR
                                                  NORMAL
..................................................................
TEMPERATURE (F)
 TODAY
  MAXIMUM         56   1130 AM  90    1947  70    -14       68
  MINIMUM         48    452 AM  31    1920  47      1       52
  AVERAGE         52                        58     -6       60

PRECIPITATION (IN)
  TODAY            0.42          0.88 1895   0.08   0.34     0.00
  MONTH TO DATE    1.61                      1.77  -0.16     0.19
  SINCE OCT 1     30.31                     35.48  -5.17    33.32
  SINCE JAN 1     18.44                     19.09  -0.65    18.22

DEGREE DAYS
 HEATING
  TODAY           13                         7      6        5
  MONTH TO DATE  168                       238    -70      104
  SINCE MAR 1   1097                      1241   -144     1069
  SINCE JUL 1   4096                      4481   -385     3994

 COOLING
  TODAY            0                         0      0        0
  MONTH TO DATE    6                         0      6       12
  SINCE MAR 1      6                         0      6       12
  SINCE JAN 1      6                         0      6       12
..................................................................


WIND (MPH)
  HIGHEST WIND SPEED    14   HIGHEST WIND DIRECTION     W (290)
  HIGHEST GUST SPEED    18   HIGHEST GUST DIRECTION     W (280)
  AVERAGE WIND SPEED     7.0


SKY COVER
  POSSIBLE SUNSHINE  MM
  AVERAGE SKY COVER 0.9


WEATHER CONDITIONS
 THE FOLLOWING WEATHER WAS RECORDED TODAY.
  RAIN
  LIGHT RAIN
  FOG


RELATIVE HUMIDITY (PERCENT)
 HIGHEST    93           300 AM
 LOWEST     66          1200 PM
 AVERAGE    80

..........................................................


THE SALEM OR CLIMATE NORMALS FOR TOMORROW
                         NORMAL    RECORD    YEAR
 MAXIMUM TEMPERATURE (F)   70        91      2005
 MINIMUM TEMPERATURE (F)   47        34      1973
                                             1930


SUNRISE AND SUNSET
MAY 25 2019...........SUNRISE   534 AM PDT   SUNSET   845 PM PDT
MAY 26 2019...........SUNRISE   533 AM PDT   SUNSET   846 PM PDT


-  INDICATES NEGATIVE NUMBERS.
R  INDICATES RECORD WAS SET OR TIED.
MM INDICATES DATA IS MISSING.
T  INDICATES TRACE AMOUNT.




$$
