722
CDUS41 KBTV 260537
CLISLK


CLIMATE REPORT
NATIONAL WEATHER SERVICE BURLINGTON VT
134 AM EDT SUN MAY 26 2019


...................................

...THE SARANAC LAKE NY CLIMATE SUMMARY FOR MAY 25 2019...

CLIMATE NORMAL PERIOD 1981 TO 2010
CLIMATE RECORD PERIOD 9999 TO 9999


WEATHER ITEM   OBSERVED TIME   NORMAL DEPARTURE LAST
                VALUE   (LST)  VALUE  FROM      YEAR
                                      NORMAL
......................................................
TEMPERATURE (F)
 YESTERDAY
  MAXIMUM         63   1253 PM  67     -4       77
  MINIMUM         41   1235 AM  40      1       46
  AVERAGE         52            53     -1       62

PRECIPITATION (IN)
  YESTERDAY        0.90          0.12   0.78     0.05
  MONTH TO DATE    5.07          2.69   2.38     2.23
  SINCE MAR 1      9.23          7.86   1.37     7.43
  SINCE JAN 1     13.36         11.60   1.76    12.63

DEGREE DAYS
 HEATING
  YESTERDAY       13            12      1        3
  MONTH TO DATE  425           398     27      338
  SINCE MAR 1   2516          2464     52     2579
  SINCE JUL 1   8952          9169   -217     8977

 COOLING
  YESTERDAY        0             0      0        0
  MONTH TO DATE    0             0      0        0
  SINCE MAR 1      0             0      0        0
  SINCE JAN 1      0             0      0        0
......................................................


WIND (MPH)
  HIGHEST WIND SPEED    17   HIGHEST WIND DIRECTION    SW (220)
  HIGHEST GUST SPEED    23   HIGHEST GUST DIRECTION    SW (220)
  AVERAGE WIND SPEED     6.3


SKY COVER
  AVERAGE SKY COVER 0.7


WEATHER CONDITIONS
 THE FOLLOWING WEATHER WAS RECORDED YESTERDAY.
  THUNDERSTORM
  HEAVY RAIN
  RAIN
  LIGHT RAIN
  FOG
  FOG W/VISIBILITY <= 1/4 MILE


RELATIVE HUMIDITY (PERCENT)
 HIGHEST   100           100 AM
 LOWEST     55          1100 AM
 AVERAGE    78

..........................................................


THE SARANAC LAKE NY CLIMATE NORMALS FOR TODAY
                         NORMAL    RECORD    YEAR
 MAXIMUM TEMPERATURE (F)   67        90      2010
 MINIMUM TEMPERATURE (F)   41        26      2009
                                             1909


SUNRISE AND SUNSET
MAY 26 2019...........SUNRISE   520 AM EDT   SUNSET   829 PM EDT
MAY 27 2019...........SUNRISE   519 AM EDT   SUNSET   830 PM EDT


-  INDICATES NEGATIVE NUMBERS.
R  INDICATES RECORD WAS SET OR TIED.
MM INDICATES DATA IS MISSING.
T  INDICATES TRACE AMOUNT.




$$
