000
CDUS41 KBTV 200559
CLISLK


CLIMATE REPORT
NATIONAL WEATHER SERVICE BURLINGTON VT
159 AM EDT WED MAR 20 2019


...................................

...THE SARANAC LAKE NY CLIMATE SUMMARY FOR MARCH 19 2019...

CLIMATE NORMAL PERIOD 1981 TO 2010
CLIMATE RECORD PERIOD 9999 TO 9999


WEATHER ITEM   OBSERVED TIME   NORMAL DEPARTURE LAST
                VALUE   (LST)  VALUE  FROM      YEAR
                                      NORMAL
......................................................
TEMPERATURE (F)
 YESTERDAY
  MAXIMUM         32    343 PM  38     -6       25
  MINIMUM         -1    653 AM  14    -15      -19
  AVERAGE         16            26    -10        3

PRECIPITATION (IN)
  YESTERDAY        0.00          0.08  -0.08     0.00
  MONTH TO DATE    0.50          1.24  -0.74     0.37
  SINCE MAR 1      0.50          1.24  -0.74     0.37
  SINCE JAN 1      4.63          4.98  -0.35     5.57

DEGREE DAYS
 HEATING
  YESTERDAY       49            39     10       62
  MONTH TO DATE  883           820     63      784
  SINCE MAR 1    883           820     63      784
  SINCE JUL 1   7319          7525   -206     7182

 COOLING
  YESTERDAY        0             0      0        0
  MONTH TO DATE    0             0      0        0
  SINCE MAR 1      0             0      0        0
  SINCE JAN 1      0             0      0        0
......................................................


WIND (MPH)
  HIGHEST WIND SPEED    17   HIGHEST WIND DIRECTION    SW (230)
  HIGHEST GUST SPEED    21   HIGHEST GUST DIRECTION     W (260)
  AVERAGE WIND SPEED     3.0


SKY COVER
  AVERAGE SKY COVER 0.2


WEATHER CONDITIONS
 THE FOLLOWING WEATHER WAS RECORDED YESTERDAY.
  NO SIGNIFICANT WEATHER WAS OBSERVED.


RELATIVE HUMIDITY (PERCENT)
 HIGHEST    92           200 AM
 LOWEST     28           100 PM
 AVERAGE    60

..........................................................


THE SARANAC LAKE NY CLIMATE NORMALS FOR TODAY
                         NORMAL    RECORD    YEAR
 MAXIMUM TEMPERATURE (F)   38        76      1903
 MINIMUM TEMPERATURE (F)   14       -15      2018


SUNRISE AND SUNSET
MARCH 20 2019.........SUNRISE   700 AM EDT   SUNSET   709 PM EDT
MARCH 21 2019.........SUNRISE   659 AM EDT   SUNSET   710 PM EDT


-  INDICATES NEGATIVE NUMBERS.
R  INDICATES RECORD WAS SET OR TIED.
MM INDICATES DATA IS MISSING.
T  INDICATES TRACE AMOUNT.




$$
