000
CDUS43 KICT 260624
CLISLN


CLIMATE REPORT
NATIONAL WEATHER SERVICE WICHITA KS
124 AM CDT TUE MAR 26 2019


...................................

...THE SALINA KS CLIMATE SUMMARY FOR MARCH 25 2019...

CLIMATE NORMAL PERIOD 1981 TO 2010
CLIMATE RECORD PERIOD 1894 TO 2019


WEATHER ITEM   OBSERVED TIME   RECORD YEAR NORMAL DEPARTURE LAST
                VALUE   (LST)  VALUE       VALUE  FROM      YEAR
                                                  NORMAL
..................................................................
TEMPERATURE (F)
 YESTERDAY
  MAXIMUM         60    353 PM  93    1907  60      0       58
  MINIMUM         42   1152 PM   2    1955  37      5       38
  AVERAGE         51                        48      3       48

PRECIPITATION (IN)
  YESTERDAY        0.00          1.41 1959   0.09  -0.09     0.00
  MONTH TO DATE    1.03                      1.84  -0.81     0.74
  SINCE MAR 1      1.03                      1.84  -0.81     0.74
  SINCE JAN 1      3.36                      3.64  -0.28     1.22

DEGREE DAYS
 HEATING
  YESTERDAY       14                        17     -3       17
  MONTH TO DATE  656                       514    142      419
  SINCE MAR 1    656                       514    142      419
  SINCE JUL 1   4836                      4355    481     3984

 COOLING
  YESTERDAY        0                         0      0        0
  MONTH TO DATE    0                         0      0        0
  SINCE MAR 1      0                         0      0        0
  SINCE JAN 1      0                         0      0        0
..................................................................


WIND (MPH)
  HIGHEST WIND SPEED    16   HIGHEST WIND DIRECTION     N (350)
  HIGHEST GUST SPEED    19   HIGHEST GUST DIRECTION     N (350)
  AVERAGE WIND SPEED     8.0


SKY COVER
  POSSIBLE SUNSHINE  MM
  AVERAGE SKY COVER 0.8


WEATHER CONDITIONS
 THE FOLLOWING WEATHER WAS RECORDED YESTERDAY.
  FOG


RELATIVE HUMIDITY (PERCENT)
 HIGHEST    93           500 AM
 LOWEST     42           400 PM
 AVERAGE    68

..........................................................


THE SALINA KS CLIMATE NORMALS FOR TODAY
                         NORMAL    RECORD    YEAR
 MAXIMUM TEMPERATURE (F)   61        86      1910
 MINIMUM TEMPERATURE (F)   37         0      1955


SUNRISE AND SUNSET
MARCH 26 2019.........SUNRISE   725 AM CDT   SUNSET   748 PM CDT
MARCH 27 2019.........SUNRISE   723 AM CDT   SUNSET   749 PM CDT


-  INDICATES NEGATIVE NUMBERS.
R  INDICATES RECORD WAS SET OR TIED.
MM INDICATES DATA IS MISSING.
T  INDICATES TRACE AMOUNT.




$$
