000
CDUS43 KICT 220635
CLISLN


CLIMATE REPORT
NATIONAL WEATHER SERVICE WICHITA KS
135 AM CDT THU AUG 22 2019


...................................

...THE SALINA KS CLIMATE SUMMARY FOR AUGUST 21 2019...

CLIMATE NORMAL PERIOD 1981 TO 2010
CLIMATE RECORD PERIOD 1894 TO 2019


WEATHER ITEM   OBSERVED TIME   RECORD YEAR NORMAL DEPARTURE LAST
                VALUE   (LST)  VALUE       VALUE  FROM      YEAR
                                                  NORMAL
..................................................................
TEMPERATURE (F)
 YESTERDAY
  MAXIMUM         83   1211 AM 108    1922  91     -8       80
  MINIMUM         71   1141 AM  46    1956  68      3       60
  AVERAGE         77                        79     -2       70

PRECIPITATION (IN)
  YESTERDAY        0.08          3.21 1984   0.12  -0.04      T
  MONTH TO DATE    6.27                      2.74   3.53     4.20
  SINCE JUN 1     13.62                     11.14   2.48    10.48
  SINCE JAN 1     28.38                     23.13   5.25    15.00

DEGREE DAYS
 HEATING
  YESTERDAY        0                         0      0        0
  MONTH TO DATE    0                         0      0        0
  SINCE JUN 1      1                         7     -6        0
  SINCE JUL 1      0                         0      0        0

 COOLING
  YESTERDAY       12                        14     -2        5
  MONTH TO DATE  310                       324    -14      254
  SINCE JUN 1   1095                      1150    -55     1260
  SINCE JAN 1   1183                      1278    -95     1595
..................................................................


WIND (MPH)
  HIGHEST WIND SPEED    24   HIGHEST WIND DIRECTION     S (170)
  HIGHEST GUST SPEED    31   HIGHEST GUST DIRECTION     S (170)
  AVERAGE WIND SPEED     8.3


SKY COVER
  POSSIBLE SUNSHINE  MM
  AVERAGE SKY COVER 0.3


WEATHER CONDITIONS
 THE FOLLOWING WEATHER WAS RECORDED YESTERDAY.
  THUNDERSTORM
  LIGHT RAIN


RELATIVE HUMIDITY (PERCENT)
 HIGHEST    87           800 PM
 LOWEST     69           100 AM
 AVERAGE    78

..........................................................


THE SALINA KS CLIMATE NORMALS FOR TODAY
                         NORMAL    RECORD    YEAR
 MAXIMUM TEMPERATURE (F)   91       105      2000
 MINIMUM TEMPERATURE (F)   68        50      1922


SUNRISE AND SUNSET
AUGUST 22 2019........SUNRISE   650 AM CDT   SUNSET   816 PM CDT
AUGUST 23 2019........SUNRISE   651 AM CDT   SUNSET   814 PM CDT


-  INDICATES NEGATIVE NUMBERS.
R  INDICATES RECORD WAS SET OR TIED.
MM INDICATES DATA IS MISSING.
T  INDICATES TRACE AMOUNT.




$$
