583
CDUS46 KLOX 220214
CLISMX


CLIMATE REPORT
NATIONAL WEATHER SERVICE LOS ANGELES/OXNARD CA
714 PM PDT THU MAR 21 2019


...................................

...THE SANTA MARIA AIRPORT CA CLIMATE SUMMARY FOR MARCH 21 2019...
VALID TODAY AS OF 0700 PM LOCAL TIME.

CLIMATE NORMAL PERIOD 1981 TO 2010
CLIMATE RECORD PERIOD 1906 TO 2019


WEATHER ITEM   OBSERVED TIME   RECORD YEAR NORMAL DEPARTURE LAST
                VALUE   (LST)  VALUE       VALUE  FROM      YEAR
                                                  NORMAL
..................................................................
TEMPERATURE (F)
 TODAY
  MAXIMUM         63    200 PM  86    1931  65     -2       62
  MINIMUM         47    200 AM  31    1924  43      4       56
  AVERAGE         55                        54      1       59

PRECIPITATION (IN)
  TODAY            0.09          1.49 1937   0.07   0.02     1.07
  MONTH TO DATE    2.78                      1.97   0.81     2.48
  SINCE OCT 1     13.94                     11.76   2.18     4.64
  SINCE JAN 1     11.20                      7.71   3.49     4.52

SNOWFALL (IN)
  TODAY           MM
  MONTH TO DATE    0.0
  SINCE MAR 1      0.0
  SINCE JUL 1      0.0

DEGREE DAYS
 HEATING
  TODAY           10                        11     -1
  MONTH TO DATE  201                       231    -30
  SINCE MAR 1    201                       231    -30
  SINCE JUL 1   1452                      2064   -612

 COOLING
  TODAY            0                         0      0
  MONTH TO DATE    0                         0      0
  SINCE MAR 1      0                         0      0
  SINCE JAN 1      0                         1     -1
..................................................................


WIND (MPH)
  HIGHEST WIND SPEED    14   HIGHEST WIND DIRECTION     W (260)
  HIGHEST GUST SPEED    MM   HIGHEST GUST DIRECTION    MM
  AVERAGE WIND SPEED     6.2


SKY COVER
  POSSIBLE SUNSHINE  MM
  AVERAGE SKY COVER 0.8


WEATHER CONDITIONS
 THE FOLLOWING WEATHER WAS RECORDED TODAY.
  LIGHT RAIN
  FOG


RELATIVE HUMIDITY (PERCENT)
 HIGHEST    93          1200 AM
 LOWEST     64          1100 AM
 AVERAGE    79

..........................................................


THE SANTA MARIA AIRPORT CA CLIMATE NORMALS FOR TOMORROW
                         NORMAL    RECORD    YEAR
 MAXIMUM TEMPERATURE (F)   65        86      1926
 MINIMUM TEMPERATURE (F)   43        30      1935


SUNRISE AND SUNSET
MARCH 21 2019.........SUNRISE   704 AM PDT   SUNSET   714 PM PDT
MARCH 22 2019.........SUNRISE   703 AM PDT   SUNSET   715 PM PDT


-  INDICATES NEGATIVE NUMBERS.
R  INDICATES RECORD WAS SET OR TIED.
MM INDICATES DATA IS MISSING.
T  INDICATES TRACE AMOUNT.




$$
