348
CDUS46 KLOX 270124
CLISMX


CLIMATE REPORT
NATIONAL WEATHER SERVICE LOS ANGELES/OXNARD CA
624 PM PDT SUN MAY 26 2019


...................................

...THE SANTA MARIA AIRPORT CA CLIMATE SUMMARY FOR MAY 26 2019...
VALID TODAY AS OF 0600 PM LOCAL TIME.

CLIMATE NORMAL PERIOD 1981 TO 2010
CLIMATE RECORD PERIOD 1906 TO 2019


WEATHER ITEM   OBSERVED TIME   RECORD YEAR NORMAL DEPARTURE LAST
                VALUE   (LST)  VALUE       VALUE  FROM      YEAR
                                                  NORMAL
..................................................................
TEMPERATURE (F)
 TODAY
  MAXIMUM         63    338 PM  84    1974  69     -6       66
  MINIMUM         53    732 AM  36    1929  48      5       52
  AVERAGE         58                        59     -1       59

PRECIPITATION (IN)
  TODAY            0.11          0.25 1934   0.01   0.10     0.00
  MONTH TO DATE    0.91                      0.29   0.62      T
  SINCE OCT 1     15.68                     13.70   1.98     6.01
  SINCE JAN 1     12.94                      9.65   3.29     5.89

SNOWFALL (IN)
  TODAY            0.0
  MONTH TO DATE    0.0
  SINCE MAR 1      0.0
  SINCE JUL 1      0.0

DEGREE DAYS
 HEATING
  TODAY            7                         7      0
  MONTH TO DATE  116                       192    -76
  SINCE MAR 1    560                       818   -258
  SINCE JUL 1   1811                      2651   -840

 COOLING
  TODAY            0                         0      0
  MONTH TO DATE    0                         0      0
  SINCE MAR 1      2                         5     -3
  SINCE JAN 1      2                         6     -4
..................................................................


WIND (MPH)
  HIGHEST WIND SPEED    21   HIGHEST WIND DIRECTION     W (290)
  HIGHEST GUST SPEED    25   HIGHEST GUST DIRECTION     W (290)
  AVERAGE WIND SPEED     7.6


SKY COVER
  POSSIBLE SUNSHINE  MM
  AVERAGE SKY COVER 1.0


WEATHER CONDITIONS
 THE FOLLOWING WEATHER WAS RECORDED TODAY.
  RAIN
  LIGHT RAIN
  FOG
  HAZE


RELATIVE HUMIDITY (PERCENT)
 HIGHEST    93           700 AM
 LOWEST     62           400 PM
 AVERAGE    78

..........................................................


THE SANTA MARIA AIRPORT CA CLIMATE NORMALS FOR TOMORROW
                         NORMAL    RECORD    YEAR
 MAXIMUM TEMPERATURE (F)   69        93      1973
 MINIMUM TEMPERATURE (F)   49        36      1918


SUNRISE AND SUNSET
MAY 26 2019...........SUNRISE   552 AM PDT   SUNSET   806 PM PDT
MAY 27 2019...........SUNRISE   551 AM PDT   SUNSET   807 PM PDT


-  INDICATES NEGATIVE NUMBERS.
R  INDICATES RECORD WAS SET OR TIED.
MM INDICATES DATA IS MISSING.
T  INDICATES TRACE AMOUNT.




$$
