000
CDUS46 KSGX 221219
CLISNA


CLIMATE REPORT
NATIONAL WEATHER SERVICE SAN DIEGO, CA
519 AM PDT WED MAY 22 2019


...................................

...THE JOHN WAYNE AIRPORT CA CLIMATE SUMMARY FOR MAY 21 2019...

CLIMATE NORMAL PERIOD 1981 TO 2010
CLIMATE RECORD PERIOD 1999 TO 2019


WEATHER ITEM   OBSERVED TIME   RECORD YEAR NORMAL DEPARTURE LAST
                VALUE   (LST)  VALUE       VALUE  FROM      YEAR
                                                  NORMAL
..................................................................
TEMPERATURE (F)
 YESTERDAY
  MAXIMUM         66   1233 PM  81    2005  72     -6       65
  MINIMUM         55    427 AM  54    2002  59     -4       59
  AVERAGE         61                        66     -5       62

PRECIPITATION (IN)
  YESTERDAY        0.00          0.01 2006   0.00   0.00      T
                                      2006
                                      2015
  MONTH TO DATE    0.32                      0.22   0.10     0.06
  SINCE OCT 1     17.83                     12.95   4.88     2.77
  SINCE JAN 1     12.29                      8.87   3.42     2.76

DEGREE DAYS
 HEATING
  YESTERDAY        4                         1      3        3
  MONTH TO DATE   32                        32      0       33
  SINCE MAR 1    224                       333   -109      240
  SINCE JUL 1    988                      1239   -251      704

 COOLING
  YESTERDAY        0                         1     -1        0
  MONTH TO DATE    3                        21    -18       15
  SINCE MAR 1     30                        42    -12       42
  SINCE JAN 1     32                        50    -18       68
..................................................................


WIND (MPH)
  RESULTANT WIND SPEED   5   RESULTANT WIND DIRECTION  SW (210)
  HIGHEST WIND SPEED    18   HIGHEST WIND DIRECTION    SW (230)
  HIGHEST GUST SPEED    25   HIGHEST GUST DIRECTION    SW (230)
  AVERAGE WIND SPEED     8.7


SKY COVER
  POSSIBLE SUNSHINE  MM
  AVERAGE SKY COVER 0.5


WEATHER CONDITIONS
 THE FOLLOWING WEATHER WAS RECORDED YESTERDAY.
  NO SIGNIFICANT WEATHER WAS OBSERVED.


RELATIVE HUMIDITY (PERCENT)
 HIGHEST    77          1200 AM
 LOWEST     56          1100 AM
 AVERAGE    67

..........................................................


THE JOHN WAYNE AIRPORT CA CLIMATE NORMALS FOR TODAY
                         NORMAL    RECORD    YEAR
 MAXIMUM TEMPERATURE (F)   72        79      2005
 MINIMUM TEMPERATURE (F)   59        54      2002


SUNRISE AND SUNSET
MAY 22 2019...........SUNRISE   546 AM PDT   SUNSET   750 PM PDT
MAY 23 2019...........SUNRISE   546 AM PDT   SUNSET   751 PM PDT


-  INDICATES NEGATIVE NUMBERS.
R  INDICATES RECORD WAS SET OR TIED.
MM INDICATES DATA IS MISSING.
T  INDICATES TRACE AMOUNT.




$$
