000
CDUS46 KSGX 220022
CLISNA


CLIMATE REPORT
NATIONAL WEATHER SERVICE SAN DIEGO, CA
522 PM PDT SAT APR 21 2018


...................................

...THE JOHN WAYNE AIRPORT CA CLIMATE SUMMARY FOR APRIL 21 2018...
VALID TODAY AS OF 0500 PM LOCAL TIME.

CLIMATE NORMAL PERIOD 1981 TO 2010
CLIMATE RECORD PERIOD 1999 TO 2018


WEATHER ITEM   OBSERVED TIME   RECORD YEAR NORMAL DEPARTURE LAST
                VALUE   (LST)  VALUE       VALUE  FROM      YEAR
                                                  NORMAL
..................................................................
TEMPERATURE (F)
 TODAY
  MAXIMUM         80   1212 PM  88    2009  70     10       82
  MINIMUM         53    442 AM  49    2008  54     -1       58
                                      2007
  AVERAGE         67                        62      5       70

PRECIPITATION (IN)
  TODAY            0.00          0.11 2001   0.03  -0.03     0.00
  MONTH TO DATE    0.05                      0.61  -0.56     0.04
  SINCE OCT 1      2.71                     12.45  -9.74    15.80
  SINCE JAN 1      2.70                      8.37  -5.67     9.61

DEGREE DAYS
 HEATING
  TODAY            0                         4     -4        0
  MONTH TO DATE   44                        93    -49       30
  SINCE MAR 1    190                       274    -84      114
  SINCE JUL 1    654                      1180   -526      855

 COOLING
  TODAY            2                         1      1        5
  MONTH TO DATE   24                         3     21       15
  SINCE MAR 1     24                        10     14       23
  SINCE JAN 1     50                        18     32       23
..................................................................


WIND (MPH)
  RESULTANT WIND SPEED   2   RESULTANT WIND DIRECTION   S (200)
  HIGHEST WIND SPEED    12   HIGHEST WIND DIRECTION    SW (220)
  HIGHEST GUST SPEED    14   HIGHEST GUST DIRECTION    SW (210)
  AVERAGE WIND SPEED     4.0


SKY COVER
  POSSIBLE SUNSHINE  MM
  AVERAGE SKY COVER 0.2


WEATHER CONDITIONS
 THE FOLLOWING WEATHER WAS RECORDED TODAY.
  NO SIGNIFICANT WEATHER WAS OBSERVED.


RELATIVE HUMIDITY (PERCENT)
 HIGHEST    93           100 AM
 LOWEST     33          1000 AM
 AVERAGE    63

..........................................................


THE JOHN WAYNE AIRPORT CA CLIMATE NORMALS FOR TOMORROW
                         NORMAL    RECORD    YEAR
 MAXIMUM TEMPERATURE (F)   70        85      2017
 MINIMUM TEMPERATURE (F)   55        48      2010
                                             2001


SUNRISE AND SUNSET
APRIL 21 2018.........SUNRISE   614 AM PDT   SUNSET   727 PM PDT
APRIL 22 2018.........SUNRISE   613 AM PDT   SUNSET   728 PM PDT


-  INDICATES NEGATIVE NUMBERS.
R  INDICATES RECORD WAS SET OR TIED.
MM INDICATES DATA IS MISSING.
T  INDICATES TRACE AMOUNT.




$$
