000
CDUS46 KSGX 230027
CLISNA


CLIMATE REPORT
NATIONAL WEATHER SERVICE SAN DIEGO, CA
526 PM PDT FRI MAR 22 2019


...................................

...THE JOHN WAYNE AIRPORT CA CLIMATE SUMMARY FOR MARCH 22 2019...
VALID TODAY AS OF 0500 PM LOCAL TIME.

CLIMATE NORMAL PERIOD 1981 TO 2010
CLIMATE RECORD PERIOD 1999 TO 2019


WEATHER ITEM   OBSERVED TIME   RECORD YEAR NORMAL DEPARTURE LAST
                VALUE   (LST)  VALUE       VALUE  FROM      YEAR
                                                  NORMAL
..................................................................
TEMPERATURE (F)
 TODAY
  MAXIMUM         65    145 PM  80    2008  68     -3       67
                                      2007
  MINIMUM         52    553 AM  45    2006  52      0       58
  AVERAGE         59                        60     -1       63

PRECIPITATION (IN)
  TODAY            0.00          0.50 2005   0.03  -0.03     0.19
  MONTH TO DATE    1.42                      1.65  -0.23     1.20
  SINCE OCT 1     17.48                     11.59   5.89     2.63
  SINCE JAN 1     11.94                      7.51   4.43     2.62

DEGREE DAYS
 HEATING
  TODAY            6                         5      1        2
  MONTH TO DATE  119                       134    -15      110
  SINCE MAR 1    119                       134    -15      110
  SINCE JUL 1    883                      1040   -157      574

 COOLING
  TODAY            0                         0      0        0
  MONTH TO DATE    6                         0      6        0
  SINCE MAR 1      6                         0      6        0
  SINCE JAN 1      8                         8      0       26
..................................................................


WIND (MPH)
  RESULTANT WIND SPEED   2   RESULTANT WIND DIRECTION   S (190)
  HIGHEST WIND SPEED    13   HIGHEST WIND DIRECTION    SW (220)
  HIGHEST GUST SPEED    18   HIGHEST GUST DIRECTION    SW (210)
  AVERAGE WIND SPEED     3.7


SKY COVER
  POSSIBLE SUNSHINE  MM
  AVERAGE SKY COVER 0.7


WEATHER CONDITIONS
 THE FOLLOWING WEATHER WAS RECORDED TODAY.
  NO SIGNIFICANT WEATHER WAS OBSERVED.


RELATIVE HUMIDITY (PERCENT)
 HIGHEST    77          1200 AM
 LOWEST     56          1100 AM
 AVERAGE    67

..........................................................


THE JOHN WAYNE AIRPORT CA CLIMATE NORMALS FOR TOMORROW
                         NORMAL    RECORD    YEAR
 MAXIMUM TEMPERATURE (F)   68        88      2008
 MINIMUM TEMPERATURE (F)   52        43      2009


SUNRISE AND SUNSET
MARCH 22 2019.........SUNRISE   653 AM PDT   SUNSET   705 PM PDT
MARCH 23 2019.........SUNRISE   651 AM PDT   SUNSET   705 PM PDT


-  INDICATES NEGATIVE NUMBERS.
R  INDICATES RECORD WAS SET OR TIED.
MM INDICATES DATA IS MISSING.
T  INDICATES TRACE AMOUNT.




$$
