623
CDAK48 PAFC 271245
CLISNP


CLIMATE REPORT
NATIONAL WEATHER SERVICE ANCHORAGE, AK
445 AM AKDT MON MAY 27 2019


...................................

...THE SAINT PAUL ISLAND CLIMATE SUMMARY FOR MAY 26 2019...

CLIMATE NORMAL PERIOD 1981 TO 2010
CLIMATE RECORD PERIOD 1892 TO 2019


WEATHER ITEM   OBSERVED TIME   RECORD YEAR NORMAL DEPARTURE LAST
                VALUE   (LST)  VALUE       VALUE  FROM      YEAR
                                                  NORMAL
..................................................................
TEMPERATURE (F)
 YESTERDAY
  MAXIMUM         48    404 PM  52    1957  43      5       44
  MINIMUM         39    445 AM  25    1988  34      5       35
                                      1965
  AVERAGE         44                        38      6       40

PRECIPITATION (IN)
  YESTERDAY        0.23          0.31 1972   0.04   0.19      T
  MONTH TO DATE    1.72                      0.95   0.77     1.12
  SINCE DEC 1     12.62                      8.23   4.39    10.56
  SINCE JAN 1      9.24                      5.98   3.26     8.57

SNOWFALL (IN)
  YESTERDAY       MM            MM      MM   0.1   MM        0.0
  MONTH TO DATE    0.0                       1.1   -1.1      0.9
  SINCE DEC 1      2.2                      49.5  -47.3     12.9
  SINCE JUL 1      4.8                      59.8  -55.0     15.5
  SNOW DEPTH      MM

DEGREE DAYS
 HEATING
  YESTERDAY       21                        27     -6       25
  MONTH TO DATE  680                       762    -82      693
  SINCE MAR 1   2638                      3080   -442     2557
  SINCE JUL 1   8737                      9997  -1260     8552

 COOLING
  YESTERDAY        0                         0      0        0
  MONTH TO DATE    0                         0      0        0
  SINCE MAR 1      0                         0      0        0
  SINCE JAN 1      0                         0      0        0
..................................................................


WIND (MPH)
  RESULTANT WIND SPEED  10   RESULTANT WIND DIRECTION   E (70)
  HIGHEST WIND SPEED    23   HIGHEST WIND DIRECTION     E (90)
  HIGHEST GUST SPEED    28   HIGHEST GUST DIRECTION     E (80)
  AVERAGE WIND SPEED    14.4



WEATHER CONDITIONS
 THE FOLLOWING WEATHER WAS RECORDED YESTERDAY.
  LIGHT RAIN
  FOG


RELATIVE HUMIDITY (PERCENT)
 HIGHEST   100
 LOWEST     86
 AVERAGE    93

..........................................................


THE SAINT PAUL ISLAND CLIMATE NORMALS FOR TODAY
                         NORMAL    RECORD    YEAR
 MAXIMUM TEMPERATURE (F)   43        59      1997
 MINIMUM TEMPERATURE (F)   34        26      1981


SUNRISE AND SUNSET
MAY 27 2019...........SUNRISE   641 AM AKDT  SUNSET  1156 PM AKDT
MAY 28 2019...........SUNRISE   640 AM AKDT  SUNSET  1158 PM AKDT


-  INDICATES NEGATIVE NUMBERS.
R  INDICATES RECORD WAS SET OR TIED.
MM INDICATES DATA IS MISSING.
T  INDICATES TRACE AMOUNT.




$$
