951
CDAK48 PAFC 251252
CLISNP


CLIMATE REPORT
NATIONAL WEATHER SERVICE ANCHORAGE, AK
451 AM AKDT WED APR 25 2018


...................................

...THE SAINT PAUL ISLAND CLIMATE SUMMARY FOR APRIL 24 2018...

CLIMATE NORMAL PERIOD 1981 TO 2010
CLIMATE RECORD PERIOD 1892 TO 2018


WEATHER ITEM   OBSERVED TIME   RECORD YEAR NORMAL DEPARTURE LAST
                VALUE   (LST)  VALUE       VALUE  FROM      YEAR
                                                  NORMAL
..................................................................
TEMPERATURE (F)
 YESTERDAY
  MAXIMUM         42    316 PM  46    2016  35      7       40
  MINIMUM         30   1146 PM   2    1976  27      3       33
  AVERAGE         36                        31      5       37

PRECIPITATION (IN)
  YESTERDAY        0.05          0.69 1995   0.04   0.01      T
  MONTH TO DATE    1.65                      0.87   0.78     0.95
  SINCE MAR 1      4.02                      1.94   2.08     1.05
  SINCE JAN 1      7.00                      4.82   2.18     4.14

SNOWFALL (IN)
  YESTERDAY        T            MM      MM   0.2   -0.2      0.0
  MONTH TO DATE    T                         5.0   -5.0      0.2
  SINCE MAR 1      4.1                      13.0   -8.9      0.6
  SINCE JUL 1     14.6                      58.0  -43.4     48.8
  SNOW DEPTH       0

DEGREE DAYS
 HEATING
  YESTERDAY       29                        34     -5       28
  MONTH TO DATE  727                       875   -148      807
  SINCE MAR 1   1702                      2120   -418     2016
  SINCE JUL 1   7697                      9037  -1340     7891

 COOLING
  YESTERDAY        0                         0      0        0
  MONTH TO DATE    0                         0      0        0
  SINCE MAR 1      0                         0      0        0
  SINCE JAN 1      0                         0      0        0
..................................................................


WIND (MPH)
  RESULTANT WIND SPEED   4   RESULTANT WIND DIRECTION   S (190)
  HIGHEST WIND SPEED    16   HIGHEST WIND DIRECTION     S (160)
  HIGHEST GUST SPEED    18   HIGHEST GUST DIRECTION     S (160)
  AVERAGE WIND SPEED     8.5



WEATHER CONDITIONS
 THE FOLLOWING WEATHER WAS RECORDED YESTERDAY.
  LIGHT RAIN
  LIGHT SNOW
  FOG
  HAZE


..........................................................


THE SAINT PAUL ISLAND CLIMATE NORMALS FOR TODAY
                         NORMAL    RECORD    YEAR
 MAXIMUM TEMPERATURE (F)   36        46      2016
 MINIMUM TEMPERATURE (F)   28         6      1976


SUNRISE AND SUNSET
APRIL 25 2018.........SUNRISE   746 AM AKDT  SUNSET  1053 PM AKDT
APRIL 26 2018.........SUNRISE   744 AM AKDT  SUNSET  1055 PM AKDT


-  INDICATES NEGATIVE NUMBERS.
R  INDICATES RECORD WAS SET OR TIED.
MM INDICATES DATA IS MISSING.
T  INDICATES TRACE AMOUNT.




$$
