000
CDAK48 PAFC 230055
CLISNP


CLIMATE REPORT
NATIONAL WEATHER SERVICE ANCHORAGE, AK
454 PM AKDT FRI MAR 22 2019


...................................

...THE SAINT PAUL ISLAND CLIMATE SUMMARY FOR MARCH 22 2019...
VALID TODAY AS OF 0400 PM LOCAL TIME.

CLIMATE NORMAL PERIOD 1981 TO 2010
CLIMATE RECORD PERIOD 1892 TO 2019


WEATHER ITEM   OBSERVED TIME   RECORD YEAR NORMAL DEPARTURE LAST
                VALUE   (LST)  VALUE       VALUE  FROM      YEAR
                                                  NORMAL
..................................................................
TEMPERATURE (F)
 TODAY
  MAXIMUM         34    259 PM  42    1979  30      4       39
  MINIMUM         26   1244 AM -10    1975  20      6       32
  AVERAGE         30                        25      5       36

PRECIPITATION (IN)
  TODAY            0.14          0.70 2012   0.04   0.10     0.14
  MONTH TO DATE    1.36                      0.76   0.60     1.59
  SINCE DEC 1      9.73                      5.89   3.84     6.56
  SINCE JAN 1      6.35                      3.64   2.71     4.57

SNOWFALL (IN)
  TODAY            1.4          MM      MM   0.2    1.2     MM
  MONTH TO DATE    1.6                       5.7   -4.1      4.1
  SINCE DEC 1      3.1                      40.4  -37.3     12.0
  SINCE JUL 1      5.7                      50.7  -45.0     14.6
  SNOW DEPTH      MM

DEGREE DAYS
 HEATING
  TODAY           35                        40     -5       29
  MONTH TO DATE  786                       880    -94      696
  SINCE MAR 1    786                       880    -94      696
  SINCE JUL 1   6885                      7797   -912     6691

 COOLING
  TODAY            0                         0      0        0
  MONTH TO DATE    0                         0      0        0
  SINCE MAR 1      0                         0      0        0
  SINCE JAN 1      0                         0      0        0
..................................................................


WIND (MPH)
  RESULTANT WIND SPEED  25   RESULTANT WIND DIRECTION   N (340)
  HIGHEST WIND SPEED    38   HIGHEST WIND DIRECTION     N (350)
  HIGHEST GUST SPEED    44   HIGHEST GUST DIRECTION     N (350)
  AVERAGE WIND SPEED    25.7



WEATHER CONDITIONS
 THE FOLLOWING WEATHER WAS RECORDED TODAY.
  LIGHT SNOW
  FOG


RELATIVE HUMIDITY (PERCENT)
 HIGHEST    92
 LOWEST     81
 AVERAGE    87

..........................................................


THE SAINT PAUL ISLAND CLIMATE NORMALS FOR TOMORROW
                         NORMAL    RECORD    YEAR
 MAXIMUM TEMPERATURE (F)   30        42      1979
 MINIMUM TEMPERATURE (F)   20       -13      1975


SUNRISE AND SUNSET
MARCH 22 2019.........SUNRISE   917 AM AKDT  SUNSET   939 PM AKDT
MARCH 23 2019.........SUNRISE   914 AM AKDT  SUNSET   942 PM AKDT


-  INDICATES NEGATIVE NUMBERS.
R  INDICATES RECORD WAS SET OR TIED.
MM INDICATES DATA IS MISSING.
T  INDICATES TRACE AMOUNT.




$$
