000
CDUS46 KMTR 260027
CLISNS


CLIMATE REPORT
NATIONAL WEATHER SERVICE SAN FRANCISCO BAY AREA
527 PM PDT SAT MAY 25 2019


...................................

...THE SALINAS AIRPORT CLIMATE SUMMARY FOR MAY 25 2019...
VALID TODAY AS OF 0500 PM LOCAL TIME.

CLIMATE NORMAL PERIOD 1981 TO 2010
CLIMATE RECORD PERIOD 1930 TO 2019


WEATHER ITEM   OBSERVED TIME   RECORD YEAR NORMAL DEPARTURE LAST
                VALUE   (LST)  VALUE       VALUE  FROM      YEAR
                                                  NORMAL
..................................................................
TEMPERATURE (F)
 TODAY
  MAXIMUM         64    318 PM  96    1951  69     -5       64
  MINIMUM         55    633 AM  37    1935  51      4       54
  AVERAGE         60                        60      0       59

PRECIPITATION (IN)
  TODAY            T             0.37 1942   0.01  -0.01      T
  MONTH TO DATE    1.41                      0.30   1.11      T
  SINCE OCT 1     13.72                     12.49   1.23     7.13
  SINCE JAN 1      8.95                      8.58   0.37     6.35

DEGREE DAYS
 HEATING
  TODAY            5                         5      0        6
  MONTH TO DATE  134                       153    -19      137
  SINCE MAR 1    583                       728   -145      678
  SINCE JUL 1   2211                      2542   -331     2066

 COOLING
  TODAY            0                         0      0        0
  MONTH TO DATE    0                         0      0        0
  SINCE MAR 1      8                         7      1        6
  SINCE JAN 1      8                         7      1        6
..................................................................


WIND (MPH)
  RESULTANT WIND SPEED   9   RESULTANT WIND DIRECTION   W (290)
  HIGHEST WIND SPEED    20   HIGHEST WIND DIRECTION     W (290)
  HIGHEST GUST SPEED    27   HIGHEST GUST DIRECTION     W (270)
  AVERAGE WIND SPEED     9.4


SKY COVER
  POSSIBLE SUNSHINE  MM
  AVERAGE SKY COVER 0.9


WEATHER CONDITIONS
 THE FOLLOWING WEATHER WAS RECORDED TODAY.
  LIGHT RAIN
  FOG
  HAZE


RELATIVE HUMIDITY (PERCENT)
 HIGHEST    86           500 AM
 LOWEST     52          1200 PM
 AVERAGE    69

..........................................................


THE SALINAS AIRPORT CLIMATE NORMALS FOR TOMORROW
                         NORMAL    RECORD    YEAR
 MAXIMUM TEMPERATURE (F)   69        94      1974
 MINIMUM TEMPERATURE (F)   52        43      1953


SUNRISE AND SUNSET
MAY 25 2019...........SUNRISE   552 AM PDT   SUNSET   815 PM PDT
MAY 26 2019...........SUNRISE   552 AM PDT   SUNSET   815 PM PDT


-  INDICATES NEGATIVE NUMBERS.
R  INDICATES RECORD WAS SET OR TIED.
MM INDICATES DATA IS MISSING.
T  INDICATES TRACE AMOUNT.




$$
