000
CDUS46 KMTR 250830
CLISNS


CLIMATE REPORT
NATIONAL WEATHER SERVICE SAN FRANCISCO BAY AREA
130 AM PDT MON MAR 25 2019


...................................

...THE SALINAS AIRPORT CLIMATE SUMMARY FOR MARCH 24 2019...

CLIMATE NORMAL PERIOD 1981 TO 2010
CLIMATE RECORD PERIOD 1930 TO 2019


WEATHER ITEM   OBSERVED TIME   RECORD YEAR NORMAL DEPARTURE LAST
                VALUE   (LST)  VALUE       VALUE  FROM      YEAR
                                                  NORMAL
..................................................................
TEMPERATURE (F)
 YESTERDAY
  MAXIMUM         67   1257 PM  84    1951  65      2       58
  MINIMUM         43    538 AM  32    1935  45     -2       41
  AVERAGE         55                        55      0       50

PRECIPITATION (IN)
  YESTERDAY        0.00          1.70 1950   0.07  -0.07     0.06
  MONTH TO DATE    1.51                      1.86  -0.35     2.60
  SINCE OCT 1     12.00                     10.86   1.14     5.24
  SINCE JAN 1      7.23                      6.95   0.28     4.46

DEGREE DAYS
 HEATING
  YESTERDAY       10                        10      0       15
  MONTH TO DATE  241                       252    -11      269
  SINCE MAR 1    241                       252    -11      269
  SINCE JUL 1   1869                      2066   -197     1657

 COOLING
  YESTERDAY        0                         0      0        0
  MONTH TO DATE    0                         0      0        0
  SINCE MAR 1      0                         0      0        0
  SINCE JAN 1      0                         0      0        0
..................................................................


WIND (MPH)
  RESULTANT WIND SPEED   3   RESULTANT WIND DIRECTION  SE (140)
  HIGHEST WIND SPEED    17   HIGHEST WIND DIRECTION    SE (130)
  HIGHEST GUST SPEED    21   HIGHEST GUST DIRECTION    SE (120)
  AVERAGE WIND SPEED     7.5


SKY COVER
  POSSIBLE SUNSHINE  MM
  AVERAGE SKY COVER 0.0


WEATHER CONDITIONS
 THE FOLLOWING WEATHER WAS RECORDED YESTERDAY.
  NO SIGNIFICANT WEATHER WAS OBSERVED.


RELATIVE HUMIDITY (PERCENT)
 HIGHEST    89           200 AM
 LOWEST     37           100 PM
 AVERAGE    63

..........................................................


THE SALINAS AIRPORT CLIMATE NORMALS FOR TODAY
                         NORMAL    RECORD    YEAR
 MAXIMUM TEMPERATURE (F)   65        85      1988
 MINIMUM TEMPERATURE (F)   45        29      1936


SUNRISE AND SUNSET
MARCH 25 2019.........SUNRISE   703 AM PDT   SUNSET   723 PM PDT
MARCH 26 2019.........SUNRISE   701 AM PDT   SUNSET   723 PM PDT


-  INDICATES NEGATIVE NUMBERS.
R  INDICATES RECORD WAS SET OR TIED.
MM INDICATES DATA IS MISSING.
T  INDICATES TRACE AMOUNT.




$$
