000
CDUS45 KPIH 172334
CLISNT


CLIMATE REPORT
NATIONAL WEATHER SERVICE POCATELLO ID
522 PM MDT MON JUN 17 2019


...................................

...THE STANLEY ID CLIMATE SUMMARY FOR JUNE 17 2019...
VALID TODAY AS OF 0500 PM LOCAL TIME.

CLIMATE NORMAL PERIOD 1981 TO 2010
CLIMATE RECORD PERIOD 1916 TO 2019


WEATHER ITEM   OBSERVED TIME   RECORD YEAR NORMAL DEPARTURE LAST
                VALUE   (LST)  VALUE       VALUE  FROM      YEAR
                                                  NORMAL
..................................................................
TEMPERATURE (F)
 TODAY
  MAXIMUM         76    223 PM  84    1988  67      9       61
  MINIMUM         40    546 AM  22    1994  33      7       44
  AVERAGE         58                        50      8       53

PRECIPITATION (IN)
  TODAY            0.00          1.10 2018   0.04  -0.04     1.10
  MONTH TO DATE    0.49                      0.86  -0.37     1.79
  SINCE OCT 1     17.18                     14.24   2.94    19.55
  SINCE JAN 1     13.00                      9.39   3.61    11.31

SNOWFALL (IN)
  TODAY           MM
  MONTH TO DATE   MM
  SINCE JUN 1     MM
  SINCE JUL 1     MM
  SNOW DEPTH      MM

DEGREE DAYS
 HEATING
  TODAY            7                        15     -8       12
  MONTH TO DATE  213                       283    -70      217
  SINCE JUN 1    213                       283    -70      217
  SINCE JUL 1  10130                     10625   -495     9396

 COOLING
  TODAY            0                         0      0        0
  MONTH TO DATE    0                         0      0        0
  SINCE JUN 1      0                         0      0        0
  SINCE JAN 1      0                         0      0        0
..................................................................


WIND (MPH)
  HIGHEST WIND SPEED    14   HIGHEST WIND DIRECTION    NE (30)
  HIGHEST GUST SPEED    19   HIGHEST GUST DIRECTION     N (10)
  AVERAGE WIND SPEED     3.6


SKY COVER
  POSSIBLE SUNSHINE  MM
  AVERAGE SKY COVER 0.0


WEATHER CONDITIONS
 THE FOLLOWING WEATHER WAS RECORDED TODAY.
  NO SIGNIFICANT WEATHER WAS OBSERVED.


RELATIVE HUMIDITY (PERCENT)
 HIGHEST    92           500 AM
 LOWEST     25           400 PM
 AVERAGE    59

..........................................................


THE STANLEY ID CLIMATE NORMALS FOR TOMORROW
                         NORMAL    RECORD    YEAR
 MAXIMUM TEMPERATURE (F)   68        87      1919
 MINIMUM TEMPERATURE (F)   33        19      1924


SUNRISE AND SUNSET
JUNE 17 2019..........SUNRISE   556 AM MDT   SUNSET   926 PM MDT
JUNE 18 2019..........SUNRISE   556 AM MDT   SUNSET   926 PM MDT


-  INDICATES NEGATIVE NUMBERS.
R  INDICATES RECORD WAS SET OR TIED.
MM INDICATES DATA IS MISSING.
T  INDICATES TRACE AMOUNT.




$$
