123
CDUS45 KPIH 262324
CLISNT


CLIMATE REPORT
NATIONAL WEATHER SERVICE POCATELLO ID
523 PM MDT TUE MAR 26 2019


...................................

...THE STANLEY ID CLIMATE SUMMARY FOR MARCH 26 2019...
VALID TODAY AS OF 0500 PM LOCAL TIME.

CLIMATE NORMAL PERIOD 1981 TO 2010
CLIMATE RECORD PERIOD 1916 TO 2019


WEATHER ITEM   OBSERVED TIME   RECORD YEAR NORMAL DEPARTURE LAST
                VALUE   (LST)  VALUE       VALUE  FROM      YEAR
                                                  NORMAL
..................................................................
TEMPERATURE (F)
 TODAY
  MAXIMUM         46    148 PM  59    2015  43      3       35
  MINIMUM         27    607 AM -28    1917  15     12        6
  AVERAGE         37                        29      8       21

PRECIPITATION (IN)
  TODAY            0.00          0.37 2008   0.07  -0.07     0.00
  MONTH TO DATE    0.72                      1.49  -0.77     2.60
  SINCE OCT 1     11.31                      9.65   1.66    14.30
  SINCE JAN 1      7.13                      4.80   2.33     6.06

SNOWFALL (IN)
  TODAY           MM
  MONTH TO DATE   MM
  SINCE MAR 1     MM
  SINCE JUL 1     MM
  SNOW DEPTH      MM

DEGREE DAYS
 HEATING
  TODAY           28                        36     -8       44
  MONTH TO DATE 1132                      1006    126     1066
  SINCE MAR 1   1132                      1006    126     1066
  SINCE JUL 1   8296                      8540   -244     7711

 COOLING
  TODAY            0                         0      0        0
  MONTH TO DATE    0                         0      0        0
  SINCE MAR 1      0                         0      0        0
  SINCE JAN 1      0                         0      0        0
..................................................................


WIND (MPH)
  HIGHEST WIND SPEED    16   HIGHEST WIND DIRECTION     S (180)
  HIGHEST GUST SPEED    23   HIGHEST GUST DIRECTION     S (190)
  AVERAGE WIND SPEED     5.5


SKY COVER
  POSSIBLE SUNSHINE  MM
  AVERAGE SKY COVER 0.0


WEATHER CONDITIONS
 THE FOLLOWING WEATHER WAS RECORDED TODAY.
  NO SIGNIFICANT WEATHER WAS OBSERVED.


RELATIVE HUMIDITY (PERCENT)
 HIGHEST    75           600 AM
 LOWEST     45           200 PM
 AVERAGE    60

..........................................................


THE STANLEY ID CLIMATE NORMALS FOR TOMORROW
                         NORMAL    RECORD    YEAR
 MAXIMUM TEMPERATURE (F)   43        65      2015
 MINIMUM TEMPERATURE (F)   15       -23      1975


SUNRISE AND SUNSET
MARCH 26 2019.........SUNRISE   732 AM MDT   SUNSET   759 PM MDT
MARCH 27 2019.........SUNRISE   730 AM MDT   SUNSET   801 PM MDT


-  INDICATES NEGATIVE NUMBERS.
R  INDICATES RECORD WAS SET OR TIED.
MM INDICATES DATA IS MISSING.
T  INDICATES TRACE AMOUNT.




$$
