000
CDUS43 KILX 220635
CLISPI


CLIMATE REPORT
NATIONAL WEATHER SERVICE LINCOLN IL
134 AM CDT WED MAY 22 2019


...................................

...THE SPRINGFIELD IL CLIMATE SUMMARY FOR MAY 21 2019...

CLIMATE NORMAL PERIOD 1981 TO 2010
CLIMATE RECORD PERIOD 1879 TO 2019


WEATHER ITEM   OBSERVED TIME   RECORD YEAR NORMAL DEPARTURE LAST
                VALUE   (LST)  VALUE       VALUE  FROM      YEAR
                                                  NORMAL
..................................................................
TEMPERATURE (F)
 YESTERDAY
  MAXIMUM         60    741 PM  94    1941  76    -16       81
  MINIMUM         46    513 AM  35    2002  54     -8       62
                                      1895
  AVERAGE         53                        65    -12       72

PRECIPITATION (IN)
  YESTERDAY        1.45          1.98 1898   0.14   1.31     0.07
  MONTH TO DATE    3.95                      2.82   1.13     1.56
  SINCE MAR 1     14.71                      8.96   5.75     8.10
  SINCE JAN 1     19.54                     12.59   6.95    12.82

SNOWFALL (IN)
  YESTERDAY        0.0           0.0    MM   0.0    0.0      0.0
  MONTH TO DATE    0.0                       0.0    0.0      0.0
  SINCE MAR 1      5.3                       2.8    2.5      4.8
  SINCE JUL 1     31.6                      20.9   10.7     11.8
  SNOW DEPTH       0

DEGREE DAYS
 HEATING
  YESTERDAY       12                         3      9        0
  MONTH TO DATE  129                       103     26        0
  SINCE MAR 1   1280                      1177    103     1267
  SINCE JUL 1   5691                      5448    243     5245

 COOLING
  YESTERDAY        0                         3     -3        7
  MONTH TO DATE   37                        43     -6      160
  SINCE MAR 1     47                        63    -16      170
  SINCE JAN 1     47                        63    -16      170
..................................................................


WIND (MPH)
  HIGHEST WIND SPEED    28   HIGHEST WIND DIRECTION     E (110)
  HIGHEST GUST SPEED    39   HIGHEST GUST DIRECTION    NE (60)
  AVERAGE WIND SPEED    16.9


SKY COVER
  POSSIBLE SUNSHINE  MM
  AVERAGE SKY COVER 0.7


WEATHER CONDITIONS
 THE FOLLOWING WEATHER WAS RECORDED YESTERDAY.
  THUNDERSTORM
  HEAVY RAIN
  RAIN
  LIGHT RAIN
  FOG


RELATIVE HUMIDITY (PERCENT)
 HIGHEST   100          1000 PM
 LOWEST     59          1200 AM
 AVERAGE    80

..........................................................


THE SPRINGFIELD IL CLIMATE NORMALS FOR TODAY
                         NORMAL    RECORD    YEAR
 MAXIMUM TEMPERATURE (F)   77        95      1925
 MINIMUM TEMPERATURE (F)   55        34      1883


SUNRISE AND SUNSET
MAY 22 2019...........SUNRISE   538 AM CDT   SUNSET   813 PM CDT
MAY 23 2019...........SUNRISE   538 AM CDT   SUNSET   814 PM CDT


-  INDICATES NEGATIVE NUMBERS.
R  INDICATES RECORD WAS SET OR TIED.
MM INDICATES DATA IS MISSING.
T  INDICATES TRACE AMOUNT.




$$
