903
CDUS43 KILX 222130
CLISPI


CLIMATE REPORT
NATIONAL WEATHER SERVICE LINCOLN IL
430 PM CDT FRI MAR 22 2019


...................................

...THE SPRINGFIELD IL CLIMATE SUMMARY FOR MARCH 22 2019...
VALID TODAY AS OF 0400 PM LOCAL TIME.

CLIMATE NORMAL PERIOD 1981 TO 2010
CLIMATE RECORD PERIOD 1879 TO 2019


WEATHER ITEM   OBSERVED TIME   RECORD YEAR NORMAL DEPARTURE LAST
                VALUE   (LST)  VALUE       VALUE  FROM      YEAR
                                                  NORMAL
..................................................................
TEMPERATURE (F)
 TODAY
  MAXIMUM         58    208 PM  84    1907  55      3       56
  MINIMUM         32    150 AM   6    1888  34     -2       21
  AVERAGE         45                        44      1       39

PRECIPITATION (IN)
  TODAY            0.00          2.24 1898   0.09  -0.09     0.00
  MONTH TO DATE    2.62                      1.81   0.81     1.36
  SINCE MAR 1      2.62                      1.81   0.81     1.36
  SINCE JAN 1      7.45                      5.44   2.01     6.08

SNOWFALL (IN)
  TODAY            0.0           1.8  1932   0.1   -0.1      0.0
  MONTH TO DATE    4.6                       2.1    2.5       T
  SINCE MAR 1      4.6                       2.1    2.5       T
  SINCE JUL 1     30.9                      20.2   10.7      7.0
  SNOW DEPTH       0

DEGREE DAYS
 HEATING
  TODAY           20                        21     -1       26
  MONTH TO DATE  647                       542    105      563
  SINCE MAR 1    647                       542    105      563
  SINCE JUL 1   5058                      4813    245     4541

 COOLING
  TODAY            0                         0      0        0
  MONTH TO DATE    0                         0      0        0
  SINCE MAR 1      0                         0      0        0
  SINCE JAN 1      0                         0      0        0
..................................................................


WIND (MPH)
  HIGHEST WIND SPEED    18   HIGHEST WIND DIRECTION     N (350)
  HIGHEST GUST SPEED    29   HIGHEST GUST DIRECTION     N (10)
  AVERAGE WIND SPEED    11.0


SKY COVER
  POSSIBLE SUNSHINE  MM
  AVERAGE SKY COVER 0.0


WEATHER CONDITIONS
 THE FOLLOWING WEATHER WAS RECORDED TODAY.
  NO SIGNIFICANT WEATHER WAS OBSERVED.


RELATIVE HUMIDITY (PERCENT)
 HIGHEST    89           200 AM
 LOWEST     35           300 PM
 AVERAGE    62

..........................................................


THE SPRINGFIELD IL CLIMATE NORMALS FOR TOMORROW
                         NORMAL    RECORD    YEAR
 MAXIMUM TEMPERATURE (F)   55        86      1910
 MINIMUM TEMPERATURE (F)   35         5      1974


SUNRISE AND SUNSET
MARCH 22 2019.........SUNRISE   659 AM CDT   SUNSET   713 PM CDT
MARCH 23 2019.........SUNRISE   658 AM CDT   SUNSET   714 PM CDT


-  INDICATES NEGATIVE NUMBERS.
R  INDICATES RECORD WAS SET OR TIED.
MM INDICATES DATA IS MISSING.
T  INDICATES TRACE AMOUNT.




$$
