462
CDUS43 KILX 250632
CLISPI


CLIMATE REPORT
NATIONAL WEATHER SERVICE LINCOLN IL
130 AM CDT WED APR 25 2018


...................................

...THE SPRINGFIELD IL CLIMATE SUMMARY FOR APRIL 24 2018...

CLIMATE NORMAL PERIOD 1981 TO 2010
CLIMATE RECORD PERIOD 1879 TO 2018


WEATHER ITEM   OBSERVED TIME   RECORD YEAR NORMAL DEPARTURE LAST
                VALUE   (LST)  VALUE       VALUE  FROM      YEAR
                                                  NORMAL
..................................................................
TEMPERATURE (F)
 YESTERDAY
  MAXIMUM         74    452 PM  89    1925  68      6       80
  MINIMUM         50   1148 PM  22    1910  45      5       43
  AVERAGE         62                        57      5       62

PRECIPITATION (IN)
  YESTERDAY        T             1.96 1961   0.13  -0.13     0.00
  MONTH TO DATE    2.18                      2.73  -0.55     2.79
  SINCE MAR 1      6.54                      5.36   1.18     7.05
  SINCE JAN 1     11.26                      8.99   2.27     8.52

SNOWFALL (IN)
  YESTERDAY        0.0           1.6  1910   0.0    0.0      0.0
  MONTH TO DATE    4.8                       0.3    4.5      0.0
  SINCE MAR 1      4.8                       2.8    2.0      4.6
  SINCE JUL 1     11.8                      20.9   -9.1     10.3
  SNOW DEPTH       0

DEGREE DAYS
 HEATING
  YESTERDAY        3                         9     -6        3
  MONTH TO DATE  466                       316    150      161
  SINCE MAR 1   1216                      1027    189      758
  SINCE JUL 1   5194                      5298   -104     4013

 COOLING
  YESTERDAY        0                         1     -1        0
  MONTH TO DATE   10                        13     -3       33
  SINCE MAR 1     10                        15     -5       33
  SINCE JAN 1     10                        15     -5       33
..................................................................


WIND (MPH)
  HIGHEST WIND SPEED    17   HIGHEST WIND DIRECTION     N (20)
  HIGHEST GUST SPEED    22   HIGHEST GUST DIRECTION    NE (40)
  AVERAGE WIND SPEED     7.7


SKY COVER
  POSSIBLE SUNSHINE  MM
  AVERAGE SKY COVER 0.6


WEATHER CONDITIONS
 THE FOLLOWING WEATHER WAS RECORDED YESTERDAY.
  LIGHT RAIN
  FOG
  HAZE


RELATIVE HUMIDITY (PERCENT)
 HIGHEST   100          1200 AM
 LOWEST     35           500 PM
 AVERAGE    68

..........................................................


THE SPRINGFIELD IL CLIMATE NORMALS FOR TODAY
                         NORMAL    RECORD    YEAR
 MAXIMUM TEMPERATURE (F)   68        90      1986
 MINIMUM TEMPERATURE (F)   46        32      1972
                                             1968


SUNRISE AND SUNSET
APRIL 25 2018.........SUNRISE   607 AM CDT   SUNSET   747 PM CDT
APRIL 26 2018.........SUNRISE   606 AM CDT   SUNSET   748 PM CDT


-  INDICATES NEGATIVE NUMBERS.
R  INDICATES RECORD WAS SET OR TIED.
MM INDICATES DATA IS MISSING.
T  INDICATES TRACE AMOUNT.




$$
