000
CDUS44 KOUN 242222 RRA
CLISPS

CLIMATE REPORT
NATIONAL WEATHER SERVICE NORMAN OK
133 AM CDT FRI MAY 24 2019


...................................

...THE WICHITA FALLS CLIMATE SUMMARY FOR MAY 23 2019...

CLIMATE NORMAL PERIOD 1981 TO 2010
CLIMATE RECORD PERIOD 1897 TO 2019


WEATHER ITEM   OBSERVED TIME   RECORD YEAR NORMAL DEPARTURE LAST
                VALUE   (LST)  VALUE       VALUE  FROM      YEAR
                                                  NORMAL
..................................................................
TEMPERATURE (F)
 YESTERDAY
  MAXIMUM         87    354 PM 110    2000  85      2       89
  MINIMUM         73    252 AM  51    1963  62     11       66
                                      1931
  AVERAGE         80                        74      6       78

PRECIPITATION (IN)
  YESTERDAY        0.00          2.65 1915   0.13  -0.13     0.00
  MONTH TO DATE    4.20                      2.68   1.52     4.22
  SINCE MAR 1     12.00                      7.49   4.51     8.55
  SINCE JAN 1     13.69                     10.38   3.31    11.41

SNOWFALL (IN)
  YESTERDAY        0.0           0.0  2002   0.0    0.0      0.0
  MONTH TO DATE    0.0                       0.0    0.0      0.0
  SINCE MAR 1      0.0                       0.5   -0.5      0.0
  SINCE JUL 1      3.7                       3.9   -0.2      1.0

DEGREE DAYS
 HEATING
  YESTERDAY        0                         0      0        0
  MONTH TO DATE   31                        20     11        0
  SINCE MAR 1    584                       519     65      490
  SINCE JUL 1   3103                      2965    138     2876

 COOLING
  YESTERDAY       15                         9      6       13
  MONTH TO DATE  116                       146    -30      234
  SINCE MAR 1    191                       235    -44      307
  SINCE JAN 1    191                       238    -47      316
..................................................................


WIND (MPH)
  HIGHEST WIND SPEED    29   HIGHEST WIND DIRECTION     S (160)
  HIGHEST GUST SPEED    36   HIGHEST GUST DIRECTION    SE (150)
  AVERAGE WIND SPEED    15.8


SKY COVER
  AVERAGE SKY COVER 0.6


WEATHER CONDITIONS
 THE FOLLOWING WEATHER WAS RECORDED YESTERDAY.
  FOG


RELATIVE HUMIDITY (PERCENT)
 HIGHEST   100           400 AM
 LOWEST     61           200 PM
 AVERAGE    81

..........................................................


THE WICHITA FALLS CLIMATE NORMALS FOR TODAY
                         NORMAL    RECORD    YEAR
 MAXIMUM TEMPERATURE (F)   86       110      2000
 MINIMUM TEMPERATURE (F)   62        49      1924


SUNRISE AND SUNSET
MAY 24 2019...........SUNRISE   627 AM CDT   SUNSET   835 PM CDT
MAY 25 2019...........SUNRISE   627 AM CDT   SUNSET   835 PM CDT


-  INDICATES NEGATIVE NUMBERS.
R  INDICATES RECORD WAS SET OR TIED.
MM INDICATES DATA IS MISSING.
T  INDICATES TRACE AMOUNT.

$$
