000
CDUS44 KOUN 242213
CLISPS

CLIMATE REPORT
NATIONAL WEATHER SERVICE NORMAN OK
511 PM CDT SUN MAR 24 2019


...................................

...THE WICHITA FALLS CLIMATE SUMMARY FOR MARCH 24 2019...
VALID TODAY AS OF 0500 PM LOCAL TIME.

CLIMATE NORMAL PERIOD 1981 TO 2010
CLIMATE RECORD PERIOD 1897 TO 2019


WEATHER ITEM   OBSERVED TIME   RECORD YEAR NORMAL DEPARTURE LAST
                VALUE   (LST)  VALUE       VALUE  FROM      YEAR
                                                  NORMAL
..................................................................
TEMPERATURE (F)
 TODAY
  MAXIMUM         75    254 PM  95    1929  70      5       82
  MINIMUM         57    704 AM  27    2013  43     14       55
                                      2006
  AVERAGE         66                        56     10       69

PRECIPITATION (IN)
  TODAY            0.00          1.32 1943   0.07  -0.07     0.00
  MONTH TO DATE    2.57                      1.75   0.82     0.15
  SINCE MAR 1      2.57                      1.75   0.82     0.15
  SINCE JAN 1      4.26                      4.64  -0.38     3.01

SNOWFALL (IN)
  TODAY            0.0           T    1965   0.0    0.0      0.0
  MONTH TO DATE    0.0                       0.5   -0.5      0.0
  SINCE MAR 1      0.0                       0.5   -0.5      0.0
  SINCE JUL 1      3.7                       3.9   -0.2      1.0

DEGREE DAYS
 HEATING
  TODAY            0                        10    -10        0
  MONTH TO DATE  387                       298     89      212
  SINCE MAR 1    387                       298     89      212
  SINCE JUL 1   2906                      2744    162     2598

 COOLING
  TODAY            1                         1      0        4
  MONTH TO DATE    4                        10     -6       15
  SINCE MAR 1      4                        10     -6       15
  SINCE JAN 1      4                        13     -9       24
..................................................................


WIND (MPH)
  HIGHEST WIND SPEED    21   HIGHEST WIND DIRECTION    SW (230)
  HIGHEST GUST SPEED    26   HIGHEST GUST DIRECTION    SW (230)
  AVERAGE WIND SPEED    12.6


SKY COVER
  AVERAGE SKY COVER 0.2


WEATHER CONDITIONS
 THE FOLLOWING WEATHER WAS RECORDED TODAY.
  NO SIGNIFICANT WEATHER WAS OBSERVED.


RELATIVE HUMIDITY (PERCENT)
 HIGHEST   100           100 AM
 LOWEST     40          1200 PM
 AVERAGE    70

..........................................................


THE WICHITA FALLS CLIMATE NORMALS FOR TOMORROW
                         NORMAL    RECORD    YEAR
 MAXIMUM TEMPERATURE (F)   70        91      1976
 MINIMUM TEMPERATURE (F)   43        23      2013


SUNRISE AND SUNSET
MARCH 24 2019.........SUNRISE   732 AM CDT   SUNSET   749 PM CDT
MARCH 25 2019.........SUNRISE   731 AM CDT   SUNSET   749 PM CDT


-  INDICATES NEGATIVE NUMBERS.
R  INDICATES RECORD WAS SET OR TIED.
MM INDICATES DATA IS MISSING.
T  INDICATES TRACE AMOUNT.

$$
