000
CDUS42 KTBW 192112
CLISRQ


CLIMATE REPORT
NATIONAL WEATHER SERVICE TAMPA BAY FL
511 PM EDT TUE MAR 19 2019


...................................

...THE SARASOTA BRADENTON CLIMATE SUMMARY FOR MARCH 19 2019...
VALID TODAY AS OF 0500 PM LOCAL TIME.

CLIMATE NORMAL PERIOD 1981 TO 2010
CLIMATE RECORD PERIOD 1911 TO 2019


WEATHER ITEM   OBSERVED TIME   RECORD YEAR NORMAL DEPARTURE LAST
                VALUE   (LST)  VALUE       VALUE  FROM      YEAR
                                                  NORMAL
..................................................................
TEMPERATURE (F)
 TODAY
  MAXIMUM         65    359 PM  91    1921  77    -12       80
  MINIMUM         52    446 AM  40    1985  58     -6       63
  AVERAGE         59                        67     -8       72

PRECIPITATION (IN)
  TODAY            0.56          2.78 1998   0.12   0.44     0.00
  MONTH TO DATE    1.24                      2.42  -1.18     0.50
  SINCE MAR 1      1.24                      2.42  -1.18     0.50
  SINCE JAN 1      5.53                      7.61  -2.08     3.59

DEGREE DAYS
 HEATING
  TODAY            6                         1      5        0
  MONTH TO DATE   25                        38    -13       73
  SINCE MAR 1     25                        38    -13       73
  SINCE JUL 1    272                       456   -184      372

 COOLING
  TODAY            0                         3     -3        7
  MONTH TO DATE  105                        57     48       33
  SINCE MAR 1    105                        57     48       33
  SINCE JAN 1    339                       161    178      273
..................................................................


WIND (MPH)
  RESULTANT WIND SPEED   9   RESULTANT WIND DIRECTION  NE (50)
  HIGHEST WIND SPEED    17   HIGHEST WIND DIRECTION     E (70)
  HIGHEST GUST SPEED    24   HIGHEST GUST DIRECTION    NE (30)
  AVERAGE WIND SPEED     9.4


SKY COVER
  POSSIBLE SUNSHINE  MM
  AVERAGE SKY COVER 1.0


WEATHER CONDITIONS
 THE FOLLOWING WEATHER WAS RECORDED TODAY.
  RAIN
  LIGHT RAIN


RELATIVE HUMIDITY (PERCENT)
 HIGHEST    89           100 AM
 LOWEST     78           300 PM

..........................................................


THE SARASOTA BRADENTON CLIMATE NORMALS FOR TOMORROW
                         NORMAL    RECORD    YEAR
 MAXIMUM TEMPERATURE (F)   77        90      1921
 MINIMUM TEMPERATURE (F)   58        43      1931
                                             1916


SUNRISE AND SUNSET
MARCH 19 2019.........SUNRISE   735 AM EDT   SUNSET   741 PM EDT
MARCH 20 2019.........SUNRISE   734 AM EDT   SUNSET   741 PM EDT


-  INDICATES NEGATIVE NUMBERS.
R  INDICATES RECORD WAS SET OR TIED.
MM INDICATES DATA IS MISSING.
T  INDICATES TRACE AMOUNT.




$$


&&
------------------------------------------------------------------
******************** SUPPLEMENTAL DATA ***************************

...GULF WATER TEMPERATURE AT VENICE 70 DEGREES
