000
CDUS42 KTBW 202118
CLISRQ


CLIMATE REPORT
NATIONAL WEATHER SERVICE TAMPA BAY FL
516 PM EDT MON MAY 20 2019


...................................

...THE SARASOTA BRADENTON CLIMATE SUMMARY FOR MAY 20 2019...
VALID TODAY AS OF 0500 PM LOCAL TIME.

CLIMATE NORMAL PERIOD 1981 TO 2010
CLIMATE RECORD PERIOD 1911 TO 2019


WEATHER ITEM   OBSERVED TIME   RECORD YEAR NORMAL DEPARTURE LAST
                VALUE   (LST)  VALUE       VALUE  FROM      YEAR
                                                  NORMAL
..................................................................
TEMPERATURE (F)
 TODAY
  MAXIMUM         90    259 PM  94    1974  86      4       81
  MINIMUM         71    609 AM  54    1917  68      3       70
  AVERAGE         81                        77      4       76

PRECIPITATION (IN)
  TODAY            0.00          3.37 1991   0.05  -0.05     0.40
  MONTH TO DATE    1.61                      1.24   0.37     3.40
  SINCE MAR 1      4.50                      7.54  -3.04     8.22
  SINCE JAN 1      8.79                     12.73  -3.94    11.31

DEGREE DAYS
 HEATING
  TODAY            0                         0      0        0
  MONTH TO DATE    0                         0      0        0
  SINCE MAR 1     28                        59    -31       90
  SINCE JUL 1    275                       477   -202      389

 COOLING
  TODAY           16                        12      4       11
  MONTH TO DATE  302                       209     93      245
  SINCE MAR 1    729                       502    227      560
  SINCE JAN 1    963                       606    357      800
..................................................................


WIND (MPH)
  RESULTANT WIND SPEED   1   RESULTANT WIND DIRECTION   E (80)
  HIGHEST WIND SPEED    17   HIGHEST WIND DIRECTION     W (290)
  HIGHEST GUST SPEED    22   HIGHEST GUST DIRECTION    NW (300)
  AVERAGE WIND SPEED     6.5


SKY COVER
  POSSIBLE SUNSHINE  MM
  AVERAGE SKY COVER 0.1


WEATHER CONDITIONS
 THE FOLLOWING WEATHER WAS RECORDED TODAY.
  LIGHT RAIN


RELATIVE HUMIDITY (PERCENT)
 HIGHEST    90           600 AM
 LOWEST     56          1200 PM

..........................................................


THE SARASOTA BRADENTON CLIMATE NORMALS FOR TOMORROW
                         NORMAL    RECORD    YEAR
 MAXIMUM TEMPERATURE (F)   86        96      1927
 MINIMUM TEMPERATURE (F)   68        55      1924


SUNRISE AND SUNSET
MAY 20 2019...........SUNRISE   639 AM EDT   SUNSET   814 PM EDT
MAY 21 2019...........SUNRISE   639 AM EDT   SUNSET   815 PM EDT


-  INDICATES NEGATIVE NUMBERS.
R  INDICATES RECORD WAS SET OR TIED.
MM INDICATES DATA IS MISSING.
T  INDICATES TRACE AMOUNT.




$$


&&
------------------------------------------------------------------
******************** SUPPLEMENTAL DATA ***************************

...GULF WATER TEMPERATURE AT VENICE 82 DEGREES
