000
CDUS42 KJAX 270530
CLISSI


CLIMATE REPORT
NATIONAL WEATHER SERVICE JACKSONVILLE FL
127 AM EDT MON MAY 27 2019


...................................

...THE ST SIMONS ISLAND CLIMATE SUMMARY FOR MAY 26 2019...

CLIMATE NORMAL PERIOD 1981 TO 2010
CLIMATE RECORD PERIOD 1948 TO 2019


WEATHER ITEM   OBSERVED TIME   RECORD YEAR NORMAL DEPARTURE LAST
                VALUE   (LST)  VALUE       VALUE  FROM      YEAR
                                                  NORMAL
..................................................................
TEMPERATURE (F)
 YESTERDAY
  MAXIMUM         94   1223 PM 100    1953  84     10       85
  MINIMUM         75    535 AM  55    1979  70      5       75
  AVERAGE         85                        77      8       80

PRECIPITATION (IN)
  YESTERDAY        0.00          1.44 1981   0.07  -0.07     0.00
  MONTH TO DATE    1.72                      1.41   0.31     1.55
  SINCE MAR 1      5.54                      7.78  -2.24     7.51
  SINCE JAN 1     10.29                     14.47  -4.18    12.30

SNOWFALL (IN)
  YESTERDAY        0.0           0.0    MM                   0.0
  MONTH TO DATE    0.0                                       0.0
  SINCE MAR 1      0.0                                       0.0
  SINCE JUL 1      0.0                                       0.0
  SNOW DEPTH       0

DEGREE DAYS
 HEATING
  YESTERDAY        0                         0      0        0
  MONTH TO DATE    0                         2     -2        0
  SINCE MAR 1    157                       235    -78      243
  SINCE JUL 1   1010                      1486   -476     1296

 COOLING
  YESTERDAY       20                        12      8       15
  MONTH TO DATE  357                       235    122      294
  SINCE MAR 1    567                       369    198      422
  SINCE JAN 1    618                       378    240      484
..................................................................


WIND (MPH)
  HIGHEST WIND SPEED    16   HIGHEST WIND DIRECTION    SE (150)
  HIGHEST GUST SPEED    22   HIGHEST GUST DIRECTION    SE (140)
  AVERAGE WIND SPEED     8.8


SKY COVER
  POSSIBLE SUNSHINE  MM
  AVERAGE SKY COVER 0.1


WEATHER CONDITIONS
 THE FOLLOWING WEATHER WAS RECORDED YESTERDAY.
  NO SIGNIFICANT WEATHER WAS OBSERVED.


RELATIVE HUMIDITY (PERCENT)
 HIGHEST    79           900 PM
 LOWEST     41          1200 PM
 AVERAGE    60

..........................................................


THE ST SIMONS ISLAND CLIMATE NORMALS FOR TODAY
                         NORMAL    RECORD    YEAR
 MAXIMUM TEMPERATURE (F)   85        96      2006
                                             1962
 MINIMUM TEMPERATURE (F)   70        56      1961


SUNRISE AND SUNSET
MAY 27 2019...........SUNRISE   624 AM EDT   SUNSET   822 PM EDT
MAY 28 2019...........SUNRISE   624 AM EDT   SUNSET   822 PM EDT


-  INDICATES NEGATIVE NUMBERS.
R  INDICATES RECORD WAS SET OR TIED.
MM INDICATES DATA IS MISSING.
T  INDICATES TRACE AMOUNT.




$$
