000
CDUS43 KEAX 210638
CLISTJ


CLIMATE REPORT
NATIONAL WEATHER SERVICE KANSAS CITY/PLEASANT HILL MO
134 AM CDT THU MAR 21 2019


...................................

...THE ST. JOSEPH MO CLIMATE SUMMARY FOR MARCH 20 2019...

CLIMATE NORMAL PERIOD 1981 TO 2010
CLIMATE RECORD PERIOD 1892 TO 2019


WEATHER ITEM   OBSERVED TIME   RECORD YEAR NORMAL DEPARTURE LAST
                VALUE   (LST)  VALUE       VALUE  FROM      YEAR
                                                  NORMAL
..................................................................
TEMPERATURE (F)
 YESTERDAY
  MAXIMUM         59    453 PM  82    1934  57      2       50
  MINIMUM         39   1028 AM   9    1951  33      6       36
  AVERAGE         49                        45      4       43

PRECIPITATION (IN)
  YESTERDAY        0.00          0.65 1962   0.08  -0.08     0.00
  MONTH TO DATE    1.23                      1.31  -0.08     0.18
  SINCE MAR 1      1.23                      1.31  -0.08     0.18
  SINCE JAN 1      4.07                      2.80   1.27     1.64

DEGREE DAYS
 HEATING
  YESTERDAY       16                        20     -4       22
  MONTH TO DATE  616                       488    128      465
  SINCE MAR 1    616                       488    128      465
  SINCE JUL 1   5146                      4796    350     4336

 COOLING
  YESTERDAY        0                         0      0        0
  MONTH TO DATE    0                         0      0        0
  SINCE MAR 1      0                         0      0        0
  SINCE JAN 1      0                         0      0        0
..................................................................


WIND (MPH)
  HIGHEST WIND SPEED    21   HIGHEST WIND DIRECTION     W (290)
  HIGHEST GUST SPEED    27   HIGHEST GUST DIRECTION    NW (300)
  AVERAGE WIND SPEED    10.5


SKY COVER
  POSSIBLE SUNSHINE  MM
  AVERAGE SKY COVER 0.6


WEATHER CONDITIONS
 THE FOLLOWING WEATHER WAS RECORDED YESTERDAY.
  FOG
  HAZE


RELATIVE HUMIDITY (PERCENT)
 HIGHEST   100           100 AM
 LOWEST     36           500 PM
 AVERAGE    68

..........................................................


THE ST. JOSEPH MO CLIMATE NORMALS FOR TODAY
                         NORMAL    RECORD    YEAR
 MAXIMUM TEMPERATURE (F)   57        88      1916
 MINIMUM TEMPERATURE (F)   33         7      1951


SUNRISE AND SUNSET
MARCH 21 2019.........SUNRISE   722 AM CDT   SUNSET   733 PM CDT
MARCH 22 2019.........SUNRISE   720 AM CDT   SUNSET   734 PM CDT


-  INDICATES NEGATIVE NUMBERS.
R  INDICATES RECORD WAS SET OR TIED.
MM INDICATES DATA IS MISSING.
T  INDICATES TRACE AMOUNT.




$$
