000
CDUS43 KEAX 200037
CLISTJ


CLIMATE REPORT
NATIONAL WEATHER SERVICE KANSAS CITY/PLEASANT HILL MO
736 PM CDT SUN MAY 19 2019


...................................

...THE ST. JOSEPH MO CLIMATE SUMMARY FOR MAY 19 2019...
VALID TODAY AS OF 0700 PM LOCAL TIME.

CLIMATE NORMAL PERIOD 1981 TO 2010
CLIMATE RECORD PERIOD 1892 TO 2019


WEATHER ITEM   OBSERVED TIME   RECORD YEAR NORMAL DEPARTURE LAST
                VALUE   (LST)  VALUE       VALUE  FROM      YEAR
                                                  NORMAL
..................................................................
TEMPERATURE (F)
 TODAY
  MAXIMUM         67    453 PM  97    1998  77    -10       86
  MINIMUM         57    429 AM  39    1968  54      3       66
  AVERAGE         62                        66     -4       76

PRECIPITATION (IN)
  TODAY            0.27          5.88 1962   0.18   0.09      T
  MONTH TO DATE    3.30                      3.36  -0.06     1.45
  SINCE MAR 1      8.62                      9.40  -0.78     2.36
  SINCE JAN 1     11.46                     10.89   0.57     3.82

DEGREE DAYS
 HEATING
  TODAY            3                         3      0        0
  MONTH TO DATE  119                        92     27        0
  SINCE MAR 1   1146                      1122     24     1272
  SINCE JUL 1   5676                      5430    246     5143

 COOLING
  TODAY            0                         3     -3       11
  MONTH TO DATE   42                        37      5      139
  SINCE MAR 1     57                        58     -1      146
  SINCE JAN 1     57                        58     -1      146
..................................................................


WIND (MPH)
  HIGHEST WIND SPEED    25   HIGHEST WIND DIRECTION     W (250)
  HIGHEST GUST SPEED    37   HIGHEST GUST DIRECTION     W (270)
  AVERAGE WIND SPEED    13.7


SKY COVER
  AVERAGE SKY COVER 0.9


WEATHER CONDITIONS
 THE FOLLOWING WEATHER WAS RECORDED TODAY.
  THUNDERSTORM
  HEAVY RAIN
  RAIN
  LIGHT RAIN
  FOG


RELATIVE HUMIDITY (PERCENT)
 HIGHEST   100          1200 AM
 LOWEST     48           300 PM
 AVERAGE    74

..........................................................


THE ST. JOSEPH MO CLIMATE NORMALS FOR TOMORROW
                         NORMAL    RECORD    YEAR
 MAXIMUM TEMPERATURE (F)   77        92      1975
 MINIMUM TEMPERATURE (F)   55        38      2002
                                             1931


SUNRISE AND SUNSET
MAY 19 2019...........SUNRISE   602 AM CDT   SUNSET   831 PM CDT
MAY 20 2019...........SUNRISE   601 AM CDT   SUNSET   832 PM CDT


-  INDICATES NEGATIVE NUMBERS.
R  INDICATES RECORD WAS SET OR TIED.
MM INDICATES DATA IS MISSING.
T  INDICATES TRACE AMOUNT.




$$
