000
CDUS43 KLSX 190732
CLISTL


CLIMATE REPORT
NATIONAL WEATHER SERVICE ST LOUIS MO
231 AM CDT TUE MAR 19 2019


...................................

...THE ST. LOUIS CLIMATE SUMMARY FOR MARCH 18 2019...

CLIMATE NORMAL PERIOD 1981 TO 2010
CLIMATE RECORD PERIOD 1874 TO 2019


WEATHER ITEM   OBSERVED TIME   RECORD YEAR NORMAL DEPARTURE LAST
                VALUE   (LST)  VALUE       VALUE  FROM      YEAR
                                                  NORMAL
..................................................................
TEMPERATURE (F)
 YESTERDAY
  MAXIMUM         52    407 PM  82    2012  57     -5       43
  MINIMUM         32    543 AM   6    1923  37     -5       38
  AVERAGE         42                        47     -5       41

PRECIPITATION (IN)
  YESTERDAY        0.00          2.46 2008   0.12  -0.12      T
  MONTH TO DATE    2.57                      1.76   0.81     1.54
  SINCE MAR 1      2.57                      1.76   0.81     1.54
  SINCE JAN 1      9.06                      6.40   2.66     8.02

SNOWFALL (IN)
  YESTERDAY        0.0           0.4  1988   0.0    0.0      0.0
  MONTH TO DATE    2.4                       1.7    0.7      1.0
  SINCE MAR 1      2.4                       1.7    0.7      1.0
  SINCE JUL 1     24.2                      16.7    7.5      6.5
  SNOW DEPTH       0

DEGREE DAYS
 HEATING
  YESTERDAY       23                        18      5       24
  MONTH TO DATE  491                       383    108      413
  SINCE MAR 1    491                       383    108      413
  SINCE JUL 1   4245                      3981    264     3884

 COOLING
  YESTERDAY        0                         0      0        0
  MONTH TO DATE    0                         0      0        0
  SINCE MAR 1      0                         0      0        0
  SINCE JAN 1      0                         0      0        0
..................................................................


WIND (MPH)
  HIGHEST WIND SPEED    12   HIGHEST WIND DIRECTION    NW (320)
  HIGHEST GUST SPEED    17   HIGHEST GUST DIRECTION     N (350)
  AVERAGE WIND SPEED     4.1


SKY COVER
  AVERAGE SKY COVER 0.4


WEATHER CONDITIONS
 THE FOLLOWING WEATHER WAS RECORDED YESTERDAY.
  NO SIGNIFICANT WEATHER WAS OBSERVED.


RELATIVE HUMIDITY (PERCENT)
 HIGHEST    75           300 AM
 LOWEST     24           500 PM
 AVERAGE    50

..........................................................


THE ST. LOUIS CLIMATE NORMALS FOR TODAY
                         NORMAL    RECORD    YEAR
 MAXIMUM TEMPERATURE (F)   57        84      1907
 MINIMUM TEMPERATURE (F)   38         4      1923


SUNRISE AND SUNSET
MARCH 19 2019.........SUNRISE   707 AM CDT   SUNSET   712 PM CDT
MARCH 20 2019.........SUNRISE   705 AM CDT   SUNSET   713 PM CDT


-  INDICATES NEGATIVE NUMBERS.
R  INDICATES RECORD WAS SET OR TIED.
MM INDICATES DATA IS MISSING.
T  INDICATES TRACE AMOUNT.




$$
