000
CDUS46 KMTR 230832
CLISTS


CLIMATE REPORT
NATIONAL WEATHER SERVICE SAN FRANCISCO BAY AREA
132 AM PDT SAT MAR 23 2019


...................................

...THE SANTA ROSA AIRPORT CLIMATE SUMMARY FOR MARCH 22 2019...

CLIMATE NORMAL PERIOD 1981 TO 2010
CLIMATE RECORD PERIOD 1998 TO 2019


WEATHER ITEM   OBSERVED TIME   RECORD YEAR NORMAL DEPARTURE LAST
                VALUE   (LST)  VALUE       VALUE  FROM      YEAR
                                                  NORMAL
..................................................................
TEMPERATURE (F)
 YESTERDAY
  MAXIMUM         54    334 PM  77    2007  65    -11       60
  MINIMUM         41   1225 AM  35    2006  42     -1       38
  AVERAGE         48                        53     -5       49

PRECIPITATION (IN)
  YESTERDAY        1.14R         0.57 2002   0.12   1.02     0.45
  MONTH TO DATE    5.26                      3.80   1.46     6.52
  SINCE OCT 1     39.99                     31.00   8.99    20.20
  SINCE JAN 1     30.34                     17.25  13.09    13.89

DEGREE DAYS
 HEATING
  YESTERDAY       17                                        16
  MONTH TO DATE  291                                       335
  SINCE MAR 1    291                                       335
  SINCE JUL 1   2240                                      2208

 COOLING
  YESTERDAY        0                                         0
  MONTH TO DATE    0                                         0
  SINCE MAR 1      0                                         0
  SINCE JAN 1      0                                         0
..................................................................


WIND (MPH)
  RESULTANT WIND SPEED   4   RESULTANT WIND DIRECTION  SE (130)
  HIGHEST WIND SPEED    14   HIGHEST WIND DIRECTION    SE (140)
  HIGHEST GUST SPEED    17   HIGHEST GUST DIRECTION    SE (130)
  AVERAGE WIND SPEED     5.3


SKY COVER
  POSSIBLE SUNSHINE  MM
  AVERAGE SKY COVER 1.0


WEATHER CONDITIONS
 THE FOLLOWING WEATHER WAS RECORDED YESTERDAY.
  HEAVY RAIN
  RAIN
  LIGHT RAIN
  FOG


RELATIVE HUMIDITY (PERCENT)
 HIGHEST   100           800 AM
 LOWEST     92           200 AM
 AVERAGE    96

..........................................................


THE SANTA ROSA AIRPORT CLIMATE NORMALS FOR TODAY
                         NORMAL    RECORD    YEAR
 MAXIMUM TEMPERATURE (F)   65        77      2007
 MINIMUM TEMPERATURE (F)   42        32      2008


SUNRISE AND SUNSET
MARCH 23 2019.........SUNRISE   710 AM PDT   SUNSET   726 PM PDT
MARCH 24 2019.........SUNRISE   709 AM PDT   SUNSET   727 PM PDT


-  INDICATES NEGATIVE NUMBERS.
R  INDICATES RECORD WAS SET OR TIED.
MM INDICATES DATA IS MISSING.
T  INDICATES TRACE AMOUNT.




$$
