000
CDUS41 KBGM 210722
CLISYR


CLIMATE REPORT
NATIONAL WEATHER SERVICE BINGHAMTON NY
321 AM EDT MON MAY 21 2018


...................................

...THE SYRACUSE NY CLIMATE SUMMARY FOR MAY 20 2018...

CLIMATE NORMAL PERIOD 1981 TO 2010
CLIMATE RECORD PERIOD 1902 TO 2018


WEATHER ITEM   OBSERVED TIME   RECORD YEAR NORMAL DEPARTURE LAST
                VALUE   (LST)  VALUE       VALUE  FROM      YEAR
                                                  NORMAL
..................................................................
TEMPERATURE (F)
 YESTERDAY
  MAXIMUM         66    134 PM  90    1962  70     -4       70
  MINIMUM         50   1159 PM  32    2002  48      2       43
                                      1944
  AVERAGE         58                        59     -1       57

PRECIPITATION (IN)
  YESTERDAY        0.14          0.90 1969   0.11   0.03     0.00
  MONTH TO DATE    1.37                      2.02  -0.65     3.28
  SINCE MAR 1      7.71                      8.16  -0.45    12.08
  SINCE JAN 1     13.78                     12.73   1.05    18.66

SNOWFALL (IN)
  YESTERDAY        0.0           0.0  2002   0.0    0.0      0.0
                                      2001
  MONTH TO DATE    0.0                       0.1   -0.1      0.0
  SINCE MAR 1     46.1                      21.9   24.2     31.2
  SINCE JUL 1    153.6                     123.8   29.8    134.9
  SNOW DEPTH       0

DEGREE DAYS
 HEATING
  YESTERDAY        7                         7      0        8
  MONTH TO DATE  110                       192    -82      258
  SINCE MAR 1   1916                      1696    220     1756
  SINCE JUL 1   6583                      6527     56     6025

 COOLING
  YESTERDAY        0                         1     -1        0
  MONTH TO DATE   14                        10      4       18
  SINCE MAR 1     14                        14      0       30
  SINCE JAN 1     14                        14      0       30
..................................................................


WIND (MPH)
  HIGHEST WIND SPEED    18   HIGHEST WIND DIRECTION     W (280)
  HIGHEST GUST SPEED    23   HIGHEST GUST DIRECTION     W (280)
  AVERAGE WIND SPEED     8.5


SKY COVER
  POSSIBLE SUNSHINE  MM
  AVERAGE SKY COVER 0.8


WEATHER CONDITIONS
 THE FOLLOWING WEATHER WAS RECORDED YESTERDAY.
  LIGHT RAIN
  FOG


RELATIVE HUMIDITY (PERCENT)
 HIGHEST   100           800 AM
 LOWEST     78           500 PM
 AVERAGE    89

..........................................................


THE SYRACUSE NY CLIMATE NORMALS FOR TODAY
                         NORMAL    RECORD    YEAR
 MAXIMUM TEMPERATURE (F)   70        96      1977
 MINIMUM TEMPERATURE (F)   48        33      1906


SUNRISE AND SUNSET
MAY 21 2018...........SUNRISE   535 AM EDT   SUNSET   827 PM EDT
MAY 22 2018...........SUNRISE   534 AM EDT   SUNSET   828 PM EDT


-  INDICATES NEGATIVE NUMBERS.
R  INDICATES RECORD WAS SET OR TIED.
MM INDICATES DATA IS MISSING.
T  INDICATES TRACE AMOUNT.

$$
