000
CDUS41 KBGM 220805
CLISYR


CLIMATE REPORT
NATIONAL WEATHER SERVICE BINGHAMTON NY
404 AM EDT WED MAY 22 2019


...................................

...THE SYRACUSE NY CLIMATE SUMMARY FOR MAY 21 2019...

CLIMATE NORMAL PERIOD 1981 TO 2010
CLIMATE RECORD PERIOD 1902 TO 2019


WEATHER ITEM   OBSERVED TIME   RECORD YEAR NORMAL DEPARTURE LAST
                VALUE   (LST)  VALUE       VALUE  FROM      YEAR
                                                  NORMAL
..................................................................
TEMPERATURE (F)
 YESTERDAY
  MAXIMUM         64    446 PM  96    1977  70     -6       75
  MINIMUM         45    520 AM  33    1906  48     -3       44
  AVERAGE         55                        59     -4       60

PRECIPITATION (IN)
  YESTERDAY        0.00          1.11 1947   0.11  -0.11     0.00
  MONTH TO DATE    5.74                      2.13   3.61     1.37
  SINCE MAR 1     10.79                      8.27   2.52     7.71
  SINCE JAN 1     16.89                     12.84   4.05    13.78

SNOWFALL (IN)
  YESTERDAY        0.0           T    2006   0.0    0.0      0.0
  MONTH TO DATE    0.0                       0.1   -0.1      0.0
  SINCE MAR 1     17.3                      21.9   -4.6     46.1
  SINCE JUL 1    115.0                     123.8   -8.8    153.6
  SNOW DEPTH       0

DEGREE DAYS
 HEATING
  YESTERDAY       10                         7      3        5
  MONTH TO DATE  212                       199     13      115
  SINCE MAR 1   1716                      1703     13     1921
  SINCE JUL 1   6683                      6534    149     6588

 COOLING
  YESTERDAY        0                         1     -1        0
  MONTH TO DATE    6                        11     -5       14
  SINCE MAR 1      6                        15     -9       14
  SINCE JAN 1      6                        15     -9       14
..................................................................


WIND (MPH)
  HIGHEST WIND SPEED    22   HIGHEST WIND DIRECTION     W (290)
  HIGHEST GUST SPEED    33   HIGHEST GUST DIRECTION     N (340)
  AVERAGE WIND SPEED    12.6


SKY COVER
  POSSIBLE SUNSHINE  MM
  AVERAGE SKY COVER 0.5


WEATHER CONDITIONS
 THE FOLLOWING WEATHER WAS RECORDED YESTERDAY.
  NO SIGNIFICANT WEATHER WAS OBSERVED.


RELATIVE HUMIDITY (PERCENT)
 HIGHEST    83           500 AM
 LOWEST     36           500 PM
 AVERAGE    60

..........................................................


THE SYRACUSE NY CLIMATE NORMALS FOR TODAY
                         NORMAL    RECORD    YEAR
 MAXIMUM TEMPERATURE (F)   71        92      1911
 MINIMUM TEMPERATURE (F)   48        35      1990
                                             1967


SUNRISE AND SUNSET
MAY 22 2019...........SUNRISE   535 AM EDT   SUNSET   828 PM EDT
MAY 23 2019...........SUNRISE   534 AM EDT   SUNSET   829 PM EDT


-  INDICATES NEGATIVE NUMBERS.
R  INDICATES RECORD WAS SET OR TIED.
MM INDICATES DATA IS MISSING.
T  INDICATES TRACE AMOUNT.




$$
