000
CDUS44 KBMX 200737
CLITCL


CLIMATE REPORT
NATIONAL WEATHER SERVICE BIRMINGHAM, AL
236 AM CDT WED MAR 20 2019


...................................

...THE TUSCALOOSA CLIMATE SUMMARY FOR MARCH 19 2019...

CLIMATE NORMAL PERIOD 1981 TO 2010
CLIMATE RECORD PERIOD 1948 TO 2019


WEATHER ITEM   OBSERVED TIME   RECORD YEAR NORMAL DEPARTURE LAST
                VALUE   (LST)  VALUE       VALUE  FROM      YEAR
                                                  NORMAL
..................................................................
TEMPERATURE (F)
 YESTERDAY
  MAXIMUM         65    327 PM  88    1982  70     -5       80
  MINIMUM         32    537 AM  28    1985  44    -12       61
  AVERAGE         49                        57     -8       71

PRECIPITATION (IN)
  YESTERDAY        0.00          3.00 1970   0.14  -0.14     0.01
  MONTH TO DATE    1.83                      2.88  -1.05     2.95
  SINCE MAR 1      1.83                      2.88  -1.05     2.95
  SINCE JAN 1     14.44                     13.55   0.89    14.75

SNOWFALL (IN)
  YESTERDAY        0.0                       0.0    0.0
  MONTH TO DATE    0.0                       0.2   -0.2
  SINCE MAR 1      0.0                       0.2   -0.2
  SINCE JUL 1      T                         0.6   -0.6

DEGREE DAYS
 HEATING
  YESTERDAY       16                         9      7
  MONTH TO DATE  210                       203      7
  SINCE MAR 1    210                       203      7
  SINCE JUL 1   1944                      2293   -349
..................................................................


WIND (MPH)
  HIGHEST WIND SPEED    15   HIGHEST WIND DIRECTION     N (20)
  HIGHEST GUST SPEED    25   HIGHEST GUST DIRECTION    NE (40)
  AVERAGE WIND SPEED     4.4


SKY COVER
  AVERAGE SKY COVER 0.0


WEATHER CONDITIONS
 THE FOLLOWING WEATHER WAS RECORDED YESTERDAY.
  NO SIGNIFICANT WEATHER WAS OBSERVED.


RELATIVE HUMIDITY (PERCENT)
 HIGHEST    75           500 AM
 LOWEST     18           300 PM
 AVERAGE    47

..........................................................


THE TUSCALOOSA CLIMATE NORMALS FOR TODAY
                         NORMAL    RECORD    YEAR
 MAXIMUM TEMPERATURE (F)   70        87      2012
                                             2004
 MINIMUM TEMPERATURE (F)   44        26      1965


SUNRISE AND SUNSET
MARCH 20 2019.........SUNRISE   654 AM CDT   SUNSET   702 PM CDT
MARCH 21 2019.........SUNRISE   653 AM CDT   SUNSET   703 PM CDT


-  INDICATES NEGATIVE NUMBERS.
R  INDICATES RECORD WAS SET OR TIED.
MM INDICATES DATA IS MISSING.
T  INDICATES TRACE AMOUNT.




$$
