000
CDUS44 KBMX 230737
CLITCL


CLIMATE REPORT
NATIONAL WEATHER SERVICE BIRMINGHAM, AL
237 AM CDT THU MAY 23 2019


...................................

...THE TUSCALOOSA CLIMATE SUMMARY FOR MAY 22 2019...

CLIMATE NORMAL PERIOD 1981 TO 2010
CLIMATE RECORD PERIOD 1948 TO 2019


WEATHER ITEM   OBSERVED TIME   RECORD YEAR NORMAL DEPARTURE LAST
                VALUE   (LST)  VALUE       VALUE  FROM      YEAR
                                                  NORMAL
..................................................................
TEMPERATURE (F)
 YESTERDAY
  MAXIMUM         94    223 PM  96    1970  85      9       88
  MINIMUM         71    251 AM  43    2002  62      9       71
  AVERAGE         83                        73     10       80

PRECIPITATION (IN)
  YESTERDAY        0.00          0.89 1980   0.13  -0.13     0.00
  MONTH TO DATE    3.76                      2.82   0.94     2.28
  SINCE MAR 1     12.51                     11.57   0.94    14.13
  SINCE JAN 1     25.12                     22.24   2.88    25.93

..................................................................


WIND (MPH)
  HIGHEST WIND SPEED    16   HIGHEST WIND DIRECTION     S (200)
  HIGHEST GUST SPEED    21   HIGHEST GUST DIRECTION     S (200)
  AVERAGE WIND SPEED     6.4


SKY COVER
  AVERAGE SKY COVER 0.2


WEATHER CONDITIONS
 THE FOLLOWING WEATHER WAS RECORDED YESTERDAY.
  NO SIGNIFICANT WEATHER WAS OBSERVED.


RELATIVE HUMIDITY (PERCENT)
 HIGHEST    84           300 AM
 LOWEST     36           300 PM
 AVERAGE    60

..........................................................


THE TUSCALOOSA CLIMATE NORMALS FOR TODAY
                         NORMAL    RECORD    YEAR
 MAXIMUM TEMPERATURE (F)   85        96      1996
 MINIMUM TEMPERATURE (F)   62        48      2001


SUNRISE AND SUNSET
MAY 23 2019...........SUNRISE   546 AM CDT   SUNSET   749 PM CDT
MAY 24 2019...........SUNRISE   545 AM CDT   SUNSET   750 PM CDT


-  INDICATES NEGATIVE NUMBERS.
R  INDICATES RECORD WAS SET OR TIED.
MM INDICATES DATA IS MISSING.
T  INDICATES TRACE AMOUNT.




$$
