312
CDUS42 KTAE 190635
CLITLH


CLIMATE REPORT
NATIONAL WEATHER SERVICE TALLAHASSEE FL
234 AM EDT TUE MAR 19 2019


...................................

...THE TALLAHASSEE CLIMATE SUMMARY FOR MARCH 18 2019...

CLIMATE NORMAL PERIOD 1981 TO 2010
CLIMATE RECORD PERIOD 1896 TO 2019


WEATHER ITEM   OBSERVED TIME   RECORD YEAR NORMAL DEPARTURE LAST
                VALUE   (LST)  VALUE       VALUE  FROM      YEAR
                                                  NORMAL
..................................................................
TEMPERATURE (F)
 YESTERDAY
  MAXIMUM         67    331 PM  88    1989  74     -7       82
                                      1982
                                      1963
  MINIMUM         39    649 AM  28    1971  48     -9       64
  AVERAGE         53                        61     -8       73

PRECIPITATION (IN)
  YESTERDAY        0.00          3.94 1942   0.19  -0.19     1.61
  MONTH TO DATE    2.94                      3.76  -0.82     2.42
  SINCE MAR 1      2.94                      3.76  -0.82     2.42
  SINCE JAN 1      7.53                     12.95  -5.42     8.35

SNOWFALL (IN)
  YESTERDAY        0.0                       0.0    0.0

DEGREE DAYS
 HEATING
  YESTERDAY       12                                6
  MONTH TO DATE  100                              -22
  SINCE MAR 1    100                              -22
  SINCE JUL 1   1103                             -362

 COOLING
  YESTERDAY        0                               -1
  MONTH TO DATE   46                               28
  SINCE MAR 1     46                               28
  SINCE JAN 1    113                               81
..................................................................


WIND (MPH)
  HIGHEST WIND SPEED    16   HIGHEST WIND DIRECTION     N (10)
  HIGHEST GUST SPEED    20   HIGHEST GUST DIRECTION     N (20)
  AVERAGE WIND SPEED     5.2




RELATIVE HUMIDITY (PERCENT)
 HIGHEST   100
 LOWEST     28
 AVERAGE    64

..........................................................


THE TALLAHASSEE CLIMATE NORMALS FOR TODAY
                         NORMAL    RECORD    YEAR
 MAXIMUM TEMPERATURE (F)   75        89      2011
 MINIMUM TEMPERATURE (F)   48        31      1985


SUNRISE AND SUNSET
MARCH 19 2019.........SUNRISE   743 AM EDT   SUNSET   748 PM EDT
MARCH 20 2019.........SUNRISE   742 AM EDT   SUNSET   749 PM EDT


-  INDICATES NEGATIVE NUMBERS.
R  INDICATES RECORD WAS SET OR TIED.
MM INDICATES DATA IS MISSING.
T  INDICATES TRACE AMOUNT.




$$
