000
CDUS44 KBMX 210737
CLITOI


CLIMATE REPORT
NATIONAL WEATHER SERVICE BIRMINGHAM, AL
236 AM CDT THU MAR 21 2019


...................................

...THE TROY CLIMATE SUMMARY FOR MARCH 20 2019...

CLIMATE NORMAL PERIOD 1981 TO 2010
CLIMATE RECORD PERIOD 9999 TO 9999


WEATHER ITEM   OBSERVED TIME   RECORD YEAR NORMAL DEPARTURE LAST
                VALUE   (LST)  VALUE       VALUE  FROM      YEAR
                                                  NORMAL
..................................................................
TEMPERATURE (F)
 YESTERDAY
  MAXIMUM         67    324 PM  MM      MM  71     -4       69
  MINIMUM         34    606 AM  MM      MM  44    -10       49
  AVERAGE         51                        57     -6       59

PRECIPITATION (IN)
  YESTERDAY        0.00                      0.22  -0.22      T
  MONTH TO DATE    2.60                      3.59  -0.99     1.53
  SINCE MAR 1      2.60                      3.59  -0.99     1.53
  SINCE JAN 1      8.17                     12.72  -4.55     6.79

SNOWFALL (IN)
  YESTERDAY        0.0                      MM     MM        0.0
  MONTH TO DATE    0.0                      MM     MM        0.0
  SINCE MAR 1      0.0                      MM     MM        0.0
  SINCE JUL 1      T                        MM     MM         T
  SNOW DEPTH       0

DEGREE DAYS
 HEATING
  YESTERDAY       14                         8      6        6
  MONTH TO DATE  184                       204    -20      218
  SINCE MAR 1    184                       204    -20      218
  SINCE JUL 1   1715                      2123   -408     1873

 COOLING
  YESTERDAY        0                         0      0        0
  MONTH TO DATE   17                         0     17       20
  SINCE MAR 1     17                         0     17       20
  SINCE JAN 1     55                         5     50       78
..................................................................


WIND (MPH)
  HIGHEST WIND SPEED    10   HIGHEST WIND DIRECTION    NW (310)
  HIGHEST GUST SPEED    14   HIGHEST GUST DIRECTION     N (20)
  AVERAGE WIND SPEED     2.7


SKY COVER
  AVERAGE SKY COVER 0.0


WEATHER CONDITIONS
 THE FOLLOWING WEATHER WAS RECORDED YESTERDAY.
  FOG
  HAZE


RELATIVE HUMIDITY (PERCENT)
 HIGHEST    96           600 AM
 LOWEST     26           400 PM
 AVERAGE    61

..........................................................


THE TROY CLIMATE NORMALS FOR TODAY
                         NORMAL    RECORD    YEAR
 MAXIMUM TEMPERATURE (F)   71        MM        MM
 MINIMUM TEMPERATURE (F)   44        MM        MM


SUNRISE AND SUNSET
MARCH 21 2019.........SUNRISE   647 AM CDT   SUNSET   656 PM CDT
MARCH 22 2019.........SUNRISE   646 AM CDT   SUNSET   657 PM CDT


-  INDICATES NEGATIVE NUMBERS.
R  INDICATES RECORD WAS SET OR TIED.
MM INDICATES DATA IS MISSING.
T  INDICATES TRACE AMOUNT.




$$
