086
CDUS44 KBMX 192114
CLITOI


CLIMATE REPORT
NATIONAL WEATHER SERVICE BIRMINGHAM, AL
414 PM CDT SUN MAY 19 2019


...................................

...THE TROY CLIMATE SUMMARY FOR MAY 19 2019...
VALID TODAY AS OF 0400 PM LOCAL TIME.

CLIMATE NORMAL PERIOD 1981 TO 2010
CLIMATE RECORD PERIOD 9999 TO 9999


WEATHER ITEM   OBSERVED TIME   RECORD YEAR NORMAL DEPARTURE LAST
                VALUE   (LST)  VALUE       VALUE  FROM      YEAR
                                                  NORMAL
..................................................................
TEMPERATURE (F)
 TODAY
  MAXIMUM         87    234 PM  MM      MM  85      2       87
  MINIMUM         58    502 AM  MM      MM  60     -2       68
  AVERAGE         73                        72      1       78

PRECIPITATION (IN)
  TODAY            0.00                      0.10  -0.10     0.13
  MONTH TO DATE    2.32                      1.73   0.59     1.01
  SINCE MAR 1     12.26                     11.75   0.51     7.49
  SINCE JAN 1     17.83                     20.88  -3.05    12.75

DEGREE DAYS
 COOLING
  TODAY            8                         7      1       13
  MONTH TO DATE  133                       103     30      152
  SINCE MAR 1    225                       175     50      206
  SINCE JAN 1    263                       180     83      264
..................................................................


WIND (MPH)
  HIGHEST WIND SPEED    16   HIGHEST WIND DIRECTION    SW (220)
  HIGHEST GUST SPEED    23   HIGHEST GUST DIRECTION    SW (220)
  AVERAGE WIND SPEED     5.0


SKY COVER
  AVERAGE SKY COVER 0.0


WEATHER CONDITIONS
 THE FOLLOWING WEATHER WAS RECORDED TODAY.
  FOG


RELATIVE HUMIDITY (PERCENT)
 HIGHEST   100           200 AM
 LOWEST     40           200 PM
 AVERAGE    70

..........................................................


THE TROY CLIMATE NORMALS FOR TOMORROW
                         NORMAL    RECORD    YEAR
 MAXIMUM TEMPERATURE (F)   85        MM        MM
 MINIMUM TEMPERATURE (F)   60        MM        MM


SUNRISE AND SUNSET
MAY 19 2019...........SUNRISE   545 AM CDT   SUNSET   737 PM CDT
MAY 20 2019...........SUNRISE   544 AM CDT   SUNSET   737 PM CDT


-  INDICATES NEGATIVE NUMBERS.
R  INDICATES RECORD WAS SET OR TIED.
MM INDICATES DATA IS MISSING.
T  INDICATES TRACE AMOUNT.




$$
