000
CDUS41 KCLE 190525
CLITOL


CLIMATE REPORT
NATIONAL WEATHER SERVICE CLEVELAND OH
125 AM EDT SUN MAY 19 2019


...................................

...THE TOLEDO OH CLIMATE SUMMARY FOR MAY 18 2019...

CLIMATE NORMAL PERIOD 1981 TO 2010
CLIMATE RECORD PERIOD 1873 TO 2019


WEATHER ITEM   OBSERVED TIME   RECORD YEAR NORMAL DEPARTURE LAST
                VALUE   (LST)  VALUE       VALUE  FROM      YEAR
                                                  NORMAL
..................................................................
TEMPERATURE (F)
 YESTERDAY
  MAXIMUM         82    251 PM  95    1962  72     10       64
  MINIMUM         50    537 AM  30    1973  49      1       56
  AVERAGE         66                        60      6       60

PRECIPITATION (IN)
  YESTERDAY        0.30                      0.12   0.18     0.25
  MONTH TO DATE    1.70                      2.00  -0.30     4.88
  SINCE MAR 1     10.06                      7.67   2.39    10.69
  SINCE JAN 1     14.43                     11.79   2.64    15.68

SNOWFALL (IN)
  YESTERDAY        0.0                       0.0    0.0      0.0
  MONTH TO DATE    0.0                       0.1   -0.1      0.0
  SINCE MAR 1      3.8                       7.1   -3.3      3.5
  SINCE JUL 1     25.7                      37.6  -11.9     34.3
  SNOW DEPTH       0

DEGREE DAYS
 HEATING
  YESTERDAY        0                         6     -6        5
  MONTH TO DATE  144                       148     -4       57
  SINCE MAR 1   1476                      1474      2     1626
  SINCE JUL 1   5895                      6050   -155     6030

 COOLING
  YESTERDAY        1                         1      0        0
  MONTH TO DATE    1                        15    -14       26
  SINCE MAR 1      2                        23    -21       26
  SINCE JAN 1      2                        23    -21       26
..................................................................


WIND (MPH)
  HIGHEST WIND SPEED    14   HIGHEST WIND DIRECTION     E (100)
  HIGHEST GUST SPEED    16   HIGHEST GUST DIRECTION     E (100)
  AVERAGE WIND SPEED     6.1


SKY COVER
  POSSIBLE SUNSHINE  MM
  AVERAGE SKY COVER 0.5


WEATHER CONDITIONS
 THE FOLLOWING WEATHER WAS RECORDED YESTERDAY.
  RAIN
  LIGHT RAIN
  FOG


RELATIVE HUMIDITY (PERCENT)
 HIGHEST    93           300 AM
 LOWEST     54           300 PM
 AVERAGE    74

..........................................................


THE TOLEDO OH CLIMATE NORMALS FOR TODAY
                         NORMAL    RECORD    YEAR
 MAXIMUM TEMPERATURE (F)   72        92      1996
                                             1964
 MINIMUM TEMPERATURE (F)   49        34      1894


SUNRISE AND SUNSET
MAY 19 2019...........SUNRISE   612 AM EDT   SUNSET   852 PM EDT
MAY 20 2019...........SUNRISE   611 AM EDT   SUNSET   853 PM EDT


-  INDICATES NEGATIVE NUMBERS.
R  INDICATES RECORD WAS SET OR TIED.
MM INDICATES DATA IS MISSING.
T  INDICATES TRACE AMOUNT.




$$
