000
CDUS41 KCLE 182115
CLITOL


CLIMATE REPORT
NATIONAL WEATHER SERVICE CLEVELAND OH
514 PM EDT MON MAR 18 2019


...................................

...THE TOLEDO OH CLIMATE SUMMARY FOR MARCH 18 2019...
VALID TODAY AS OF 0500 PM LOCAL TIME.

CLIMATE NORMAL PERIOD 1981 TO 2010
CLIMATE RECORD PERIOD 1873 TO 2019


WEATHER ITEM   OBSERVED TIME   RECORD YEAR NORMAL DEPARTURE LAST
                VALUE   (LST)  VALUE       VALUE  FROM      YEAR
                                                  NORMAL
..................................................................
TEMPERATURE (F)
 TODAY
  MAXIMUM         45    327 PM  76    1903  48     -3       59
  MINIMUM         24    603 AM   8    1967  29     -5       25
                                      1941
  AVERAGE         35                        38     -3       42

PRECIPITATION (IN)
  TODAY            0.00                      0.08  -0.08     0.00
  MONTH TO DATE    1.57                      1.36   0.21     1.77
  SINCE MAR 1      1.57                      1.36   0.21     1.77
  SINCE JAN 1      5.94                      5.48   0.46     6.76

SNOWFALL (IN)
  TODAY            0.0                       0.2   -0.2      0.0
  MONTH TO DATE    2.8                       4.0   -1.2      1.8
  SINCE MAR 1      2.8                       4.0   -1.2      1.8
  SINCE JUL 1     24.7                      34.5   -9.8     32.6
  SNOW DEPTH       0

DEGREE DAYS
 HEATING
  TODAY           30                        27      3       23
  MONTH TO DATE  595                       538     57      570
  SINCE MAR 1    595                       538     57      570
  SINCE JUL 1   5014                      5114   -100     4974

 COOLING
  TODAY            0                         0      0        0
  MONTH TO DATE    0                         0      0        0
  SINCE MAR 1      0                         0      0        0
  SINCE JAN 1      0                         0      0        0
..................................................................


WIND (MPH)
  HIGHEST WIND SPEED    13   HIGHEST WIND DIRECTION     W (290)
  HIGHEST GUST SPEED    16   HIGHEST GUST DIRECTION    NW (300)


SKY COVER
  POSSIBLE SUNSHINE  MM
  AVERAGE SKY COVER 0.5


WEATHER CONDITIONS
 THE FOLLOWING WEATHER WAS RECORDED TODAY.
  FOG
  HAZE


RELATIVE HUMIDITY (PERCENT)
 HIGHEST    85          1200 AM
 LOWEST     33           400 PM
 AVERAGE    59

..........................................................


THE TOLEDO OH CLIMATE NORMALS FOR TOMORROW
                         NORMAL    RECORD    YEAR
 MAXIMUM TEMPERATURE (F)   48        81      2012
 MINIMUM TEMPERATURE (F)   29         8      1923
                                             1885


SUNRISE AND SUNSET
MARCH 18 2019.........SUNRISE   742 AM EDT   SUNSET   745 PM EDT
MARCH 19 2019.........SUNRISE   741 AM EDT   SUNSET   746 PM EDT


-  INDICATES NEGATIVE NUMBERS.
R  INDICATES RECORD WAS SET OR TIED.
MM INDICATES DATA IS MISSING.
T  INDICATES TRACE AMOUNT.




$$
