638
CDUS43 KTOP 250631
CLITOP


CLIMATE REPORT
NATIONAL WEATHER SERVICE TOPEKA KS
131 AM CDT MON MAR 25 2019


...................................

...THE TOPEKA KS CLIMATE SUMMARY FOR MARCH 24 2019...

CLIMATE NORMAL PERIOD 1981 TO 2010
CLIMATE RECORD PERIOD 1887 TO 2019


WEATHER ITEM   OBSERVED TIME   RECORD YEAR NORMAL DEPARTURE LAST
                VALUE   (LST)  VALUE       VALUE  FROM      YEAR
                                                  NORMAL
..................................................................
TEMPERATURE (F)
 YESTERDAY
  MAXIMUM         59    345 PM  88    1929  60     -1       54
  MINIMUM         49   1159 PM  13    1965  36     13       39
  AVERAGE         54                        48      6       47

PRECIPITATION (IN)
  YESTERDAY        0.12          2.10 1945   0.09   0.03     0.00
  MONTH TO DATE    1.71                      1.80  -0.09     0.80
  SINCE MAR 1      1.71                      1.80  -0.09     0.80
  SINCE JAN 1      5.20                      3.98   1.22     2.55

SNOWFALL (IN)
  YESTERDAY        0.0           5.9  1912   0.1   -0.1      0.0
  MONTH TO DATE    3.8                       1.4    2.4       T
  SINCE JAN 1     18.5                      10.8    7.7      5.3
  SINCE JUL 1     27.1                      17.3    9.8      7.4
  SNOW DEPTH       0

DEGREE DAYS
 HEATING
  YESTERDAY       11                        18     -7       18
  MONTH TO DATE  609                       514     95      450
  SINCE MAR 1    609                       514     95      450
  SINCE JUL 1   4788                      4481    307     4230

 COOLING
  YESTERDAY        0                         0      0        0
  MONTH TO DATE    0                         0      0        0
  SINCE MAR 1      0                         0      0        0
  SINCE JAN 1      0                         0      0        0
..................................................................


WIND (MPH)
  HIGHEST WIND SPEED    17   HIGHEST WIND DIRECTION    SW (240)
  HIGHEST GUST SPEED    26   HIGHEST GUST DIRECTION    SW (240)
  AVERAGE WIND SPEED     8.6


SKY COVER
  AVERAGE SKY COVER 1.0


WEATHER CONDITIONS
 THE FOLLOWING WEATHER WAS RECORDED YESTERDAY.
  THUNDERSTORM
  LIGHT RAIN
  FOG


RELATIVE HUMIDITY (PERCENT)
 HIGHEST    93           300 AM
 LOWEST     57           300 PM
 AVERAGE    75

..........................................................


THE TOPEKA KS CLIMATE NORMALS FOR TODAY
                         NORMAL    RECORD    YEAR
 MAXIMUM TEMPERATURE (F)   60        91      1907
 MINIMUM TEMPERATURE (F)   36         6      1955


SUNRISE AND SUNSET
MARCH 25 2019.........SUNRISE   718 AM CDT   SUNSET   739 PM CDT
MARCH 26 2019.........SUNRISE   717 AM CDT   SUNSET   740 PM CDT


-  INDICATES NEGATIVE NUMBERS.
R  INDICATES RECORD WAS SET OR TIED.
MM INDICATES DATA IS MISSING.
T  INDICATES TRACE AMOUNT.




$$
