231
CDUS43 KTOP 240631
CLITOP


CLIMATE REPORT
NATIONAL WEATHER SERVICE TOPEKA KS
131 AM CDT THU MAY 24 2018


...................................

...THE TOPEKA KS CLIMATE SUMMARY FOR MAY 23 2018...

CLIMATE NORMAL PERIOD 1981 TO 2010
CLIMATE RECORD PERIOD 1887 TO 2018


WEATHER ITEM   OBSERVED TIME   RECORD YEAR NORMAL DEPARTURE LAST
                VALUE   (LST)  VALUE       VALUE  FROM      YEAR
                                                  NORMAL
..................................................................
TEMPERATURE (F)
 YESTERDAY
  MAXIMUM         90    241 PM  95    1939  78     12       68
  MINIMUM         64    505 AM  39    1963  57      7       51
  AVERAGE         77                        67     10       60

PRECIPITATION (IN)
  YESTERDAY        0.00          2.42 1995   0.16  -0.16     0.07
  MONTH TO DATE    3.30                      3.64  -0.34     3.07
  SINCE MAR 1      5.41                      9.66  -4.25    13.14
  SINCE JAN 1      7.16                     11.84  -4.68    14.53

SNOWFALL (IN)
  YESTERDAY        0.0           T    1949   0.0    0.0      0.0
  MONTH TO DATE    T                         0.0    0.0       T
  SINCE JAN 1      6.0                      11.3   -5.3      3.5
  SINCE JUL 1      8.1                      17.8   -9.7      6.6
  SNOW DEPTH       0

DEGREE DAYS
 HEATING
  YESTERDAY        0                         2     -2        5
  MONTH TO DATE    0                        86    -86       73
  SINCE MAR 1   1090                      1036     54      818
  SINCE JUL 1   4870                      5003   -133     3999

 COOLING
  YESTERDAY       12                         4      8        0
  MONTH TO DATE  188                        59    129       66
  SINCE MAR 1    195                        87    108      103
  SINCE JAN 1    195                        87    108      103
..................................................................


WIND (MPH)
  HIGHEST WIND SPEED    17   HIGHEST WIND DIRECTION    SE (130)
  HIGHEST GUST SPEED    23   HIGHEST GUST DIRECTION    SE (130)
  AVERAGE WIND SPEED     7.0


SKY COVER
  AVERAGE SKY COVER 0.0


WEATHER CONDITIONS
 THE FOLLOWING WEATHER WAS RECORDED YESTERDAY.
  FOG


RELATIVE HUMIDITY (PERCENT)
 HIGHEST   100           400 AM
 LOWEST     46           400 PM
 AVERAGE    73

..........................................................


THE TOPEKA KS CLIMATE NORMALS FOR TODAY
                         NORMAL    RECORD    YEAR
 MAXIMUM TEMPERATURE (F)   78        97      1939
 MINIMUM TEMPERATURE (F)   57        39      1966


SUNRISE AND SUNSET
MAY 24 2018...........SUNRISE   603 AM CDT   SUNSET   837 PM CDT
MAY 25 2018...........SUNRISE   602 AM CDT   SUNSET   837 PM CDT


-  INDICATES NEGATIVE NUMBERS.
R  INDICATES RECORD WAS SET OR TIED.
MM INDICATES DATA IS MISSING.
T  INDICATES TRACE AMOUNT.




$$
