000
CDUS42 KTBW 252119
CLITPA


CLIMATE REPORT
NATIONAL WEATHER SERVICE TAMPA BAY FL
517 PM EDT SAT MAY 25 2019


...................................

...THE TAMPA CLIMATE SUMMARY FOR MAY 25 2019...
VALID TODAY AS OF 0500 PM LOCAL TIME.

CLIMATE NORMAL PERIOD 1981 TO 2010
CLIMATE RECORD PERIOD 1890 TO 2019


WEATHER ITEM   OBSERVED TIME   RECORD YEAR NORMAL DEPARTURE LAST
                VALUE   (LST)  VALUE       VALUE  FROM      YEAR
                                                  NORMAL
..................................................................
TEMPERATURE (F)
 TODAY
  MAXIMUM         95    325 PM  96    2012  89      6       90
  MINIMUM         74    619 AM  58    1892  72      2       75
  AVERAGE         85                        80      5       83

PRECIPITATION (IN)
  TODAY            0.00          2.45 1984   0.09  -0.09     0.08
  MONTH TO DATE    4.78                      1.52   3.26     5.80
  SINCE MAR 1      9.33                      6.58   2.75     8.31
  SINCE JAN 1     16.45                     11.62   4.83    16.02

DEGREE DAYS
 HEATING
  TODAY            0                         0      0        0
  MONTH TO DATE    0                         0      0        0
  SINCE MAR 1     27                        67    -40       67
  SINCE JUL 1    332                       538   -206      338

 COOLING
  TODAY           20                        15      5       18
  MONTH TO DATE  374                       323     51      354
  SINCE MAR 1    837                       670    167      758
  SINCE JAN 1   1067                       783    284     1075
..................................................................


WIND (MPH)
  RESULTANT WIND SPEED   6   RESULTANT WIND DIRECTION   E (100)
  HIGHEST WIND SPEED    14   HIGHEST WIND DIRECTION     E (110)
  HIGHEST GUST SPEED    20   HIGHEST GUST DIRECTION    NE (40)
  AVERAGE WIND SPEED     6.2


SKY COVER
  POSSIBLE SUNSHINE  MM
  AVERAGE SKY COVER 0.1


WEATHER CONDITIONS
 THE FOLLOWING WEATHER WAS RECORDED TODAY.
  NO SIGNIFICANT WEATHER WAS OBSERVED.


RELATIVE HUMIDITY (PERCENT)
 HIGHEST    79           300 AM
 LOWEST     36           300 PM

..........................................................


THE TAMPA CLIMATE NORMALS FOR TOMORROW
                         NORMAL    RECORD    YEAR
 MAXIMUM TEMPERATURE (F)   89        98      1975
 MINIMUM TEMPERATURE (F)   72        60      1979
                                             1967


SUNRISE AND SUNSET
MAY 25 2019...........SUNRISE   636 AM EDT   SUNSET   818 PM EDT
MAY 26 2019...........SUNRISE   636 AM EDT   SUNSET   819 PM EDT


-  INDICATES NEGATIVE NUMBERS.
R  INDICATES RECORD WAS SET OR TIED.
MM INDICATES DATA IS MISSING.
T  INDICATES TRACE AMOUNT.




$$


&&
------------------------------------------------------------------
******************** SUPPLEMENTAL DATA ***************************

...RUSKIN                HIGH 93    LOW 68    PCPN 0.00
...SARASOTA/BRADENTON    HIGH 96    LOW 70    PCPN 0.00
...LAKELAND*             HIGH MM    LOW MM    PCPN MM
...ST. PETERSBURG        HIGH MM    LOW MM    PCPN MM
...GULF WATER TEMPERATURE AT CLEARWATER BEACH 86 DEGREES

*LAKELAND DATA IS FROM 4:30 PM FRIDAY TO 4:30 PM SATURDAY
AND MAY REFLECT YESTERDAYS RAINFALL AND HIGH TEMPERATURE.
