000
CDUS42 KTBW 250827
CLITPA


CLIMATE REPORT
NATIONAL WEATHER SERVICE TAMPA BAY FL
426 AM EDT MON MAR 25 2019


...................................

...THE TAMPA CLIMATE SUMMARY FOR MARCH 24 2019...

CLIMATE NORMAL PERIOD 1981 TO 2010
CLIMATE RECORD PERIOD 1890 TO 2019


WEATHER ITEM   OBSERVED TIME   RECORD YEAR NORMAL DEPARTURE LAST
                VALUE   (LST)  VALUE       VALUE  FROM      YEAR
                                                  NORMAL
..................................................................
TEMPERATURE (F)
 YESTERDAY
  MAXIMUM         82    234 PM  91    1949  77      5       77
  MINIMUM         59    640 AM  36    1968  59      0       55
  AVERAGE         71                        68      3       66

PRECIPITATION (IN)
  YESTERDAY        0.00          1.28 1955   0.10  -0.10     0.00
  MONTH TO DATE    1.87                      2.36  -0.49     0.28
  SINCE MAR 1      1.87                      2.36  -0.49     0.28
  SINCE JAN 1      8.99                      7.40   1.59     7.99

DEGREE DAYS
 HEATING
  YESTERDAY        0                         1     -1        0
  MONTH TO DATE   27                        50    -23       67
  SINCE MAR 1     27                        50    -23       67
  SINCE JUL 1    332                       521   -189      338

 COOLING
  YESTERDAY        6                         4      2        1
  MONTH TO DATE  121                        90     31       52
  SINCE MAR 1    121                        90     31       52
  SINCE JAN 1    351                       203    148      369
..................................................................


WIND (MPH)
  RESULTANT WIND SPEED   3   RESULTANT WIND DIRECTION   E (100)
  HIGHEST WIND SPEED    15   HIGHEST WIND DIRECTION     S (160)
  HIGHEST GUST SPEED    23   HIGHEST GUST DIRECTION     W (260)
  AVERAGE WIND SPEED     5.9


SKY COVER
  POSSIBLE SUNSHINE  MM
  AVERAGE SKY COVER 0.5


WEATHER CONDITIONS
 THE FOLLOWING WEATHER WAS RECORDED YESTERDAY.
  NO SIGNIFICANT WEATHER WAS OBSERVED.


RELATIVE HUMIDITY (PERCENT)
 HIGHEST    78           600 AM
 LOWEST     37           200 PM
 AVERAGE    58

..........................................................


THE TAMPA CLIMATE NORMALS FOR TODAY
                         NORMAL    RECORD    YEAR
 MAXIMUM TEMPERATURE (F)   77        92      1907
 MINIMUM TEMPERATURE (F)   59        36      1968


SUNRISE AND SUNSET
MARCH 25 2019.........SUNRISE   729 AM EDT   SUNSET   744 PM EDT
MARCH 26 2019.........SUNRISE   727 AM EDT   SUNSET   745 PM EDT


-  INDICATES NEGATIVE NUMBERS.
R  INDICATES RECORD WAS SET OR TIED.
MM INDICATES DATA IS MISSING.
T  INDICATES TRACE AMOUNT.




$$


&&
------------------------------------------------------------------
******************** SUPPLEMENTAL DATA ***************************

...RUSKIN                HIGH 82    LOW 58    PCPN 0.00
...SARASOTA/BRADENTON    HIGH 81    LOW 57    PCPN 0.00
...ST. PETERSBURG        HIGH 81    LOW 64    PCPN 0.00
...GULF WATER TEMPERATURE AT CLEARWATER BEACH 70 DEGREES
